{"id":9749,"date":"2022-10-19T07:01:03","date_gmt":"2022-10-19T07:01:03","guid":{"rendered":"https:\/\/www.sunkaraoke.hu\/?post_type=product&#038;p=9749"},"modified":"2025-04-13T16:06:35","modified_gmt":"2025-04-13T16:06:35","slug":"jerzsele-zoltan-jerzsele-mulatos-mix-12","status":"publish","type":"product","link":"https:\/\/www.sunkaraoke.hu\/index.php\/termek\/jerzsele-zoltan-jerzsele-mulatos-mix-12\/","title":{"rendered":"<div class=\"wcmp-player-container product-9749\"><audio controlslist=\"nodownload\" data-product=\"9749\"  volume=\"1\"  preload=\"none\" data-lazyloading=\"none\" class=\"wcmp-player track mejs-classic\" data-duration=\"0:31\" data-estimated_duration=\"4\"><source src=\"https:\/\/www.sunkaraoke.hu\/wp-content\/uploads\/2022\/10\/Jerzsele-mulatos-mix-12-Jero._demo.mp3\" type=\"audio\/mp3\" \/><\/audio><\/div>Jerzsele Zolt\u00e1n- Jerzsele mulat\u00f3s mix 12.(Original)"},"content":{"rendered":"<p><b>05:27<\/b>| <strong><img loading=\"lazy\" decoding=\"async\" class=\"alignnone size-full wp-image-467\" src=\"https:\/\/www.sunkaraoke.hu\/wp-content\/uploads\/2022\/07\/choir_2-copy.webp\" alt=\"\" width=\"30\" height=\"30\" \/> <\/strong><\/p>\n","protected":false},"excerpt":{"rendered":"<h6><strong>Bits\u0171r\u0171s\u00e9g: 160kb\/s &#8211; 320 kb\/s<\/strong><br \/>\n<strong>Hossz: 05:27<\/strong><\/h6>\n<h6><strong>Vok\u00e1lt tartalmaz: Nem<\/strong> <img loading=\"lazy\" decoding=\"async\" class=\"alignnone size-full wp-image-467\" src=\"http:\/\/www.sunkaraoke.hu\/wp-content\/uploads\/2022\/07\/choir_2-copy.png\" alt=\"\" width=\"30\" height=\"30\" \/><strong style=\"font-size: 16px;\"><br \/>\n<\/strong><\/h6>\n<p>Sunkaraoke mp3 st\u00fadi\u00f3 \/ www.sunkaraoke.hu \/ Inf: Tel: 06 20 4275001<\/p>\n<p>&#8212;Intro&#8212;Cm&#8212;<br \/>\n&#8212;F\u00fav\u00f3s&#8212;<br \/>\nA kanyarg\u00f3s Tisza partj\u00e1n honv\u00e9dek porty\u00e1znak.<br \/>\nHideg t\u00e9li \u00e9jszak\u00e1kon nyulakra vad\u00e1sznak.<br \/>\nV\u00e1llukat a neh\u00e9z puska \u00e9jjel-nappal nyomja.<br \/>\nSapk\u00e1jukon kiny\u00edlik a s\u00e1rga tear\u00f3zsa.<br \/>\nV\u00e1llukat a neh\u00e9z puska \u00e9jjel-nappal nyomja.<br \/>\nSapk\u00e1jukon kiny\u00edlik a s\u00e1rga tear\u00f3zsa.<br \/>\n&#8212;F\u00fav\u00f3s&#8212;<br \/>\nHallj\u00e1tok-e, hallj\u00e1tok-e sz\u00e9p Dabasi l\u00e1nyok?<br \/>\nHa meghalok a s\u00edromat m\u00e9lyre le\u00e1ss\u00e1tok.<br \/>\nTemessetek ide haza s\u00e1rga Magyar f\u00f6ldbe.<br \/>\nNe pedig a Doberd\u00f3i gy\u00e1szos temet\u0151be.<br \/>\nTemessetek ide haza s\u00e1rga Magyar f\u00f6ldbe.<br \/>\nNe pedig a Doberd\u00f3i gy\u00e1szos temet\u0151be.<br \/>\n&#8212;F\u00fav\u00f3s&#8212;<br \/>\nA kanyarg\u00f3s Tisza partj\u00e1n honv\u00e9dek porty\u00e1znak.<br \/>\nHideg t\u00e9li \u00e9jszak\u00e1kon nyulakra vad\u00e1sznak.<br \/>\nV\u00e1llukat a neh\u00e9z puska \u00e9jjel-nappal nyomja.<br \/>\nSapk\u00e1jukon kiny\u00edlik a s\u00e1rga tear\u00f3zsa.<br \/>\nV\u00e1llukat a neh\u00e9z puska \u00e9jjel-nappal nyomja.<br \/>\nSapk\u00e1jukon kiny\u00edlik a s\u00e1rga tear\u00f3zsa.<br \/>\n&#8212;J\u00f3zans\u00e1gra&#8212;F\u00fav\u00f3s&#8212;<br \/>\nJ\u00f3zans\u00e1gra nagy bennem az akarat.<br \/>\nN\u00e9ha az\u00e9rt j\u00f3l leiszom magamat.<br \/>\nN\u00e9zd el bab\u00e1m ezt a csek\u00e9ly hib\u00e1mat.<br \/>\nN\u00e9ha m\u00e9g a Balaton is meg\u00e1rad.<br \/>\nN\u00e9zd el bab\u00e1m ezt a csek\u00e9ly hib\u00e1mat.<br \/>\nN\u00e9ha m\u00e9g a Balaton is meg\u00e1rad.<br \/>\n&#8212;F\u00fav\u00f3s&#8212;<br \/>\nJ\u00f3zans\u00e1gra nagy bennem az akarat.<br \/>\nN\u00e9ha az\u00e9rt j\u00f3l leiszom magamat.<br \/>\nN\u00e9zd el bab\u00e1m ezt a csek\u00e9ly hib\u00e1mat.<br \/>\nN\u00e9ha m\u00e9g a Balaton is meg\u00e1rad.<br \/>\nN\u00e9zd el bab\u00e1m ezt a csek\u00e9ly hib\u00e1mat.<br \/>\nN\u00e9ha m\u00e9g a Balaton is meg\u00e1rad!<br \/>\n&#8212;F\u00fav\u00f3s&#8212;<br \/>\n&#8212;Coda&#8212;<br \/>\n&#8212;Jer\u00f3 Music &#8211; 2022.&#8212;<\/p>\n","protected":false},"featured_media":9772,"template":"","meta":{"site-sidebar-layout":"default","site-content-layout":"default","ast-site-content-layout":"default","site-content-style":"default","site-sidebar-style":"default","ast-global-header-display":"","ast-banner-title-visibility":"","ast-main-header-display":"","ast-hfb-above-header-display":"","ast-hfb-below-header-display":"","ast-hfb-mobile-header-display":"","site-post-title":"","ast-breadcrumbs-content":"","ast-featured-img":"","footer-sml-layout":"","theme-transparent-header-meta":"default","adv-header-id-meta":"","stick-header-meta":"","header-above-stick-meta":"","header-main-stick-meta":"","header-below-stick-meta":"","astra-migrate-meta-layouts":"set","ast-page-background-enabled":"default","ast-page-background-meta":{"desktop":{"background-color":"var(--ast-global-color-4)","background-image":"","background-repeat":"repeat","background-position":"center center","background-size":"auto","background-attachment":"scroll","background-type":"","background-media":"","overlay-type":"","overlay-color":"","overlay-opacity":"","overlay-gradient":""},"tablet":{"background-color":"","background-image":"","background-repeat":"repeat","background-position":"center center","background-size":"auto","background-attachment":"scroll","background-type":"","background-media":"","overlay-type":"","overlay-color":"","overlay-opacity":"","overlay-gradient":""},"mobile":{"background-color":"","background-image":"","background-repeat":"repeat","background-position":"center center","background-size":"auto","background-attachment":"scroll","background-type":"","background-media":"","overlay-type":"","overlay-color":"","overlay-opacity":"","overlay-gradient":""}},"ast-content-background-meta":{"desktop":{"background-color":"var(--ast-global-color-5)","background-image":"","background-repeat":"repeat","background-position":"center center","background-size":"auto","background-attachment":"scroll","background-type":"","background-media":"","overlay-type":"","overlay-color":"","overlay-opacity":"","overlay-gradient":""},"tablet":{"background-color":"var(--ast-global-color-5)","background-image":"","background-repeat":"repeat","background-position":"center center","background-size":"auto","background-attachment":"scroll","background-type":"","background-media":"","overlay-type":"","overlay-color":"","overlay-opacity":"","overlay-gradient":""},"mobile":{"background-color":"var(--ast-global-color-5)","background-image":"","background-repeat":"repeat","background-position":"center center","background-size":"auto","background-attachment":"scroll","background-type":"","background-media":"","overlay-type":"","overlay-color":"","overlay-opacity":"","overlay-gradient":""}}},"product_cat":[75],"product_tag":[],"class_list":["post-9749","product","type-product","status-publish","has-post-thumbnail","hentry","product_cat-jerzsele-zoltan","desktop-align-left","tablet-align-left","mobile-align-left"],"_links":{"self":[{"href":"https:\/\/www.sunkaraoke.hu\/index.php\/wp-json\/wp\/v2\/product\/9749","targetHints":{"allow":["GET"]}}],"collection":[{"href":"https:\/\/www.sunkaraoke.hu\/index.php\/wp-json\/wp\/v2\/product"}],"about":[{"href":"https:\/\/www.sunkaraoke.hu\/index.php\/wp-json\/wp\/v2\/types\/product"}],"wp:featuredmedia":[{"embeddable":true,"href":"https:\/\/www.sunkaraoke.hu\/index.php\/wp-json\/wp\/v2\/media\/9772"}],"wp:attachment":[{"href":"https:\/\/www.sunkaraoke.hu\/index.php\/wp-json\/wp\/v2\/media?parent=9749"}],"wp:term":[{"taxonomy":"product_cat","embeddable":true,"href":"https:\/\/www.sunkaraoke.hu\/index.php\/wp-json\/wp\/v2\/product_cat?post=9749"},{"taxonomy":"product_tag","embeddable":true,"href":"https:\/\/www.sunkaraoke.hu\/index.php\/wp-json\/wp\/v2\/product_tag?post=9749"}],"curies":[{"name":"wp","href":"https:\/\/api.w.org\/{rel}","templated":true}]}}