{"id":9738,"date":"2022-10-17T18:06:21","date_gmt":"2022-10-17T18:06:21","guid":{"rendered":"https:\/\/www.sunkaraoke.hu\/?post_type=product&#038;p=9738"},"modified":"2025-08-16T06:09:12","modified_gmt":"2025-08-16T04:09:12","slug":"poor-peter-keso-banat-2012-masolat","status":"publish","type":"product","link":"https:\/\/www.sunkaraoke.hu\/index.php\/termek\/poor-peter-keso-banat-2012-masolat\/","title":{"rendered":"<div class=\"wcmp-player-container product-9738\"><audio controlslist=\"nodownload\" data-product=\"9738\"  volume=\"1\"  preload=\"none\" data-lazyloading=\"none\" class=\"wcmp-player track mejs-classic\" data-duration=\"0:31\" data-estimated_duration=\"4\"><source src=\"https:\/\/www.sunkaraoke.hu\/wp-content\/uploads\/2022\/10\/Visszavarlak-2022.-Poor_demo.mp3\" type=\"audio\/mp3\" \/><\/audio><\/div>Po\u00f3r P\u00e9ter &#8211; Visszav\u00e1rlak (Original)"},"content":{"rendered":"<p><strong>03:49<\/strong>\u00a0| <strong><img loading=\"lazy\" decoding=\"async\" class=\"alignnone size-full wp-image-467\" src=\"https:\/\/www.sunkaraoke.hu\/wp-content\/uploads\/2022\/07\/choir_2-copy.webp\" alt=\"\" width=\"30\" height=\"30\" \/> <\/strong><\/p>\n","protected":false},"excerpt":{"rendered":"<h6><strong>Bits\u0171r\u0171s\u00e9g: 320kb\/s<\/strong><br \/>\n<strong>Hossz: 03:49<\/strong><br \/>\n<strong>Vok\u00e1lt tartalmaz: Nem <img loading=\"lazy\" decoding=\"async\" class=\"alignnone size-full wp-image-467\" src=\"http:\/\/www.sunkaraoke.hu\/wp-content\/uploads\/2022\/07\/choir_2-copy.png\" alt=\"\" width=\"30\" height=\"30\" \/><\/strong><strong style=\"font-size: 16px;\"><br \/>\n<\/strong><\/h6>\n<p>Sunkaraoke mp3 st\u00fadi\u00f3 \/ www.sunkaraoke.hu \/ Inf: Tel: 06 20 4275001<\/p>\n<p>&#8212;Intr\u00f3&#8212;<br \/>\n\u00cdrok \u00e9s kapok m\u00e9g leveleket<br \/>\nBetoppan olyankor egy vend\u00e9g<br \/>\nVid\u00e9ken t\u00f6lt\u00f6ttem nemr\u00e9g<br \/>\nN\u00e9h\u00e1ny sz\u00e9p napot<br \/>\nL\u00e1thatod minden oly remek\u00fcl megy<br \/>\nVas\u00e1rnap templomba mentem<br \/>\nN\u00e9h\u00e1ny \u00faj k\u00f6nyvet is vettem<br \/>\nCsak mag\u00e1nyos vagyok<br \/>\nVisszav\u00e1rlak minden este,<br \/>\nMi\u00e9rt is ment\u00e9l olyan messze<br \/>\nK\u00f6nnyen \u00e1tfutott\u00e1l a sz\u00edvemen<br \/>\nMint a gyorsvonat a s\u00edneken<br \/>\nM\u00e9gis v\u00e1rlak, egyre v\u00e1rlak<br \/>\nBehunyt szemmel t\u00e9ged l\u00e1tlak<br \/>\nN\u00e9ha \u00fagy \u00e9rzem hogy nincs rem\u00e9ny<br \/>\nM\u00e9gis minden este visszav\u00e1rlak \u00e9n<br \/>\n&#8212;-SZ\u00d3L\u00d3&#8212;-<\/p>\n<p>M\u00e1sok is voltak m\u00e1r szerelmesek<br \/>\nValaki ezt mondta m\u00faltkor<br \/>\nCsal\u00f3dtak s elkezdt\u00e9k \u00fajb\u00f3l<br \/>\n\u00c9ppen \u00fagy mint \u00e9n<br \/>\nV\u00e1rom hogy egyszer veled legyek<br \/>\nV\u00e1rom hogy elj\u00f6jj egy percre<br \/>\nHol j\u00e1rt\u00e1l kivel \u00e9s merre<br \/>\nMeg sem k\u00e9rdezn\u00e9m<br \/>\nVisszav\u00e1rlak minden este,<br \/>\nMi\u00e9rt is ment\u00e9l olyan messze<br \/>\nK\u00f6nnyen \u00e1tfutott\u00e1l a sz\u00edvemen<br \/>\nMint a gyorsvonat a s\u00edneken<br \/>\nM\u00e9gis v\u00e1rlak, egyre v\u00e1rlak<br \/>\nBehunyt szemmel t\u00e9ged l\u00e1tlak<br \/>\nN\u00e9ha \u00fagy \u00e9rzem hogy nincs rem\u00e9ny<br \/>\nM\u00e9gis minden este visszav\u00e1rlak \u00e9n<br \/>\n&#8212;-SZ\u00d3L\u00d3&#8212;-<br \/>\nVisszav\u00e1rlak minden este,<br \/>\nMi\u00e9rt is ment\u00e9l olyan messze<br \/>\nK\u00f6nnyen \u00e1tfutott\u00e1l a sz\u00edvemen<br \/>\nMint a gyorsvonat a s\u00edneken<br \/>\nM\u00e9gis v\u00e1rlak, egyre v\u00e1rlak<br \/>\nBehunyt szemmel t\u00e9ged l\u00e1tlak<br \/>\nN\u00e9ha \u00fagy \u00e9rzem hogy nincs rem\u00e9ny<br \/>\nM\u00e9gis minden este visszav\u00e1rlak \u00e9n<br \/>\nVisszav\u00e1rlak minden este,<br \/>\nMi\u00e9rt is ment\u00e9l olyan messze<br \/>\nK\u00f6nnyen \u00e1tfutott\u00e1l a sz\u00edvemen<br \/>\nMint a gyorsvonat a s\u00edneken<br \/>\nM\u00e9gis v\u00e1rlak, egyre v\u00e1rlak<br \/>\nBehunyt szemmel t\u00e9ged l\u00e1tlak<br \/>\nN\u00e9ha \u00fagy \u00e9rzem hogy nincs rem\u00e9ny<br \/>\nM\u00e9gis minden este visszav\u00e1rlak \u00e9n<br \/>\n&#8212;V\u00e9ge<\/p>\n","protected":false},"featured_media":9739,"template":"","meta":{"site-sidebar-layout":"default","site-content-layout":"default","ast-site-content-layout":"default","site-content-style":"default","site-sidebar-style":"default","ast-global-header-display":"","ast-banner-title-visibility":"","ast-main-header-display":"","ast-hfb-above-header-display":"","ast-hfb-below-header-display":"","ast-hfb-mobile-header-display":"","site-post-title":"","ast-breadcrumbs-content":"","ast-featured-img":"","footer-sml-layout":"","theme-transparent-header-meta":"default","adv-header-id-meta":"","stick-header-meta":"","header-above-stick-meta":"","header-main-stick-meta":"","header-below-stick-meta":"","astra-migrate-meta-layouts":"set","ast-page-background-enabled":"default","ast-page-background-meta":{"desktop":{"background-color":"var(--ast-global-color-4)","background-image":"","background-repeat":"repeat","background-position":"center center","background-size":"auto","background-attachment":"scroll","background-type":"","background-media":"","overlay-type":"","overlay-color":"","overlay-opacity":"","overlay-gradient":""},"tablet":{"background-color":"","background-image":"","background-repeat":"repeat","background-position":"center center","background-size":"auto","background-attachment":"scroll","background-type":"","background-media":"","overlay-type":"","overlay-color":"","overlay-opacity":"","overlay-gradient":""},"mobile":{"background-color":"","background-image":"","background-repeat":"repeat","background-position":"center center","background-size":"auto","background-attachment":"scroll","background-type":"","background-media":"","overlay-type":"","overlay-color":"","overlay-opacity":"","overlay-gradient":""}},"ast-content-background-meta":{"desktop":{"background-color":"var(--ast-global-color-5)","background-image":"","background-repeat":"repeat","background-position":"center center","background-size":"auto","background-attachment":"scroll","background-type":"","background-media":"","overlay-type":"","overlay-color":"","overlay-opacity":"","overlay-gradient":""},"tablet":{"background-color":"var(--ast-global-color-5)","background-image":"","background-repeat":"repeat","background-position":"center center","background-size":"auto","background-attachment":"scroll","background-type":"","background-media":"","overlay-type":"","overlay-color":"","overlay-opacity":"","overlay-gradient":""},"mobile":{"background-color":"var(--ast-global-color-5)","background-image":"","background-repeat":"repeat","background-position":"center center","background-size":"auto","background-attachment":"scroll","background-type":"","background-media":"","overlay-type":"","overlay-color":"","overlay-opacity":"","overlay-gradient":""}}},"product_cat":[48],"product_tag":[],"class_list":["post-9738","product","type-product","status-publish","has-post-thumbnail","hentry","product_cat-sunkaraoke-dalok","desktop-align-left","tablet-align-left","mobile-align-left"],"_links":{"self":[{"href":"https:\/\/www.sunkaraoke.hu\/index.php\/wp-json\/wp\/v2\/product\/9738","targetHints":{"allow":["GET"]}}],"collection":[{"href":"https:\/\/www.sunkaraoke.hu\/index.php\/wp-json\/wp\/v2\/product"}],"about":[{"href":"https:\/\/www.sunkaraoke.hu\/index.php\/wp-json\/wp\/v2\/types\/product"}],"wp:featuredmedia":[{"embeddable":true,"href":"https:\/\/www.sunkaraoke.hu\/index.php\/wp-json\/wp\/v2\/media\/9739"}],"wp:attachment":[{"href":"https:\/\/www.sunkaraoke.hu\/index.php\/wp-json\/wp\/v2\/media?parent=9738"}],"wp:term":[{"taxonomy":"product_cat","embeddable":true,"href":"https:\/\/www.sunkaraoke.hu\/index.php\/wp-json\/wp\/v2\/product_cat?post=9738"},{"taxonomy":"product_tag","embeddable":true,"href":"https:\/\/www.sunkaraoke.hu\/index.php\/wp-json\/wp\/v2\/product_tag?post=9738"}],"curies":[{"name":"wp","href":"https:\/\/api.w.org\/{rel}","templated":true}]}}