{"id":9457,"date":"2022-09-12T11:45:44","date_gmt":"2022-09-12T11:45:44","guid":{"rendered":"https:\/\/www.sunkaraoke.hu\/?post_type=product&#038;p=9457"},"modified":"2025-06-22T15:57:17","modified_gmt":"2025-06-22T13:57:17","slug":"jerzsele-zoltan-nelkuled-az-elet-gyotrelem","status":"publish","type":"product","link":"https:\/\/www.sunkaraoke.hu\/index.php\/termek\/jerzsele-zoltan-nelkuled-az-elet-gyotrelem\/","title":{"rendered":"<div class=\"wcmp-player-container product-9457\"><audio controlslist=\"nodownload\" data-product=\"9457\"  volume=\"1\"  preload=\"none\" data-lazyloading=\"none\" class=\"wcmp-player track mejs-classic\" data-duration=\"0:32\" data-estimated_duration=\"4\"><source src=\"https:\/\/www.sunkaraoke.hu\/wp-content\/uploads\/2022\/09\/Nelkuled-az-elet-gyotrelem-Jero.-demo.mp3\" type=\"audio\/mp3\" \/><\/audio><\/div>Jerzsele Zolt\u00e1n: N\u00e9lk\u00fcled az \u00e9let gy\u00f6trelem (Original)"},"content":{"rendered":"<p><b>03:52<\/b>| <strong><img loading=\"lazy\" decoding=\"async\" class=\"alignnone size-full wp-image-467\" src=\"https:\/\/www.sunkaraoke.hu\/wp-content\/uploads\/2022\/07\/choir_2-copy.webp\" alt=\"\" width=\"30\" height=\"30\" \/> <\/strong><\/p>\n","protected":false},"excerpt":{"rendered":"<h6><strong>Bits\u0171r\u0171s\u00e9g: 160kb\/s &#8211; 320 kb\/s<\/strong><br \/>\n<strong>Hossz: 03:52<\/strong><\/h6>\n<h6><strong>Vok\u00e1lt tartalmaz: Nem<\/strong> <img loading=\"lazy\" decoding=\"async\" class=\"alignnone size-full wp-image-467\" src=\"http:\/\/www.sunkaraoke.hu\/wp-content\/uploads\/2022\/07\/choir_2-copy.png\" alt=\"\" width=\"30\" height=\"30\" \/><strong style=\"font-size: 16px;\"><br \/>\n<\/strong><\/h6>\n<p>&#8212;Intro&#8212;Dm&#8212;<br \/>\n&#8212;Solo&#8212;<br \/>\nN\u00e9ha r\u00e1d eml\u00e9kszem, r\u00e9gi kedvesem.<br \/>\n\u00dajra \u00e9rzem ajkad \u00edz\u00e9t, de te nem vagy mellettem.<br \/>\n\u00dajra \u00e9rzem ajkad \u00edz\u00e9t, de te nem vagy mellettem.<br \/>\nHa m\u00e9gis visszaj\u00f6nn\u00e9l, egy boldog d\u00e9lut\u00e1n.<br \/>\nA sziv\u00e1rv\u00e1ny minden sz\u00edn\u00e9t, szemeidre cs\u00f3koln\u00e1m.<br \/>\nA sziv\u00e1rv\u00e1ny minden sz\u00edn\u00e9t, szemeidre cs\u00f3koln\u00e1m.<br \/>\nN\u00e9lk\u00fcled az \u00e9let gy\u00f6trelem, nem viselem el csak r\u00e9szegen.<br \/>\nNem seg\u00edt a bor, a sz\u00edvem dobban\u00e1s\u00e1n, nem.<br \/>\nN\u00e9lk\u00fcled az \u00e9let gy\u00f6trelem.<br \/>\nN\u00e9lk\u00fcled az \u00e9let gy\u00f6trelem, nem viselem el csak r\u00e9szegen.<br \/>\nNem seg\u00edt a bor, a sz\u00edvem dobban\u00e1s\u00e1n, nem.<br \/>\nN\u00e9lk\u00fcled az \u00e9let gy\u00f6trelem.<br \/>\n&#8212;Solo&#8212;<br \/>\nFeh\u00e9r t\u00e9li este, f\u00e1radt h\u00f3pehely.<br \/>\n\u00c1lmodozni, re\u00e1d v\u00e1rni, hi\u00e1ba te nem j\u00f6ssz el.<br \/>\n\u00c1lmodozni, re\u00e1d v\u00e1rni, hi\u00e1ba te nem j\u00f6ssz el.<br \/>\nDe \u00fajra h\u00edvni foglak, hossz\u00fa \u00e9veken.<br \/>\nM\u00e9gegyszer akarlak l\u00e1tni, miel\u0151tt meg\u00f6regszem.<br \/>\nM\u00e9gegyszer akarlak l\u00e1tni, miel\u0151tt meg\u00f6regszem.<br \/>\nN\u00e9lk\u00fcled az \u00e9let gy\u00f6trelem, nem viselem el csak r\u00e9szegen.<br \/>\nNem seg\u00edt a bor, a sz\u00edvem dobban\u00e1s\u00e1n, nem.<br \/>\nN\u00e9lk\u00fcled az \u00e9let gy\u00f6trelem.<br \/>\nN\u00e9lk\u00fcled az \u00e9let gy\u00f6trelem, nem viselem el csak r\u00e9szegen.<br \/>\nNem seg\u00edt a bor, a sz\u00edvem dobban\u00e1s\u00e1n, nem.<br \/>\nN\u00e9lk\u00fcled az \u00e9let gy\u00f6trelem.<br \/>\nN\u00e9lk\u00fcled az \u00e9let gy\u00f6trelem, nem viselem el csak r\u00e9szegen.<br \/>\nNem seg\u00edt a bor, a sz\u00edvem dobban\u00e1s\u00e1n, nem.<br \/>\nN\u00e9lk\u00fcled az \u00e9let gy\u00f6trelem.<br \/>\nN\u00e9lk\u00fcled az \u00e9let gy\u00f6trelem, nem viselem el csak r\u00e9szegen.<br \/>\nNem seg\u00edt a bor, a sz\u00edvem dobban\u00e1s\u00e1n, nem.<br \/>\nN\u00e9lk\u00fcled az \u00e9let gy\u00f6trelem!<br \/>\n&#8212;Jer\u00f3 Music &#8211; 2022.&#8212;<\/p>\n","protected":false},"featured_media":9772,"template":"","meta":{"site-sidebar-layout":"default","site-content-layout":"default","ast-site-content-layout":"default","site-content-style":"default","site-sidebar-style":"default","ast-global-header-display":"","ast-banner-title-visibility":"","ast-main-header-display":"","ast-hfb-above-header-display":"","ast-hfb-below-header-display":"","ast-hfb-mobile-header-display":"","site-post-title":"","ast-breadcrumbs-content":"","ast-featured-img":"","footer-sml-layout":"","theme-transparent-header-meta":"default","adv-header-id-meta":"","stick-header-meta":"","header-above-stick-meta":"","header-main-stick-meta":"","header-below-stick-meta":"","astra-migrate-meta-layouts":"set","ast-page-background-enabled":"default","ast-page-background-meta":{"desktop":{"background-color":"var(--ast-global-color-4)","background-image":"","background-repeat":"repeat","background-position":"center center","background-size":"auto","background-attachment":"scroll","background-type":"","background-media":"","overlay-type":"","overlay-color":"","overlay-opacity":"","overlay-gradient":""},"tablet":{"background-color":"","background-image":"","background-repeat":"repeat","background-position":"center center","background-size":"auto","background-attachment":"scroll","background-type":"","background-media":"","overlay-type":"","overlay-color":"","overlay-opacity":"","overlay-gradient":""},"mobile":{"background-color":"","background-image":"","background-repeat":"repeat","background-position":"center center","background-size":"auto","background-attachment":"scroll","background-type":"","background-media":"","overlay-type":"","overlay-color":"","overlay-opacity":"","overlay-gradient":""}},"ast-content-background-meta":{"desktop":{"background-color":"var(--ast-global-color-5)","background-image":"","background-repeat":"repeat","background-position":"center center","background-size":"auto","background-attachment":"scroll","background-type":"","background-media":"","overlay-type":"","overlay-color":"","overlay-opacity":"","overlay-gradient":""},"tablet":{"background-color":"var(--ast-global-color-5)","background-image":"","background-repeat":"repeat","background-position":"center center","background-size":"auto","background-attachment":"scroll","background-type":"","background-media":"","overlay-type":"","overlay-color":"","overlay-opacity":"","overlay-gradient":""},"mobile":{"background-color":"var(--ast-global-color-5)","background-image":"","background-repeat":"repeat","background-position":"center center","background-size":"auto","background-attachment":"scroll","background-type":"","background-media":"","overlay-type":"","overlay-color":"","overlay-opacity":"","overlay-gradient":""}}},"product_cat":[75],"product_tag":[],"class_list":["post-9457","product","type-product","status-publish","has-post-thumbnail","hentry","product_cat-jerzsele-zoltan","desktop-align-left","tablet-align-left","mobile-align-left"],"_links":{"self":[{"href":"https:\/\/www.sunkaraoke.hu\/index.php\/wp-json\/wp\/v2\/product\/9457","targetHints":{"allow":["GET"]}}],"collection":[{"href":"https:\/\/www.sunkaraoke.hu\/index.php\/wp-json\/wp\/v2\/product"}],"about":[{"href":"https:\/\/www.sunkaraoke.hu\/index.php\/wp-json\/wp\/v2\/types\/product"}],"wp:featuredmedia":[{"embeddable":true,"href":"https:\/\/www.sunkaraoke.hu\/index.php\/wp-json\/wp\/v2\/media\/9772"}],"wp:attachment":[{"href":"https:\/\/www.sunkaraoke.hu\/index.php\/wp-json\/wp\/v2\/media?parent=9457"}],"wp:term":[{"taxonomy":"product_cat","embeddable":true,"href":"https:\/\/www.sunkaraoke.hu\/index.php\/wp-json\/wp\/v2\/product_cat?post=9457"},{"taxonomy":"product_tag","embeddable":true,"href":"https:\/\/www.sunkaraoke.hu\/index.php\/wp-json\/wp\/v2\/product_tag?post=9457"}],"curies":[{"name":"wp","href":"https:\/\/api.w.org\/{rel}","templated":true}]}}