{"id":9111,"date":"2022-08-21T17:16:41","date_gmt":"2022-08-21T17:16:41","guid":{"rendered":"https:\/\/www.sunkaraoke.hu\/?post_type=product&#038;p=9111"},"modified":"2025-04-13T15:51:47","modified_gmt":"2025-04-13T15:51:47","slug":"jerzsele-zoltan-legyen-a-horvath-kertben-budan","status":"publish","type":"product","link":"https:\/\/www.sunkaraoke.hu\/index.php\/termek\/jerzsele-zoltan-legyen-a-horvath-kertben-budan\/","title":{"rendered":"<div class=\"wcmp-player-container product-9111\"><audio controlslist=\"nodownload\" data-product=\"9111\"  volume=\"1\"  preload=\"none\" data-lazyloading=\"none\" class=\"wcmp-player track mejs-classic\" data-duration=\"0:38\" data-estimated_duration=\"4\"><source src=\"https:\/\/www.sunkaraoke.hu\/wp-content\/uploads\/2022\/08\/Legyen-a-Horvath-kertben-Jero.-kademoo.mp3\" type=\"audio\/mp3\" \/><\/audio><\/div>Jerzsele Zolt\u00e1n: Legyen a Horv\u00e1th kertben Bud\u00e1n (Original)"},"content":{"rendered":"<p><b>04:02<\/b>| <strong><img loading=\"lazy\" decoding=\"async\" class=\"alignnone size-full wp-image-467\" src=\"https:\/\/www.sunkaraoke.hu\/wp-content\/uploads\/2022\/07\/choir_2-copy.webp\" alt=\"\" width=\"30\" height=\"30\" \/> <\/strong><\/p>\n","protected":false},"excerpt":{"rendered":"<h6><strong>Bits\u0171r\u0171s\u00e9g: 160kb\/s &#8211; 320 kb\/s<\/strong><br \/>\n<strong>Hossz: 04:02<\/strong><\/h6>\n<h6><strong>Vok\u00e1lt tartalmaz: Nem<\/strong> <img loading=\"lazy\" decoding=\"async\" class=\"alignnone size-full wp-image-467\" src=\"http:\/\/www.sunkaraoke.hu\/wp-content\/uploads\/2022\/07\/choir_2-copy.png\" alt=\"\" width=\"30\" height=\"30\" \/><strong style=\"font-size: 16px;\"><br \/>\n<\/strong><\/h6>\n<p>Sunkaraoke mp3 st\u00fadi\u00f3 \/ www.sunkaraoke.hu \/ Inf: Tel: 06 20 4275001<\/p>\n<p>&#8212;Intro&#8212;Fm&#8212;<br \/>\n&#8212;16 \u00fctem Refr\u00e9n Solo!&#8212;<br \/>\nVan egy \u00e9des kis zug Bud\u00e1n,<br \/>\noda szerelmes j\u00e1r csup\u00e1n.<br \/>\nA nagy f\u00e1k alatt kis padok,<br \/>\n\u00fagy ragyognak a csillagok.<br \/>\nA kis ny\u00e1ri szerelmeket,<br \/>\nelfeledni sosem lehet.<br \/>\nVolt egy kisl\u00e1ny, falur\u00f3l j\u00f6tt fel ide,<br \/>\n\u00e9s sz\u00e1zan suttogj\u00e1k ezt a f\u00fclibe:<br \/>\nLegyen a Horv\u00e1th kertben bud\u00e1n,<br \/>\nSzombaton este f\u00e9l nyolc ut\u00e1n.<br \/>\nKi sz\u00f3l a sz\u00ednk\u00f6rb\u0151l a zene,<br \/>\nragyog az \u00e9des k\u00e9t sz\u00e9p szeme.<br \/>\nLegyen a Horv\u00e1th kertben Bud\u00e1n,<br \/>\nSzombaton este f\u00e9l nyolc ut\u00e1n.<br \/>\nMikor az els\u0151 csillag ki gy\u00fal,<br \/>\nkicsike bab\u00e1m hozz\u00e1m simul.<br \/>\n&#8212;16 \u00fctem Refr\u00e9n Solo!&#8212;<br \/>\nBeszeg\u0151dtem ma k\u00e9t hete,<br \/>\npesztr\u00e1nak sz\u00e9p az \u00e9lete.<br \/>\nTologat egy gyerekkocsit,<br \/>\njobbra balra kacsint kicsit.<br \/>\nVan nekem egy csinos bab\u00e1m,<br \/>\nmasni van a piros nyak\u00e1n.<br \/>\nHa l\u00e1tom \u0151t m\u00e1r r\u00f6gt\u00f6n dalol a sz\u00edv,<br \/>\nSzombatra kap kimen\u0151t \u00e9s ide h\u00edv:<br \/>\nLegyen a Horv\u00e1th kertben Bud\u00e1n,<br \/>\nSzombaton este f\u00e9l nyolc ut\u00e1n.<br \/>\nKi sz\u00f3l a sz\u00ednk\u00f6rb\u0151l a zene,<br \/>\nragyog az \u00e9des k\u00e9t sz\u00e9p szeme.<br \/>\nLegyen a Horv\u00e1th kertben Bud\u00e1n,<br \/>\nSzombaton este f\u00e9l nyolc ut\u00e1n.<br \/>\nMikor az els\u0151 csillag ki gy\u00fal,<br \/>\nkicsike bab\u00e1m hozz\u00e1m simul.<br \/>\n&#8212;16 \u00fctem Refr\u00e9n Solo!&#8212;<br \/>\nOtt ahol most a hinta sz\u00e1ll,<br \/>\nD\u00e9ryn\u00e9nek a szobra \u00e1ll.<br \/>\nVolt egy nagy nagy \u00f6reg fah\u00e1z,<br \/>\nk\u00f6r\u00fcl\u00f6tte kiskocsma sz\u00e1z.<br \/>\nFejbe sz\u00e1llt a k\u00f6nny\u0171 ital,<br \/>\ninnen indult a ny\u00e1ri dal.<br \/>\nM\u00edg Pestre vitt hajnalban az alag\u00fat,<br \/>\nm\u00e1snapra mindenki \u00edgy k\u00e9rt randev\u00fat:<br \/>\nLegyen a Horv\u00e1th kertben Bud\u00e1n,<br \/>\nSzombaton este f\u00e9l nyolc ut\u00e1n.<br \/>\nKi sz\u00f3l a sz\u00ednk\u00f6rb\u0151l a zene,<br \/>\nragyog az \u00e9des k\u00e9t sz\u00e9p szeme.<br \/>\nLegyen a Horv\u00e1th kertben Bud\u00e1n,<br \/>\nSzombaton este f\u00e9l nyolc ut\u00e1n.<br \/>\nMikor az els\u0151 csillag ki gy\u00fal,<br \/>\nkicsike bab\u00e1m hozz\u00e1m simul.<br \/>\nMikor az els\u0151 csillag ki gy\u00fal,<br \/>\nkicsike bab\u00e1m hozz\u00e1m simul!<br \/>\n&#8212;Jer\u00f3 Music &#8211; 2022.&#8212;<\/p>\n<p>&nbsp;<\/p>\n","protected":false},"featured_media":9772,"template":"","meta":{"site-sidebar-layout":"default","site-content-layout":"default","ast-site-content-layout":"default","site-content-style":"default","site-sidebar-style":"default","ast-global-header-display":"","ast-banner-title-visibility":"","ast-main-header-display":"","ast-hfb-above-header-display":"","ast-hfb-below-header-display":"","ast-hfb-mobile-header-display":"","site-post-title":"","ast-breadcrumbs-content":"","ast-featured-img":"","footer-sml-layout":"","theme-transparent-header-meta":"default","adv-header-id-meta":"","stick-header-meta":"","header-above-stick-meta":"","header-main-stick-meta":"","header-below-stick-meta":"","astra-migrate-meta-layouts":"set","ast-page-background-enabled":"default","ast-page-background-meta":{"desktop":{"background-color":"var(--ast-global-color-4)","background-image":"","background-repeat":"repeat","background-position":"center center","background-size":"auto","background-attachment":"scroll","background-type":"","background-media":"","overlay-type":"","overlay-color":"","overlay-opacity":"","overlay-gradient":""},"tablet":{"background-color":"","background-image":"","background-repeat":"repeat","background-position":"center center","background-size":"auto","background-attachment":"scroll","background-type":"","background-media":"","overlay-type":"","overlay-color":"","overlay-opacity":"","overlay-gradient":""},"mobile":{"background-color":"","background-image":"","background-repeat":"repeat","background-position":"center center","background-size":"auto","background-attachment":"scroll","background-type":"","background-media":"","overlay-type":"","overlay-color":"","overlay-opacity":"","overlay-gradient":""}},"ast-content-background-meta":{"desktop":{"background-color":"var(--ast-global-color-5)","background-image":"","background-repeat":"repeat","background-position":"center center","background-size":"auto","background-attachment":"scroll","background-type":"","background-media":"","overlay-type":"","overlay-color":"","overlay-opacity":"","overlay-gradient":""},"tablet":{"background-color":"var(--ast-global-color-5)","background-image":"","background-repeat":"repeat","background-position":"center center","background-size":"auto","background-attachment":"scroll","background-type":"","background-media":"","overlay-type":"","overlay-color":"","overlay-opacity":"","overlay-gradient":""},"mobile":{"background-color":"var(--ast-global-color-5)","background-image":"","background-repeat":"repeat","background-position":"center center","background-size":"auto","background-attachment":"scroll","background-type":"","background-media":"","overlay-type":"","overlay-color":"","overlay-opacity":"","overlay-gradient":""}}},"product_cat":[75],"product_tag":[],"class_list":["post-9111","product","type-product","status-publish","has-post-thumbnail","hentry","product_cat-jerzsele-zoltan","desktop-align-left","tablet-align-left","mobile-align-left"],"_links":{"self":[{"href":"https:\/\/www.sunkaraoke.hu\/index.php\/wp-json\/wp\/v2\/product\/9111","targetHints":{"allow":["GET"]}}],"collection":[{"href":"https:\/\/www.sunkaraoke.hu\/index.php\/wp-json\/wp\/v2\/product"}],"about":[{"href":"https:\/\/www.sunkaraoke.hu\/index.php\/wp-json\/wp\/v2\/types\/product"}],"wp:featuredmedia":[{"embeddable":true,"href":"https:\/\/www.sunkaraoke.hu\/index.php\/wp-json\/wp\/v2\/media\/9772"}],"wp:attachment":[{"href":"https:\/\/www.sunkaraoke.hu\/index.php\/wp-json\/wp\/v2\/media?parent=9111"}],"wp:term":[{"taxonomy":"product_cat","embeddable":true,"href":"https:\/\/www.sunkaraoke.hu\/index.php\/wp-json\/wp\/v2\/product_cat?post=9111"},{"taxonomy":"product_tag","embeddable":true,"href":"https:\/\/www.sunkaraoke.hu\/index.php\/wp-json\/wp\/v2\/product_tag?post=9111"}],"curies":[{"name":"wp","href":"https:\/\/api.w.org\/{rel}","templated":true}]}}