{"id":6122,"date":"2022-08-08T20:50:31","date_gmt":"2022-08-08T20:50:31","guid":{"rendered":"https:\/\/www.sunkaraoke.hu\/index.php\/termek\/kis-grofo-van-ket-lovam-2022\/"},"modified":"2025-04-10T07:08:48","modified_gmt":"2025-04-10T07:08:48","slug":"kis-grofo-van-ket-lovam-2022","status":"publish","type":"product","link":"https:\/\/www.sunkaraoke.hu\/index.php\/termek\/kis-grofo-van-ket-lovam-2022\/","title":{"rendered":"<div class=\"wcmp-player-container product-6122\"><audio controlslist=\"nodownload\" data-product=\"6122\"  volume=\"1\"  preload=\"none\" data-lazyloading=\"none\" class=\"wcmp-player track mejs-classic\" data-duration=\"0:30\" data-estimated_duration=\"3\"><source src=\"https:\/\/www.sunkaraoke.hu\/wp-content\/uploads\/2022\/08\/Van-ket-lovam-2022_demo2.mp3\" type=\"audio\/mp3\" \/><\/audio><\/div>Kis Gr\u00f3f\u00f3 &#8211; Van k\u00e9t lovam NEW (Original)"},"content":{"rendered":"<p><strong>03:01<\/strong> | <strong><img loading=\"lazy\" decoding=\"async\" class=\"alignnone size-full wp-image-467\" src=\"https:\/\/www.sunkaraoke.hu\/wp-content\/uploads\/2022\/07\/choir_2-copy.webp\" alt=\"\" width=\"30\" height=\"30\" \/> <\/strong><\/p>\n","protected":false},"excerpt":{"rendered":"<h6><strong>Bits\u0171r\u0171s\u00e9g: 320<\/strong>kb\/s<strong><br \/>\n<\/strong><strong>Hossz: <\/strong>03:01<strong><br \/>\n<\/strong><strong style=\"font-size: 16px;\">Vok\u00e1lt tartalmaz: <\/strong>Nem <img loading=\"lazy\" decoding=\"async\" class=\"alignnone size-full wp-image-467\" src=\"http:\/\/www.sunkaraoke.hu\/wp-content\/uploads\/2022\/07\/choir_2-copy.png\" alt=\"\" width=\"30\" height=\"30\" \/><strong style=\"font-size: 16px;\"><br \/>\n<\/strong><\/h6>\n<p>Sunkaraoke mp3 st\u00fadi\u00f3 \/ www.sunkaraoke.hu \/ Inf: Tel: 06 20 4275001<\/p>\n<p>&#8212;Intr\u00f3&#8212;-<br \/>\nVan k\u00e9t lovam mind a kett\u0151 deres,<br \/>\nmind a kett\u0151 a kocsm\u00e1ra keres,<br \/>\na kocsm\u00e1ra meg a bili\u00e1rdra.<\/p>\n<p>Sok p\u00e9nzt buktam \u00e9n a kaszin\u00f3ban,<br \/>\nnem vigy\u00e1ztam \u00e9n a vagyonomra,<br \/>\nvagyonomra meg a milli\u00f3mra.<\/p>\n<p>A Gr\u00f3f\u00f3nak az\u00e9rt sz\u00e9p a h\u00e1za,<br \/>\nmert a p\u00e9nz\u00e9t a h\u00e1z\u00e1ra sz\u00e1nja,<br \/>\na h\u00e1z\u00e1ra meg a csal\u00e1dj\u00e1ra.<\/p>\n<p>Van k\u00e9t lovam,mind a kett\u0151 s\u00e1rga,<br \/>\nmind a kett\u0151 t\u00e9rdig j\u00e1r a s\u00e1rba,<br \/>\np\u00e1ros cs\u00f3kot adok a sz\u00e1dra.<br \/>\n&#8212;Sz\u00f3l\u00f3&#8212;<br \/>\nVan k\u00e9t lovam mind a kett\u0151 deres,<br \/>\nmind a kett\u0151 a kocsm\u00e1ra keres,<br \/>\na kocsm\u00e1ra meg a bili\u00e1rdra.<\/p>\n<p>Sok p\u00e9nzt buktam \u00e9n a kaszin\u00f3ban,<br \/>\nnem vigy\u00e1ztam \u00e9n a vagyonomra,<br \/>\nvagyonomra meg a milli\u00f3mra.<\/p>\n<p>A Gr\u00f3f\u00f3nak az\u00e9rt sz\u00e9p a h\u00e1za,<br \/>\nmert a p\u00e9nz\u00e9t a h\u00e1z\u00e1ra sz\u00e1nja,<br \/>\na h\u00e1z\u00e1ra meg a csal\u00e1dj\u00e1ra.<\/p>\n<p>Van k\u00e9t lovam,mind a kett\u0151 s\u00e1rga,<br \/>\nmind a kett\u0151 t\u00e9rdig j\u00e1r a s\u00e1rba,<br \/>\np\u00e1ros cs\u00f3kot adok a sz\u00e1dra.<br \/>\n&#8212;V\u00e9ge&#8212;<\/p>\n","protected":false},"featured_media":9603,"template":"","meta":{"site-sidebar-layout":"default","site-content-layout":"default","ast-site-content-layout":"default","site-content-style":"default","site-sidebar-style":"default","ast-global-header-display":"","ast-banner-title-visibility":"","ast-main-header-display":"","ast-hfb-above-header-display":"","ast-hfb-below-header-display":"","ast-hfb-mobile-header-display":"","site-post-title":"","ast-breadcrumbs-content":"","ast-featured-img":"","footer-sml-layout":"","theme-transparent-header-meta":"default","adv-header-id-meta":"","stick-header-meta":"","header-above-stick-meta":"","header-main-stick-meta":"","header-below-stick-meta":"","astra-migrate-meta-layouts":"set","ast-page-background-enabled":"default","ast-page-background-meta":{"desktop":{"background-color":"var(--ast-global-color-4)","background-image":"","background-repeat":"repeat","background-position":"center center","background-size":"auto","background-attachment":"scroll","background-type":"","background-media":"","overlay-type":"","overlay-color":"","overlay-opacity":"","overlay-gradient":""},"tablet":{"background-color":"","background-image":"","background-repeat":"repeat","background-position":"center center","background-size":"auto","background-attachment":"scroll","background-type":"","background-media":"","overlay-type":"","overlay-color":"","overlay-opacity":"","overlay-gradient":""},"mobile":{"background-color":"","background-image":"","background-repeat":"repeat","background-position":"center center","background-size":"auto","background-attachment":"scroll","background-type":"","background-media":"","overlay-type":"","overlay-color":"","overlay-opacity":"","overlay-gradient":""}},"ast-content-background-meta":{"desktop":{"background-color":"var(--ast-global-color-5)","background-image":"","background-repeat":"repeat","background-position":"center center","background-size":"auto","background-attachment":"scroll","background-type":"","background-media":"","overlay-type":"","overlay-color":"","overlay-opacity":"","overlay-gradient":""},"tablet":{"background-color":"var(--ast-global-color-5)","background-image":"","background-repeat":"repeat","background-position":"center center","background-size":"auto","background-attachment":"scroll","background-type":"","background-media":"","overlay-type":"","overlay-color":"","overlay-opacity":"","overlay-gradient":""},"mobile":{"background-color":"var(--ast-global-color-5)","background-image":"","background-repeat":"repeat","background-position":"center center","background-size":"auto","background-attachment":"scroll","background-type":"","background-media":"","overlay-type":"","overlay-color":"","overlay-opacity":"","overlay-gradient":""}}},"product_cat":[48],"product_tag":[],"class_list":["post-6122","product","type-product","status-publish","has-post-thumbnail","hentry","product_cat-sunkaraoke-dalok","desktop-align-left","tablet-align-left","mobile-align-left"],"_links":{"self":[{"href":"https:\/\/www.sunkaraoke.hu\/index.php\/wp-json\/wp\/v2\/product\/6122","targetHints":{"allow":["GET"]}}],"collection":[{"href":"https:\/\/www.sunkaraoke.hu\/index.php\/wp-json\/wp\/v2\/product"}],"about":[{"href":"https:\/\/www.sunkaraoke.hu\/index.php\/wp-json\/wp\/v2\/types\/product"}],"wp:featuredmedia":[{"embeddable":true,"href":"https:\/\/www.sunkaraoke.hu\/index.php\/wp-json\/wp\/v2\/media\/9603"}],"wp:attachment":[{"href":"https:\/\/www.sunkaraoke.hu\/index.php\/wp-json\/wp\/v2\/media?parent=6122"}],"wp:term":[{"taxonomy":"product_cat","embeddable":true,"href":"https:\/\/www.sunkaraoke.hu\/index.php\/wp-json\/wp\/v2\/product_cat?post=6122"},{"taxonomy":"product_tag","embeddable":true,"href":"https:\/\/www.sunkaraoke.hu\/index.php\/wp-json\/wp\/v2\/product_tag?post=6122"}],"curies":[{"name":"wp","href":"https:\/\/api.w.org\/{rel}","templated":true}]}}