{"id":6117,"date":"2022-08-08T20:50:30","date_gmt":"2022-08-08T20:50:30","guid":{"rendered":"https:\/\/www.sunkaraoke.hu\/index.php\/termek\/galamb-jozsef-szurke-eniko-hajnalcsillag\/"},"modified":"2025-04-13T15:16:57","modified_gmt":"2025-04-13T15:16:57","slug":"galamb-jozsef-szurke-eniko-hajnalcsillag","status":"publish","type":"product","link":"https:\/\/www.sunkaraoke.hu\/index.php\/termek\/galamb-jozsef-szurke-eniko-hajnalcsillag\/","title":{"rendered":"<div class=\"wcmp-player-container product-6117\"><audio controlslist=\"nodownload\" data-product=\"6117\"  volume=\"1\"  preload=\"none\" data-lazyloading=\"none\" class=\"wcmp-player track mejs-classic\" data-duration=\"0:32\" data-estimated_duration=\"4\"><source src=\"https:\/\/www.sunkaraoke.hu\/wp-content\/uploads\/2022\/08\/Hajnalcsillag-Vocal-Galamb_demo.mp3\" type=\"audio\/mp3\" \/><\/audio><\/div>Galamb J\u00f3zsef &#038; Sz\u00fcrke Enik\u00f5 &#8211; Hajnalcsillag (Original)"},"content":{"rendered":"<p><strong>04:21<\/strong> | <strong><img loading=\"lazy\" decoding=\"async\" class=\"alignnone size-full wp-image-466\" src=\"https:\/\/www.sunkaraoke.hu\/wp-content\/uploads\/2022\/07\/choir_1-copy.webp\" alt=\"\" width=\"30\" height=\"30\" \/> <\/strong><\/p>\n","protected":false},"excerpt":{"rendered":"<h6><strong>Bits\u0171r\u0171s\u00e9g: 320<\/strong>kb\/s<strong><br \/>\n<\/strong><strong>Hossz: <\/strong>04:21<strong><br \/>\n<\/strong><strong style=\"font-size: 16px;\">Vok\u00e1lt tartalmaz: <\/strong>Igen <img loading=\"lazy\" decoding=\"async\" class=\"alignnone size-full wp-image-466\" src=\"http:\/\/www.sunkaraoke.hu\/wp-content\/uploads\/2022\/07\/choir_1-copy.png\" alt=\"\" width=\"30\" height=\"30\" \/><strong style=\"font-size: 16px;\"><br \/>\n<\/strong><\/h6>\n<p>Sunkaraoke mp3 st\u00fadi\u00f3 \/ www.sunkaraoke.hu \/ Inf: Tel: 06 20 4275001<\/p>\n<p>Hajnalcsillag &#8211; Cism<\/p>\n<p>Hajnalcsillag, gy\u00f3gy\u00edtsd meg a sz\u00edvem<br \/>\nMert \u00e9jszak\u00e1nk\u00e9nt, egyed\u00fcl kell lennem<br \/>\nNem tudok \u00e9n, m\u00e1ssal boldog lenni<br \/>\nNem tudok \u00e9n, soha m\u00e1st szeretni<\/p>\n<p>Hajnalcsillag, gy\u00f3gy\u00edtsd meg a sz\u00edvem<br \/>\nMert f\u00e1j\u00f3 \u00e9rz\u00e9s, minden percben \u00e9rzem<br \/>\nNem tudom \u00e9n, soha elfeledni<br \/>\nAz \u0151 szerelm\u00e9t, nem p\u00f3tolja semmi<\/p>\n<p>Te tudod, csak r\u00e1 gondolok<br \/>\nMellette lenni \u00fagy akarok<br \/>\n\u00dagy \u00e1t\u00f6lelni, hogy tudom csak \u00e9n vagyok<br \/>\nTe tudod, mi\u00e9rt hagyott el<br \/>\nMellettem m\u00e1s is volt, aki kell<br \/>\nDe megbocs\u00e1jtom, csak itt legyen m\u00e9g egyszer<\/p>\n<p>Hajnalcsillag, hozd \u0151t vissza n\u00e9kem<br \/>\nMert \u00e9jszak\u00e1nk\u00e9nt, egyed\u00fcl kell lennem<br \/>\nNem tudok \u00e9n, m\u00e1ssal boldog lenni<br \/>\nNem tudok \u00e9n, soha m\u00e1st szeretni<\/p>\n<p>&gt;WAMP&lt;<\/p>\n<p>Te tudod, csak r\u00e1 gondolok<br \/>\nMellette lenni \u00fagy akarok<br \/>\n\u00dagy \u00e1t\u00f6lelni, hogy tudom csak \u00e9n vagyok<br \/>\nTe tudod, mi\u00e9rt hagyott el<br \/>\nMellettem m\u00e1s is volt, aki kell<br \/>\nDe megbocs\u00e1jtom, csak itt legyen m\u00e9g egyszer<\/p>\n<p>Hajnalcsillag, gy\u00f3gy\u00edtsd meg a sz\u00edvem<br \/>\nMert f\u00e1j\u00f3 \u00e9rz\u00e9s, minden percben \u00e9rzem<br \/>\nNem tudom \u00e9n, soha elfeledni<br \/>\nAz \u0151 szerelm\u00e9t, nem p\u00f3tolja semmi<\/p>\n<p>Hajnalcsillag, hozd \u0151t vissza n\u00e9kem<br \/>\nMert \u00e9jszak\u00e1nk\u00e9nt, egyed\u00fcl kell lennem<br \/>\nNem tudok \u00e9n, m\u00e1ssal boldog lenni<br \/>\nNem tudok \u00e9n, soha m\u00e1st szeretni<\/p>\n","protected":false},"featured_media":6363,"template":"","meta":{"site-sidebar-layout":"default","site-content-layout":"default","ast-site-content-layout":"default","site-content-style":"default","site-sidebar-style":"default","ast-global-header-display":"","ast-banner-title-visibility":"","ast-main-header-display":"","ast-hfb-above-header-display":"","ast-hfb-below-header-display":"","ast-hfb-mobile-header-display":"","site-post-title":"","ast-breadcrumbs-content":"","ast-featured-img":"","footer-sml-layout":"","theme-transparent-header-meta":"default","adv-header-id-meta":"","stick-header-meta":"","header-above-stick-meta":"","header-main-stick-meta":"","header-below-stick-meta":"","astra-migrate-meta-layouts":"set","ast-page-background-enabled":"default","ast-page-background-meta":{"desktop":{"background-color":"var(--ast-global-color-4)","background-image":"","background-repeat":"repeat","background-position":"center center","background-size":"auto","background-attachment":"scroll","background-type":"","background-media":"","overlay-type":"","overlay-color":"","overlay-opacity":"","overlay-gradient":""},"tablet":{"background-color":"","background-image":"","background-repeat":"repeat","background-position":"center center","background-size":"auto","background-attachment":"scroll","background-type":"","background-media":"","overlay-type":"","overlay-color":"","overlay-opacity":"","overlay-gradient":""},"mobile":{"background-color":"","background-image":"","background-repeat":"repeat","background-position":"center center","background-size":"auto","background-attachment":"scroll","background-type":"","background-media":"","overlay-type":"","overlay-color":"","overlay-opacity":"","overlay-gradient":""}},"ast-content-background-meta":{"desktop":{"background-color":"var(--ast-global-color-5)","background-image":"","background-repeat":"repeat","background-position":"center center","background-size":"auto","background-attachment":"scroll","background-type":"","background-media":"","overlay-type":"","overlay-color":"","overlay-opacity":"","overlay-gradient":""},"tablet":{"background-color":"var(--ast-global-color-5)","background-image":"","background-repeat":"repeat","background-position":"center center","background-size":"auto","background-attachment":"scroll","background-type":"","background-media":"","overlay-type":"","overlay-color":"","overlay-opacity":"","overlay-gradient":""},"mobile":{"background-color":"var(--ast-global-color-5)","background-image":"","background-repeat":"repeat","background-position":"center center","background-size":"auto","background-attachment":"scroll","background-type":"","background-media":"","overlay-type":"","overlay-color":"","overlay-opacity":"","overlay-gradient":""}}},"product_cat":[69],"product_tag":[],"class_list":["post-6117","product","type-product","status-publish","has-post-thumbnail","hentry","product_cat-galamb-joci","desktop-align-left","tablet-align-left","mobile-align-left"],"_links":{"self":[{"href":"https:\/\/www.sunkaraoke.hu\/index.php\/wp-json\/wp\/v2\/product\/6117","targetHints":{"allow":["GET"]}}],"collection":[{"href":"https:\/\/www.sunkaraoke.hu\/index.php\/wp-json\/wp\/v2\/product"}],"about":[{"href":"https:\/\/www.sunkaraoke.hu\/index.php\/wp-json\/wp\/v2\/types\/product"}],"wp:featuredmedia":[{"embeddable":true,"href":"https:\/\/www.sunkaraoke.hu\/index.php\/wp-json\/wp\/v2\/media\/6363"}],"wp:attachment":[{"href":"https:\/\/www.sunkaraoke.hu\/index.php\/wp-json\/wp\/v2\/media?parent=6117"}],"wp:term":[{"taxonomy":"product_cat","embeddable":true,"href":"https:\/\/www.sunkaraoke.hu\/index.php\/wp-json\/wp\/v2\/product_cat?post=6117"},{"taxonomy":"product_tag","embeddable":true,"href":"https:\/\/www.sunkaraoke.hu\/index.php\/wp-json\/wp\/v2\/product_tag?post=6117"}],"curies":[{"name":"wp","href":"https:\/\/api.w.org\/{rel}","templated":true}]}}