{"id":6011,"date":"2022-08-08T20:50:18","date_gmt":"2022-08-08T20:50:18","guid":{"rendered":"https:\/\/www.sunkaraoke.hu\/index.php\/termek\/galamb-jozsef-szurke-eniko-nem-kell-a-konnyu-szerelem\/"},"modified":"2025-04-13T15:13:59","modified_gmt":"2025-04-13T15:13:59","slug":"galamb-jozsef-szurke-eniko-nem-kell-a-konnyu-szerelem","status":"publish","type":"product","link":"https:\/\/www.sunkaraoke.hu\/index.php\/termek\/galamb-jozsef-szurke-eniko-nem-kell-a-konnyu-szerelem\/","title":{"rendered":"<div class=\"wcmp-player-container product-6011\"><audio controlslist=\"nodownload\" data-product=\"6011\"  volume=\"1\"  preload=\"none\" data-lazyloading=\"none\" class=\"wcmp-player track mejs-classic\" data-duration=\"0:34\" data-estimated_duration=\"4\"><source src=\"https:\/\/www.sunkaraoke.hu\/wp-content\/uploads\/2022\/08\/Nem-kell-a-konnyu-szerelem-Vok-Galamb.demoo_.mp3\" type=\"audio\/mp3\" \/><\/audio><\/div>Galamb J\u00f3zsef &#038; Sz\u00fcrke Enik\u00f5 &#8211; Nem kell a k\u00f6nny\u00fb szerelem (Original)"},"content":{"rendered":"<p><strong>04:08<\/strong> | <strong><img loading=\"lazy\" decoding=\"async\" class=\"alignnone size-full wp-image-466\" src=\"https:\/\/www.sunkaraoke.hu\/wp-content\/uploads\/2022\/07\/choir_1-copy.webp\" alt=\"\" width=\"30\" height=\"30\" \/> <\/strong><\/p>\n","protected":false},"excerpt":{"rendered":"<h6><strong>Bits\u0171r\u0171s\u00e9g: 320<\/strong>kb\/s<strong><br \/>\n<\/strong><strong>Hossz: <\/strong>04:08<strong><br \/>\n<\/strong><strong style=\"font-size: 16px;\">Vok\u00e1lt tartalmaz: <\/strong>Igen <img loading=\"lazy\" decoding=\"async\" class=\"alignnone size-full wp-image-466\" src=\"http:\/\/www.sunkaraoke.hu\/wp-content\/uploads\/2022\/07\/choir_1-copy.png\" alt=\"\" width=\"30\" height=\"30\" \/><strong style=\"font-size: 16px;\"><br \/>\n<\/strong><\/h6>\n<p>Sunkaraoke mp3 st\u00fadi\u00f3 \/ www.sunkaraoke.hu \/ Inf: Tel: 06 20 4275001<\/p>\n<p>&#8212;Intr\u00f3&#8212;<br \/>\nAz \u00e9letem eddig j\u00f3l bev\u00e1lt<br \/>\n\u00c9s ker\u00fcltem, \u00c1mor nyil\u00e1t<br \/>\nA l\u00e1nyok sz\u00edvesen j\u00e1rtak velem<br \/>\nMert biztons\u00e1gban volt a sz\u00edvem<\/p>\n<p>Nem kell a k\u00f6nny\u0171 szerelem<br \/>\nNem kell a l\u00e1tszat gy\u0151zelem<br \/>\nA fogadkoz\u00e1s, cs\u00e1b\u00edt\u00e1s<br \/>\nKicsi vagy nagy csal\u00e1s<br \/>\nNem kell a k\u00f6nny\u0171 szerelem<br \/>\nVeled ezt t\u00f6bbnek k\u00e9pzelem<br \/>\nHogy mit\u0151l vagy m\u00e1s, nem tudom<br \/>\nSzeretlek v\u00e1llalom<\/p>\n<p>Olyan j\u00f3 dolog este v\u00e1rni r\u00e1d<br \/>\nM\u00e1r nem zavar semmilyen hib\u00e1d<br \/>\nA szemed tisztas\u00e1g\u00e1t elhiszem<br \/>\nMegv\u00e1ltoztatt\u00e1l, van ilyen<\/p>\n<p>Nem kell a k\u00f6nny\u0171 szerelem<br \/>\nNem kell a l\u00e1tszat gy\u0151zelem<br \/>\nA fogadkoz\u00e1s, cs\u00e1b\u00edt\u00e1s<br \/>\nKicsi vagy nagy csal\u00e1s<br \/>\nNem kell a k\u00f6nny\u0171 szerelem<br \/>\nVeled ezt t\u00f6bbnek k\u00e9pzelem<br \/>\nHogy mit\u0151l vagy m\u00e1s, nem tudom<br \/>\nSzeretlek v\u00e1llalom<\/p>\n<p>&gt;WAMP&lt; &gt;WAMP&lt;<\/p>\n<p>Nem kell a k\u00f6nny\u0171 szerelem<br \/>\nNem kell a l\u00e1tszat gy\u0151zelem<br \/>\nA fogadkoz\u00e1s, cs\u00e1b\u00edt\u00e1s<br \/>\nKicsi vagy nagy csal\u00e1s<br \/>\nNem kell a k\u00f6nny\u0171 szerelem<br \/>\nVeled ezt t\u00f6bbnek k\u00e9pzelem<br \/>\nHogy mit\u0151l vagy m\u00e1s, nem tudom<br \/>\nSzeretlek v\u00e1llalom<\/p>\n<p>Nem kell a k\u00f6nny\u0171 szerelem<br \/>\nNem kell a l\u00e1tszat gy\u0151zelem<br \/>\nA fogadkoz\u00e1s, cs\u00e1b\u00edt\u00e1s<br \/>\nKicsi vagy nagy csal\u00e1s<br \/>\nNem kell a k\u00f6nny\u0171 szerelem<br \/>\nVeled ezt t\u00f6bbnek k\u00e9pzelem<br \/>\nHogy mit\u0151l vagy m\u00e1s, nem tudom<br \/>\nSzeretlek v\u00e1llalom!<\/p>\n","protected":false},"featured_media":6363,"template":"","meta":{"site-sidebar-layout":"default","site-content-layout":"default","ast-site-content-layout":"default","site-content-style":"default","site-sidebar-style":"default","ast-global-header-display":"","ast-banner-title-visibility":"","ast-main-header-display":"","ast-hfb-above-header-display":"","ast-hfb-below-header-display":"","ast-hfb-mobile-header-display":"","site-post-title":"","ast-breadcrumbs-content":"","ast-featured-img":"","footer-sml-layout":"","theme-transparent-header-meta":"default","adv-header-id-meta":"","stick-header-meta":"","header-above-stick-meta":"","header-main-stick-meta":"","header-below-stick-meta":"","astra-migrate-meta-layouts":"set","ast-page-background-enabled":"default","ast-page-background-meta":{"desktop":{"background-color":"var(--ast-global-color-4)","background-image":"","background-repeat":"repeat","background-position":"center center","background-size":"auto","background-attachment":"scroll","background-type":"","background-media":"","overlay-type":"","overlay-color":"","overlay-opacity":"","overlay-gradient":""},"tablet":{"background-color":"","background-image":"","background-repeat":"repeat","background-position":"center center","background-size":"auto","background-attachment":"scroll","background-type":"","background-media":"","overlay-type":"","overlay-color":"","overlay-opacity":"","overlay-gradient":""},"mobile":{"background-color":"","background-image":"","background-repeat":"repeat","background-position":"center center","background-size":"auto","background-attachment":"scroll","background-type":"","background-media":"","overlay-type":"","overlay-color":"","overlay-opacity":"","overlay-gradient":""}},"ast-content-background-meta":{"desktop":{"background-color":"var(--ast-global-color-5)","background-image":"","background-repeat":"repeat","background-position":"center center","background-size":"auto","background-attachment":"scroll","background-type":"","background-media":"","overlay-type":"","overlay-color":"","overlay-opacity":"","overlay-gradient":""},"tablet":{"background-color":"var(--ast-global-color-5)","background-image":"","background-repeat":"repeat","background-position":"center center","background-size":"auto","background-attachment":"scroll","background-type":"","background-media":"","overlay-type":"","overlay-color":"","overlay-opacity":"","overlay-gradient":""},"mobile":{"background-color":"var(--ast-global-color-5)","background-image":"","background-repeat":"repeat","background-position":"center center","background-size":"auto","background-attachment":"scroll","background-type":"","background-media":"","overlay-type":"","overlay-color":"","overlay-opacity":"","overlay-gradient":""}}},"product_cat":[69],"product_tag":[],"class_list":["post-6011","product","type-product","status-publish","has-post-thumbnail","hentry","product_cat-galamb-joci","desktop-align-left","tablet-align-left","mobile-align-left"],"_links":{"self":[{"href":"https:\/\/www.sunkaraoke.hu\/index.php\/wp-json\/wp\/v2\/product\/6011","targetHints":{"allow":["GET"]}}],"collection":[{"href":"https:\/\/www.sunkaraoke.hu\/index.php\/wp-json\/wp\/v2\/product"}],"about":[{"href":"https:\/\/www.sunkaraoke.hu\/index.php\/wp-json\/wp\/v2\/types\/product"}],"wp:featuredmedia":[{"embeddable":true,"href":"https:\/\/www.sunkaraoke.hu\/index.php\/wp-json\/wp\/v2\/media\/6363"}],"wp:attachment":[{"href":"https:\/\/www.sunkaraoke.hu\/index.php\/wp-json\/wp\/v2\/media?parent=6011"}],"wp:term":[{"taxonomy":"product_cat","embeddable":true,"href":"https:\/\/www.sunkaraoke.hu\/index.php\/wp-json\/wp\/v2\/product_cat?post=6011"},{"taxonomy":"product_tag","embeddable":true,"href":"https:\/\/www.sunkaraoke.hu\/index.php\/wp-json\/wp\/v2\/product_tag?post=6011"}],"curies":[{"name":"wp","href":"https:\/\/api.w.org\/{rel}","templated":true}]}}