{"id":5977,"date":"2022-08-08T20:50:14","date_gmt":"2022-08-08T20:50:14","guid":{"rendered":"https:\/\/www.sunkaraoke.hu\/index.php\/termek\/bitto-duo-gyere-tancolj-2022\/"},"modified":"2025-03-30T14:21:00","modified_gmt":"2025-03-30T14:21:00","slug":"bitto-duo-gyere-tancolj-2022","status":"publish","type":"product","link":"https:\/\/www.sunkaraoke.hu\/index.php\/termek\/bitto-duo-gyere-tancolj-2022\/","title":{"rendered":"<div class=\"wcmp-player-container product-5977\"><audio controlslist=\"nodownload\" data-product=\"5977\"  volume=\"1\"  preload=\"none\" data-lazyloading=\"none\" class=\"wcmp-player track mejs-classic\" data-duration=\"0:31\" data-estimated_duration=\"4\"><source src=\"https:\/\/www.sunkaraoke.hu\/wp-content\/uploads\/2022\/08\/Gyere-tancolj-bitto-2022.PB_.-_demo.mp3\" type=\"audio\/mp3\" \/><\/audio><\/div>Bitt\u00f3 Du\u00f3 &#8211; Gyere t\u00e1ncolj (Original)"},"content":{"rendered":"<p><strong>04:17<\/strong> | <strong><img loading=\"lazy\" decoding=\"async\" class=\"alignnone size-full wp-image-467\" src=\"https:\/\/www.sunkaraoke.hu\/wp-content\/uploads\/2022\/07\/choir_2-copy.webp\" alt=\"\" width=\"30\" height=\"30\" \/> <\/strong><\/p>\n","protected":false},"excerpt":{"rendered":"<h6><strong>Bits\u0171r\u0171s\u00e9g: 320<\/strong>kb\/s<strong><br \/>\n<\/strong><strong>Hossz: <\/strong>04:17<strong><br \/>\n<\/strong><strong style=\"font-size: 16px;\">Vok\u00e1lt tartalmaz: <\/strong>Nem <img loading=\"lazy\" decoding=\"async\" class=\"alignnone size-full wp-image-467\" src=\"http:\/\/www.sunkaraoke.hu\/wp-content\/uploads\/2022\/07\/choir_2-copy.png\" alt=\"\" width=\"30\" height=\"30\" \/><strong style=\"font-size: 16px;\"><br \/>\n<\/strong><\/h6>\n<p>Sunkaraoke mp3 st\u00fadi\u00f3 \/ www.sunkaraoke.hu \/ Inf: Tel: 06 20 4275001<\/p>\n<p>&#8212;Intr\u00f3&#8212;<br \/>\nBitt\u00f3 meg a fia csin\u00e1lja, a sok cig\u00e1ny j\u00f3l j\u00e1rja de jaj&#8230;<br \/>\nBitt\u00f3 meg a fia dzsan\u00e1zza, a n\u00f3t\u00e1kat j\u00f3l j\u00e1tssza de jaj&#8230;<br \/>\nMulatnak a cig\u00e1nyok, a sok p\u00e9nz\u00e9rt j\u00f3l j\u00e1tsszunk de jaj..<br \/>\nGyere kisl\u00e1ny mutasd meg, r\u00e1zzad meg a cs\u00edp\u0151det de jaj.<br \/>\nGyere t\u00e1ncolj, sz\u00e9p l\u00e1ny t\u00e1ncolj a kedvem\u00e9rt.<br \/>\nGyere t\u00e1ncolj, sz\u00e9p l\u00e1ny t\u00e1ncolj a kedvem\u00e9rt,.<br \/>\nGyere t\u00e1ncolj, sz\u00e9p l\u00e1ny t\u00e1ncolj a kedvem\u00e9rt.<br \/>\nGyere t\u00e1ncolj, sz\u00e9p l\u00e1ny t\u00e1ncolj a kedvem\u00e9rt.<br \/>\n\u00c9vek \u00f3ta itt vagyok, csakis neked dalolok jaj,<br \/>\n\u00f6r\u00f6mben \u00e9s b\u00e1natban,de mindig veletek vagyok de jaj..<br \/>\np\u00e9ntek szombat bulizunk, eg\u00e9sz \u00e9jjel mulatunk de jaj,<br \/>\nelj\u00e1tsszuk a dalodat, de p\u00f6rgess\u00fck a csajokat de jaj.<br \/>\nGyere t\u00e1ncolj, sz\u00e9p l\u00e1ny t\u00e1ncolj a kedvem\u00e9rt.<br \/>\nGyere t\u00e1ncolj, sz\u00e9p l\u00e1ny t\u00e1ncolj a kedvem\u00e9rt.<br \/>\nGyere t\u00e1ncolj, sz\u00e9p l\u00e1ny t\u00e1ncolj a kedvem\u00e9rt.<br \/>\nGyere t\u00e1ncolj, sz\u00e9p l\u00e1ny t\u00e1ncolj a kedvem\u00e9rt.<br \/>\n&#8212;Sz\u00f3l\u00f3&#8212;-<br \/>\nBitt\u00f3 meg a fia csin\u00e1lja, a sok cig\u00e1ny j\u00f3l j\u00e1rja de jaj&#8230;<br \/>\nBitt\u00f3 meg a fia dzsan\u00e1zza, a n\u00f3t\u00e1kat j\u00f3l j\u00e1tssza de jaj&#8230;<br \/>\nMulatnak a cig\u00e1nyok, a sok p\u00e9nz\u00e9rt j\u00f3l j\u00e1tsszunk de jaj..<br \/>\nGyere kisl\u00e1ny mutasd meg, r\u00e1zzad meg a cs\u00edp\u0151det de jaj.<br \/>\nGyere t\u00e1ncolj, sz\u00e9p l\u00e1ny t\u00e1ncolj a kedvem\u00e9rt.<br \/>\nGyere t\u00e1ncolj, sz\u00e9p l\u00e1ny t\u00e1ncolj a kedvem\u00e9rt,.<br \/>\nGyere t\u00e1ncolj, sz\u00e9p l\u00e1ny t\u00e1ncolj a kedvem\u00e9rt.<br \/>\nGyere t\u00e1ncolj, sz\u00e9p l\u00e1ny t\u00e1ncolj a kedvem\u00e9rt.<br \/>\nGyere t\u00e1ncolj, sz\u00e9p l\u00e1ny t\u00e1ncolj a kedvem\u00e9rt.<br \/>\nGyere t\u00e1ncolj, sz\u00e9p l\u00e1ny t\u00e1ncolj a kedvem\u00e9rt.<br \/>\nGyere t\u00e1ncolj, sz\u00e9p l\u00e1ny t\u00e1ncolj a kedvem\u00e9rt.<br \/>\nGyere t\u00e1ncolj, sz\u00e9p l\u00e1ny t\u00e1ncolj a kedvem\u00e9rt.<br \/>\n&#8212;V\u00e9ge&#8212;<\/p>\n","protected":false},"featured_media":8718,"template":"","meta":{"site-sidebar-layout":"default","site-content-layout":"default","ast-site-content-layout":"default","site-content-style":"default","site-sidebar-style":"default","ast-global-header-display":"","ast-banner-title-visibility":"","ast-main-header-display":"","ast-hfb-above-header-display":"","ast-hfb-below-header-display":"","ast-hfb-mobile-header-display":"","site-post-title":"","ast-breadcrumbs-content":"","ast-featured-img":"","footer-sml-layout":"","theme-transparent-header-meta":"default","adv-header-id-meta":"","stick-header-meta":"","header-above-stick-meta":"","header-main-stick-meta":"","header-below-stick-meta":"","astra-migrate-meta-layouts":"set","ast-page-background-enabled":"default","ast-page-background-meta":{"desktop":{"background-color":"var(--ast-global-color-4)","background-image":"","background-repeat":"repeat","background-position":"center center","background-size":"auto","background-attachment":"scroll","background-type":"","background-media":"","overlay-type":"","overlay-color":"","overlay-opacity":"","overlay-gradient":""},"tablet":{"background-color":"","background-image":"","background-repeat":"repeat","background-position":"center center","background-size":"auto","background-attachment":"scroll","background-type":"","background-media":"","overlay-type":"","overlay-color":"","overlay-opacity":"","overlay-gradient":""},"mobile":{"background-color":"","background-image":"","background-repeat":"repeat","background-position":"center center","background-size":"auto","background-attachment":"scroll","background-type":"","background-media":"","overlay-type":"","overlay-color":"","overlay-opacity":"","overlay-gradient":""}},"ast-content-background-meta":{"desktop":{"background-color":"var(--ast-global-color-5)","background-image":"","background-repeat":"repeat","background-position":"center center","background-size":"auto","background-attachment":"scroll","background-type":"","background-media":"","overlay-type":"","overlay-color":"","overlay-opacity":"","overlay-gradient":""},"tablet":{"background-color":"var(--ast-global-color-5)","background-image":"","background-repeat":"repeat","background-position":"center center","background-size":"auto","background-attachment":"scroll","background-type":"","background-media":"","overlay-type":"","overlay-color":"","overlay-opacity":"","overlay-gradient":""},"mobile":{"background-color":"var(--ast-global-color-5)","background-image":"","background-repeat":"repeat","background-position":"center center","background-size":"auto","background-attachment":"scroll","background-type":"","background-media":"","overlay-type":"","overlay-color":"","overlay-opacity":"","overlay-gradient":""}}},"product_cat":[48],"product_tag":[],"class_list":["post-5977","product","type-product","status-publish","has-post-thumbnail","hentry","product_cat-sunkaraoke-dalok","desktop-align-left","tablet-align-left","mobile-align-left"],"_links":{"self":[{"href":"https:\/\/www.sunkaraoke.hu\/index.php\/wp-json\/wp\/v2\/product\/5977","targetHints":{"allow":["GET"]}}],"collection":[{"href":"https:\/\/www.sunkaraoke.hu\/index.php\/wp-json\/wp\/v2\/product"}],"about":[{"href":"https:\/\/www.sunkaraoke.hu\/index.php\/wp-json\/wp\/v2\/types\/product"}],"wp:featuredmedia":[{"embeddable":true,"href":"https:\/\/www.sunkaraoke.hu\/index.php\/wp-json\/wp\/v2\/media\/8718"}],"wp:attachment":[{"href":"https:\/\/www.sunkaraoke.hu\/index.php\/wp-json\/wp\/v2\/media?parent=5977"}],"wp:term":[{"taxonomy":"product_cat","embeddable":true,"href":"https:\/\/www.sunkaraoke.hu\/index.php\/wp-json\/wp\/v2\/product_cat?post=5977"},{"taxonomy":"product_tag","embeddable":true,"href":"https:\/\/www.sunkaraoke.hu\/index.php\/wp-json\/wp\/v2\/product_tag?post=5977"}],"curies":[{"name":"wp","href":"https:\/\/api.w.org\/{rel}","templated":true}]}}