{"id":5948,"date":"2022-08-08T20:50:10","date_gmt":"2022-08-08T20:50:10","guid":{"rendered":"https:\/\/www.sunkaraoke.hu\/index.php\/termek\/korda-gyorgy-ilyenkor-este-atolel-a-csend-2021\/"},"modified":"2025-04-02T04:53:22","modified_gmt":"2025-04-02T04:53:22","slug":"korda-gyorgy-ilyenkor-este-atolel-a-csend-2021","status":"publish","type":"product","link":"https:\/\/www.sunkaraoke.hu\/index.php\/termek\/korda-gyorgy-ilyenkor-este-atolel-a-csend-2021\/","title":{"rendered":"<div class=\"wcmp-player-container product-5948\"><audio controlslist=\"nodownload\" data-product=\"5948\"  volume=\"1\"  preload=\"none\" data-lazyloading=\"none\" class=\"wcmp-player track mejs-classic\" data-duration=\"0:32\" data-estimated_duration=\"4\"><source src=\"https:\/\/www.sunkaraoke.hu\/wp-content\/uploads\/2022\/08\/Ilyenkor-este-2021.-Korda-PB-demoooo.mp3\" type=\"audio\/mp3\" \/><\/audio><\/div>Korda Gy\u00f6rgy &#8211; Ilyenkor este \u00e1t\u00f6lel a csend (Original NEW)"},"content":{"rendered":"<p><strong>03:35<\/strong> | <strong><img loading=\"lazy\" decoding=\"async\" class=\"alignnone size-full wp-image-467\" src=\"https:\/\/www.sunkaraoke.hu\/wp-content\/uploads\/2022\/07\/choir_2-copy.webp\" alt=\"\" width=\"30\" height=\"30\" \/> <\/strong><\/p>\n","protected":false},"excerpt":{"rendered":"<h6><strong>Bits\u0171r\u0171s\u00e9g: 320<\/strong>kb\/s<strong><br \/>\n<\/strong><strong>Hossz: <\/strong>03:35<strong><br \/>\n<\/strong><strong style=\"font-size: 16px;\">Vok\u00e1lt tartalmaz: <\/strong>Nem <img loading=\"lazy\" decoding=\"async\" class=\"alignnone size-full wp-image-467\" src=\"http:\/\/www.sunkaraoke.hu\/wp-content\/uploads\/2022\/07\/choir_2-copy.png\" alt=\"\" width=\"30\" height=\"30\" \/><strong style=\"font-size: 16px;\"><br \/>\n<\/strong><\/h6>\n<p>Sunkaraoke mp3 st\u00fadi\u00f3 \/ www.sunkaraoke.hu \/ Inf: Tel: 06 20 4275001<\/p>\n<p>&#8212;Intr\u00f3&#8212;<br \/>\nIlyenkor este \u00e1t\u00f6lel a csend,<br \/>\nilyenkor j\u00f3 pihenni idebenn.<br \/>\nIlyenkor kinn reked sok nappali dolog,<br \/>\nilyenkor este csak r\u00e1d gondolok.<\/p>\n<p>M\u00f6g\u00f6ttem l\u00e1mp\u00e1k f\u00e9nye \u00e9g puh\u00e1n,<br \/>\n\u00e9s \u00e1rny az \u00e9let kis szob\u00e1m fal\u00e1n.<br \/>\nA gond lefoszlik r\u00f3lam idebenn,<br \/>\nilyenkor r\u00e1d gondolok \u00e9s \u00e1t\u00f6lel a csend.<\/p>\n<p>\u00c9let\u00fcnk v\u00edg zaja, gyerekek zsivaja j\u00f3,<br \/>\nutakon, tereken der\u0171sen pereg a sz\u00f3.<br \/>\nEst\u00e9re j\u00f3l esik egy kev\u00e9s nyugalom,<br \/>\nsz\u00edvemet d\u00fadolva dallal altatom.<\/p>\n<p>Ilyenkor este \u00e1t\u00f6lel a csend,<br \/>\nilyenkor j\u00f3 pihenni idebenn.<br \/>\nIlyenkor kinn reked sok nappali dolog,<br \/>\nilyenkor este csak r\u00e1d gondolok.<\/p>\n<p>M\u00f6g\u00f6ttem l\u00e1mp\u00e1k f\u00e9nye \u00e9g puh\u00e1n,<br \/>\n\u00e9s \u00e1rny az \u00e9let kis szob\u00e1m fal\u00e1n.<br \/>\nA gond lefoszlik r\u00f3lam idebenn,<br \/>\nilyenkor r\u00e1d gondolok \u00e9s \u00e1t\u00f6lel a csend.<br \/>\n&#8212;Sz\u00f3l\u00f3&#8212;<br \/>\n\u00c9let\u00fcnk v\u00edg zaja, gyerekek zsivaja j\u00f3,<br \/>\nutakon, tereken der\u0171sen pereg a sz\u00f3.<br \/>\nEst\u00e9re j\u00f3l esik egy kev\u00e9s nyugalom,<br \/>\nsz\u00edvemet d\u00fadolva dallal altatom.<\/p>\n<p>Ilyenkor este \u00e1t\u00f6lel a csend,<br \/>\nilyenkor j\u00f3 pihenni idebenn.<br \/>\nIlyenkor kinn reked sok nappali dolog,<br \/>\nilyenkor este csak r\u00e1d gondolok.<\/p>\n<p>M\u00f6g\u00f6ttem l\u00e1mp\u00e1k f\u00e9nye \u00e9g puh\u00e1n,<br \/>\n\u00e9s \u00e1rny az \u00e9let kis szob\u00e1m fal\u00e1n.<br \/>\nA gond lefoszlik r\u00f3lam idebenn,<br \/>\nilyenkor r\u00e1d gondolok \u00e9s \u00e1t\u00f6lel a csend.<br \/>\nIlyenkor r\u00e1d gondolok \u00e9s \u00e1t\u00f6lel a csend.<br \/>\nIlyenkor r\u00e1d gondolok \u00e9s \u00e1t\u00f6lel a csend.<br \/>\n&#8212;V\u00e9ge&#8212;<\/p>\n","protected":false},"featured_media":8824,"template":"","meta":{"site-sidebar-layout":"default","site-content-layout":"default","ast-site-content-layout":"default","site-content-style":"default","site-sidebar-style":"default","ast-global-header-display":"","ast-banner-title-visibility":"","ast-main-header-display":"","ast-hfb-above-header-display":"","ast-hfb-below-header-display":"","ast-hfb-mobile-header-display":"","site-post-title":"","ast-breadcrumbs-content":"","ast-featured-img":"","footer-sml-layout":"","theme-transparent-header-meta":"default","adv-header-id-meta":"","stick-header-meta":"","header-above-stick-meta":"","header-main-stick-meta":"","header-below-stick-meta":"","astra-migrate-meta-layouts":"set","ast-page-background-enabled":"default","ast-page-background-meta":{"desktop":{"background-color":"var(--ast-global-color-4)","background-image":"","background-repeat":"repeat","background-position":"center center","background-size":"auto","background-attachment":"scroll","background-type":"","background-media":"","overlay-type":"","overlay-color":"","overlay-opacity":"","overlay-gradient":""},"tablet":{"background-color":"","background-image":"","background-repeat":"repeat","background-position":"center center","background-size":"auto","background-attachment":"scroll","background-type":"","background-media":"","overlay-type":"","overlay-color":"","overlay-opacity":"","overlay-gradient":""},"mobile":{"background-color":"","background-image":"","background-repeat":"repeat","background-position":"center center","background-size":"auto","background-attachment":"scroll","background-type":"","background-media":"","overlay-type":"","overlay-color":"","overlay-opacity":"","overlay-gradient":""}},"ast-content-background-meta":{"desktop":{"background-color":"var(--ast-global-color-5)","background-image":"","background-repeat":"repeat","background-position":"center center","background-size":"auto","background-attachment":"scroll","background-type":"","background-media":"","overlay-type":"","overlay-color":"","overlay-opacity":"","overlay-gradient":""},"tablet":{"background-color":"var(--ast-global-color-5)","background-image":"","background-repeat":"repeat","background-position":"center center","background-size":"auto","background-attachment":"scroll","background-type":"","background-media":"","overlay-type":"","overlay-color":"","overlay-opacity":"","overlay-gradient":""},"mobile":{"background-color":"var(--ast-global-color-5)","background-image":"","background-repeat":"repeat","background-position":"center center","background-size":"auto","background-attachment":"scroll","background-type":"","background-media":"","overlay-type":"","overlay-color":"","overlay-opacity":"","overlay-gradient":""}}},"product_cat":[48],"product_tag":[],"class_list":["post-5948","product","type-product","status-publish","has-post-thumbnail","hentry","product_cat-sunkaraoke-dalok","desktop-align-left","tablet-align-left","mobile-align-left"],"_links":{"self":[{"href":"https:\/\/www.sunkaraoke.hu\/index.php\/wp-json\/wp\/v2\/product\/5948","targetHints":{"allow":["GET"]}}],"collection":[{"href":"https:\/\/www.sunkaraoke.hu\/index.php\/wp-json\/wp\/v2\/product"}],"about":[{"href":"https:\/\/www.sunkaraoke.hu\/index.php\/wp-json\/wp\/v2\/types\/product"}],"wp:featuredmedia":[{"embeddable":true,"href":"https:\/\/www.sunkaraoke.hu\/index.php\/wp-json\/wp\/v2\/media\/8824"}],"wp:attachment":[{"href":"https:\/\/www.sunkaraoke.hu\/index.php\/wp-json\/wp\/v2\/media?parent=5948"}],"wp:term":[{"taxonomy":"product_cat","embeddable":true,"href":"https:\/\/www.sunkaraoke.hu\/index.php\/wp-json\/wp\/v2\/product_cat?post=5948"},{"taxonomy":"product_tag","embeddable":true,"href":"https:\/\/www.sunkaraoke.hu\/index.php\/wp-json\/wp\/v2\/product_tag?post=5948"}],"curies":[{"name":"wp","href":"https:\/\/api.w.org\/{rel}","templated":true}]}}