{"id":5920,"date":"2022-08-08T20:50:07","date_gmt":"2022-08-08T20:50:07","guid":{"rendered":"https:\/\/www.sunkaraoke.hu\/index.php\/termek\/piros-bela-piros-bela-mulatos-mix-44\/"},"modified":"2025-04-07T11:33:01","modified_gmt":"2025-04-07T11:33:01","slug":"piros-bela-piros-bela-mulatos-mix-44","status":"publish","type":"product","link":"https:\/\/www.sunkaraoke.hu\/index.php\/termek\/piros-bela-piros-bela-mulatos-mix-44\/","title":{"rendered":"<div class=\"wcmp-player-container product-5920\"><audio controlslist=\"nodownload\" data-product=\"5920\"  volume=\"1\"  preload=\"none\" data-lazyloading=\"none\" class=\"wcmp-player track mejs-classic\" data-duration=\"0:33\" data-estimated_duration=\"4\"><source src=\"https:\/\/www.sunkaraoke.hu\/wp-content\/uploads\/2022\/08\/Piros-Bela-mulatos-mix-44.-kdemoo.mp3\" type=\"audio\/mp3\" \/><\/audio><\/div>Piros B\u00e9la &#8211; Piros B\u00e9la Mulat\u00f3s mix 44. (Original)"},"content":{"rendered":"<p><strong>12:31<\/strong> | <strong><img loading=\"lazy\" decoding=\"async\" class=\"alignnone size-full wp-image-467\" src=\"https:\/\/www.sunkaraoke.hu\/wp-content\/uploads\/2022\/07\/choir_2-copy.webp\" alt=\"\" width=\"30\" height=\"30\" \/> <\/strong><\/p>\n","protected":false},"excerpt":{"rendered":"<h6><strong>Bits\u0171r\u0171s\u00e9g: 320<\/strong>kb\/s<strong><br \/>\n<\/strong><strong>Hossz: <\/strong>12:31<strong><br \/>\n<\/strong><strong style=\"font-size: 16px;\">Vok\u00e1lt tartalmaz: <\/strong>Nem <img loading=\"lazy\" decoding=\"async\" class=\"alignnone size-full wp-image-467\" src=\"http:\/\/www.sunkaraoke.hu\/wp-content\/uploads\/2022\/07\/choir_2-copy.png\" alt=\"\" width=\"30\" height=\"30\" \/><strong style=\"font-size: 16px;\"><br \/>\n<\/strong><\/h6>\n<p>Sunkaraoke mp3 st\u00fadi\u00f3 \/ www.sunkaraoke.hu \/ Inf: Tel: 06 20 4275001<\/p>\n<p>&#8212;Intr\u00f3&#8212;<br \/>\nA kanyarg\u00f3 Tisza partj\u00e1n j\u00e1r\u0151r\u00f6k porty\u00e1znak,<br \/>\nhideg t\u00e9li \u00e9jszak\u00e1kon nyulakra vad\u00e1sznak.<br \/>\nV\u00e1llukat a neh\u00e9z puska \u00e9jjel, nappal h\u00fazza,<br \/>\nsapk\u00e1jukon kiny\u00edlik a s\u00e1rga tear\u00f3zsa.<br \/>\nV\u00e1llukat a neh\u00e9z puska \u00e9jjel, nappal h\u00fazza,<br \/>\nsapk\u00e1jukon kiny\u00edlik a s\u00e1rga tear\u00f3zsa.<br \/>\n&#8212;Sz\u00f3l\u00f3&#8212;<br \/>\nA kanyarg\u00f3 Tisza partj\u00e1n j\u00e1r\u0151r\u00f6k porty\u00e1znak,<br \/>\nhideg t\u00e9li \u00e9jszak\u00e1kon nyulakra vad\u00e1sznak.<br \/>\nV\u00e1llukat a neh\u00e9z puska \u00e9jjel, nappal h\u00fazza,<br \/>\nsapk\u00e1jukon kiny\u00edlik a s\u00e1rga tear\u00f3zsa.<br \/>\nV\u00e1llukat a neh\u00e9z puska \u00e9jjel, nappal h\u00fazza,<br \/>\nsapk\u00e1jukon kiny\u00edlik a s\u00e1rga tear\u00f3zsa.<br \/>\n&#8212;Sz\u00f3l\u00f3&#8212;<br \/>\nA kanyarg\u00f3 Tisza partj\u00e1n j\u00e1r\u0151r\u00f6k porty\u00e1znak,<br \/>\nhideg t\u00e9li \u00e9jszak\u00e1kon nyulakra vad\u00e1sznak.<br \/>\nV\u00e1llukat a neh\u00e9z puska \u00e9jjel, nappal h\u00fazza,<br \/>\nsapk\u00e1jukon kiny\u00edlik a s\u00e1rga tear\u00f3zsa.<br \/>\nV\u00e1llukat a neh\u00e9z puska \u00e9jjel, nappal h\u00fazza,<br \/>\nsapk\u00e1jukon kiny\u00edlik a s\u00e1rga tear\u00f3zsa.<br \/>\n&#8212;Sz\u00f3l\u00f3&#8212;<br \/>\nA kanyarg\u00f3 Tisza partj\u00e1n j\u00e1r\u0151r\u00f6k porty\u00e1znak,<br \/>\nhideg t\u00e9li \u00e9jszak\u00e1kon nyulakra vad\u00e1sznak.<br \/>\nV\u00e1llukat a neh\u00e9z puska \u00e9jjel, nappal h\u00fazza,<br \/>\nsapk\u00e1jukon kiny\u00edlik a s\u00e1rga tear\u00f3zsa.<br \/>\nV\u00e1llukat a neh\u00e9z puska \u00e9jjel, nappal h\u00fazza,<br \/>\nsapk\u00e1jukon kiny\u00edlik a s\u00e1rga tear\u00f3zsa.<br \/>\n&#8212;Sz\u00f3l\u00f3&#8212;<br \/>\nAlacsony a Tisza vize nem j\u00e1r a komp rajta,<br \/>\nhogy menjek \u00e1t a bab\u00e1mhoz \u00e9n a t\u00fals\u00f3 partra.<br \/>\nHogy adjak cs\u00f3kot a piros orc\u00e1j\u00e1ra,<br \/>\nha nem visz \u00e1t a r\u00e9v\u00e9sz a Tisza t\u00falpartj\u00e1ra.<br \/>\nHogy adjak cs\u00f3kot a piros orc\u00e1j\u00e1ra,<br \/>\nha nem visz \u00e1t a r\u00e9v\u00e9sz a Tisza t\u00falpartj\u00e1ra.<br \/>\nEsik es\u0151, esik es\u0151 nagy s\u00e1r lesz bel\u0151le,<br \/>\nhogy menjek el a bab\u00e1mhoz a faluv\u00e9g\u00e9re.<br \/>\nNagy a s\u00e1r, nagy a s\u00e1r, nem tudok elmenni,<br \/>\natt\u00f3l tartok ha nem megyek m\u00e1s fogja \u00f6lelni.<br \/>\nNagy a s\u00e1r, nagy a s\u00e1r, nem tudok elmenni,<br \/>\natt\u00f3l tartok ha nem megyek m\u00e1s fogja \u00f6lelni.<br \/>\n&#8212;Sz\u00f3l\u00f3&#8212;<br \/>\nAlacsony a Tisza vize nem j\u00e1r a komp rajta,<br \/>\nhogy menjek \u00e1t a bab\u00e1mhoz \u00e9n a t\u00fals\u00f3 partra.<br \/>\nHogy adjak cs\u00f3kot a piros orc\u00e1j\u00e1ra,<br \/>\nha nem visz \u00e1t a r\u00e9v\u00e9sz a Tisza t\u00falpartj\u00e1ra.<br \/>\nHogy adjak cs\u00f3kot a piros orc\u00e1j\u00e1ra,<br \/>\nha nem visz \u00e1t a r\u00e9v\u00e9sz a Tisza t\u00falpartj\u00e1ra.<br \/>\nEsik es\u0151, esik es\u0151 nagy s\u00e1r lesz bel\u0151le,<br \/>\nhogy menjek el a bab\u00e1mhoz a faluv\u00e9g\u00e9re.<br \/>\nNagy a s\u00e1r, nagy a s\u00e1r, nem tudok elmenni,<br \/>\natt\u00f3l tartok ha nem megyek m\u00e1s fogja \u00f6lelni.<br \/>\nNagy a s\u00e1r, nagy a s\u00e1r, nem tudok elmenni,<br \/>\natt\u00f3l tartok ha nem megyek m\u00e1s fogja \u00f6lelni.<br \/>\n&#8212;Sz\u00f3l\u00f3&#8212;<br \/>\nL\u00e1tod \u00e9desany\u00e1m, l\u00e1tod \u00e9desany\u00e1m, mi\u00e9rt sz\u00fclt\u00e9l a vil\u00e1gra?<br \/>\nInk\u00e1bb dobt\u00e1l volna, ink\u00e1bb dobt\u00e1l volna a zavaros Tisz\u00e1ba.<br \/>\nTisza vize elvitt volna a jeges Dun\u00e1ba.<br \/>\nB\u00e1r ne lettem volna, hogy ne lettem volna,<br \/>\nsenki megunt a bab\u00e1ja.<br \/>\nTisza vize elvitt volna a jeges Dun\u00e1ba.<br \/>\nB\u00e1r ne lettem volna, hogy ne lettem volna,<br \/>\nsenki megunt a bab\u00e1ja.<\/p>\n<p>Nincs m\u00e1r p\u00e1ros csillag, nincs m\u00e1r p\u00e1ros csillag,<br \/>\nmind lehullott a f\u00f6ldre.<br \/>\nNincsen h\u0171 szeret\u0151m, nincs m\u00e1r h\u0171 szeret\u0151m,<br \/>\nmind elhagyott \u00f6r\u00f6kre.<br \/>\nHa elhagyott nem b\u00fasulok, elment \u00f6r\u00f6kre.<br \/>\nM\u00e9g a s\u00edromban is, m\u00e9g a f\u00f6ld alatt is,<br \/>\ncsak \u0151 j\u00e1r az eszembe.<br \/>\nHa elhagyott nem b\u00fasulok, elment \u00f6r\u00f6kre.<br \/>\nM\u00e9g a s\u00edromban is, m\u00e9g a f\u00f6ld alatt is,<br \/>\ncsak \u0151 j\u00e1r az eszembe.<br \/>\n&#8212;Sz\u00f3l\u00f3&#8212;<br \/>\nT\u00fal a Tisz\u00e1n faragnak az \u00e1csok,<br \/>\nide hallik a kop\u00e1csol\u00e1sok.<br \/>\nEredj l\u00e1nyom, k\u00e9rdezd meg az \u00e1csot,<br \/>\n\u00e1d-e cs\u00f3k\u00e9rt egy k\u00f6t\u00e9ny forg\u00e1csot.<br \/>\nEredj l\u00e1nyom, k\u00e9rdezd meg az \u00e1csot,<br \/>\n\u00e1d-e cs\u00f3k\u00e9rt egy k\u00f6t\u00e9ny forg\u00e1csot.<\/p>\n<p>\u00c9desany\u00e1m huncutok az \u00e1csok,<br \/>\nm\u00e9reg dr\u00e1g\u00e1n m\u00e9rik a forg\u00e1csot,<br \/>\nKilenc cs\u00f3kot adtam neki \u00e9rte,<br \/>\na t\u00edzediket r\u00e1ad\u00e1sul k\u00e9rte.<br \/>\nKilenc cs\u00f3kot adtam neki \u00e9rte,<br \/>\na t\u00edzediket r\u00e1ad\u00e1sul k\u00e9rte.<\/p>\n<p>K\u00e9k a k\u00f6k\u00e9ny, z\u00f6ld a petrezselyem,<br \/>\nt\u00f3t\u00e1gast \u00e1ll bennem a szerelem.<br \/>\nJaj Istenem, most m\u00e1r mit csin\u00e1ljak,<br \/>\nszeressek-e, vagy t\u00f3t\u00e1gast \u00e1lljak.<br \/>\nJaj Istenem, most m\u00e1r mit csin\u00e1ljak,<br \/>\nszeressek-e, vagy t\u00f3t\u00e1gast \u00e1lljak.<br \/>\n&#8212;Sz\u00f3l\u00f3&#8212;<br \/>\nA szegedi csik\u00f3s lent itat a Tisz\u00e1n<br \/>\ntizenh\u00e1rom cseng\u0151 cseng a csikaja nyak\u00e1n.<br \/>\nA bab\u00e1ja Maris, ott lakik a tany\u00e1n,<br \/>\ntizenh\u00e1rom fodros szoknya reng a derek\u00e1n.<br \/>\nTizenh\u00e1rom fodros szoknya,<br \/>\nkerek, bab\u00e1m a k\u00e1poszta.<br \/>\nA szegedi csik\u00f3s lent itat a Tisz\u00e1n<br \/>\ntizenh\u00e1rom cseng\u0151 cseng a csikaja nyak\u00e1n.<br \/>\nTizenh\u00e1rom fodros szoknya,<br \/>\nkerek, bab\u00e1m a k\u00e1poszta.<br \/>\nA szegedi csik\u00f3s lent itat a Tisz\u00e1n<br \/>\ntizenh\u00e1rom cseng\u0151 cseng a csikaja nyak\u00e1n.<br \/>\nA szegedi csik\u00f3s lent itat a Tisz\u00e1n<br \/>\ntizenh\u00e1rom cseng\u0151 cseng a csikaja nyak\u00e1n.<br \/>\nA bab\u00e1ja Maris, ott lakik a tany\u00e1n,<br \/>\ntizenh\u00e1rom fodros szoknya reng a derek\u00e1n.<br \/>\nTizenh\u00e1rom fodros szoknya,<br \/>\nkerek, bab\u00e1m a k\u00e1poszta.<br \/>\nA szegedi csik\u00f3s lent itat a Tisz\u00e1n<br \/>\ntizenh\u00e1rom cseng\u0151 cseng a csikaja nyak\u00e1n.<br \/>\nTizenh\u00e1rom fodros szoknya,<br \/>\nkerek, bab\u00e1m a k\u00e1poszta.<br \/>\nA szegedi csik\u00f3s lent itat a Tisz\u00e1n<br \/>\ntizenh\u00e1rom cseng\u0151 cseng a csikaja nyak\u00e1n.<br \/>\n&#8212;V\u00e9ge&#8212;<\/p>\n","protected":false},"featured_media":12989,"template":"","meta":{"site-sidebar-layout":"default","site-content-layout":"default","ast-site-content-layout":"default","site-content-style":"default","site-sidebar-style":"default","ast-global-header-display":"","ast-banner-title-visibility":"","ast-main-header-display":"","ast-hfb-above-header-display":"","ast-hfb-below-header-display":"","ast-hfb-mobile-header-display":"","site-post-title":"","ast-breadcrumbs-content":"","ast-featured-img":"","footer-sml-layout":"","theme-transparent-header-meta":"default","adv-header-id-meta":"","stick-header-meta":"","header-above-stick-meta":"","header-main-stick-meta":"","header-below-stick-meta":"","astra-migrate-meta-layouts":"set","ast-page-background-enabled":"default","ast-page-background-meta":{"desktop":{"background-color":"var(--ast-global-color-4)","background-image":"","background-repeat":"repeat","background-position":"center center","background-size":"auto","background-attachment":"scroll","background-type":"","background-media":"","overlay-type":"","overlay-color":"","overlay-opacity":"","overlay-gradient":""},"tablet":{"background-color":"","background-image":"","background-repeat":"repeat","background-position":"center center","background-size":"auto","background-attachment":"scroll","background-type":"","background-media":"","overlay-type":"","overlay-color":"","overlay-opacity":"","overlay-gradient":""},"mobile":{"background-color":"","background-image":"","background-repeat":"repeat","background-position":"center center","background-size":"auto","background-attachment":"scroll","background-type":"","background-media":"","overlay-type":"","overlay-color":"","overlay-opacity":"","overlay-gradient":""}},"ast-content-background-meta":{"desktop":{"background-color":"var(--ast-global-color-5)","background-image":"","background-repeat":"repeat","background-position":"center center","background-size":"auto","background-attachment":"scroll","background-type":"","background-media":"","overlay-type":"","overlay-color":"","overlay-opacity":"","overlay-gradient":""},"tablet":{"background-color":"var(--ast-global-color-5)","background-image":"","background-repeat":"repeat","background-position":"center center","background-size":"auto","background-attachment":"scroll","background-type":"","background-media":"","overlay-type":"","overlay-color":"","overlay-opacity":"","overlay-gradient":""},"mobile":{"background-color":"var(--ast-global-color-5)","background-image":"","background-repeat":"repeat","background-position":"center center","background-size":"auto","background-attachment":"scroll","background-type":"","background-media":"","overlay-type":"","overlay-color":"","overlay-opacity":"","overlay-gradient":""}}},"product_cat":[48],"product_tag":[],"class_list":["post-5920","product","type-product","status-publish","has-post-thumbnail","hentry","product_cat-sunkaraoke-dalok","desktop-align-left","tablet-align-left","mobile-align-left"],"_links":{"self":[{"href":"https:\/\/www.sunkaraoke.hu\/index.php\/wp-json\/wp\/v2\/product\/5920","targetHints":{"allow":["GET"]}}],"collection":[{"href":"https:\/\/www.sunkaraoke.hu\/index.php\/wp-json\/wp\/v2\/product"}],"about":[{"href":"https:\/\/www.sunkaraoke.hu\/index.php\/wp-json\/wp\/v2\/types\/product"}],"wp:featuredmedia":[{"embeddable":true,"href":"https:\/\/www.sunkaraoke.hu\/index.php\/wp-json\/wp\/v2\/media\/12989"}],"wp:attachment":[{"href":"https:\/\/www.sunkaraoke.hu\/index.php\/wp-json\/wp\/v2\/media?parent=5920"}],"wp:term":[{"taxonomy":"product_cat","embeddable":true,"href":"https:\/\/www.sunkaraoke.hu\/index.php\/wp-json\/wp\/v2\/product_cat?post=5920"},{"taxonomy":"product_tag","embeddable":true,"href":"https:\/\/www.sunkaraoke.hu\/index.php\/wp-json\/wp\/v2\/product_tag?post=5920"}],"curies":[{"name":"wp","href":"https:\/\/api.w.org\/{rel}","templated":true}]}}