{"id":5917,"date":"2022-08-08T20:50:07","date_gmt":"2022-08-08T20:50:07","guid":{"rendered":"https:\/\/www.sunkaraoke.hu\/index.php\/termek\/galamb-jozsef-szurke-eniko-valaki-adja-vissza-2021\/"},"modified":"2025-04-13T12:09:09","modified_gmt":"2025-04-13T12:09:09","slug":"galamb-jozsef-szurke-eniko-valaki-adja-vissza-2021","status":"publish","type":"product","link":"https:\/\/www.sunkaraoke.hu\/index.php\/termek\/galamb-jozsef-szurke-eniko-valaki-adja-vissza-2021\/","title":{"rendered":"<div class=\"wcmp-player-container product-5917\"><audio controlslist=\"nodownload\" data-product=\"5917\"  volume=\"1\"  preload=\"none\" data-lazyloading=\"none\" class=\"wcmp-player track mejs-classic\" data-duration=\"0:33\" data-estimated_duration=\"4\"><source src=\"https:\/\/www.sunkaraoke.hu\/wp-content\/uploads\/2022\/08\/Valaki-adja-vissza-vok-G.demoo_.mp3\" type=\"audio\/mp3\" \/><\/audio><\/div>Galamb J\u00f3zsef &#038; Sz\u00fcrke Enik\u00f5 &#8211; Valaki adja vissza (Original)"},"content":{"rendered":"<p><strong>04:38<\/strong> | <strong><img loading=\"lazy\" decoding=\"async\" class=\"alignnone size-full wp-image-466\" src=\"https:\/\/www.sunkaraoke.hu\/wp-content\/uploads\/2022\/07\/choir_1-copy.webp\" alt=\"\" width=\"30\" height=\"30\" \/> <\/strong><\/p>\n","protected":false},"excerpt":{"rendered":"<h6><strong>Bits\u0171r\u0171s\u00e9g: 320<\/strong>kb\/s<strong><br \/>\n<\/strong><strong>Hossz: <\/strong>04:38<strong><br \/>\n<\/strong><strong style=\"font-size: 16px;\">Vok\u00e1lt tartalmaz: <\/strong>Igen <img loading=\"lazy\" decoding=\"async\" class=\"alignnone size-full wp-image-466\" src=\"http:\/\/www.sunkaraoke.hu\/wp-content\/uploads\/2022\/07\/choir_1-copy.png\" alt=\"\" width=\"30\" height=\"30\" \/><strong style=\"font-size: 16px;\"><br \/>\n<\/strong><\/h6>\n<p>Sunkaraoke mp3 st\u00fadi\u00f3 \/ www.sunkaraoke.hu \/ Inf: Tel: 06 20 4275001<\/p>\n<p>Valaki adja vissza &#8211; Cm<\/p>\n<p>Nem is olyan r\u00e9g, p\u00e1r h\u00f3napja m\u00e9g<br \/>\nOlyan m\u00e1s volt az \u00e9letem<br \/>\nNem \u00f6lel m\u00e1r \u00e1t, a r\u00e9gi j\u00f3bar\u00e1t<br \/>\nMegv\u00e1ltozott, oly m\u00e1s lett a vil\u00e1g<\/p>\n<p>Valaki adja vissza k\u00e9rem<br \/>\nAzt a r\u00e9gi \u00e9letem<br \/>\nValaki \u00f6leljen \u00e1t \u00fajra<br \/>\nFogjon kezet velem<br \/>\nValaki mondja meg, mikor lesz v\u00e9ge<br \/>\nMert nem b\u00edrom tov\u00e1bb<br \/>\nValaki mondja meg, visszaj\u00f6n e m\u00e9g<br \/>\nAz a r\u00e9gi boldogs\u00e1g<\/p>\n<p>Valaki adja vissza k\u00e9rem<br \/>\nAzt a r\u00e9gi \u00e9letem<br \/>\nValaki \u00f6leljen \u00e1t \u00fajra<br \/>\nFogjon kezet velem<br \/>\nValaki mondja meg, mikor lesz v\u00e9ge<br \/>\nMert nem b\u00edrom tov\u00e1bb<br \/>\nValaki mondja meg, visszaj\u00f6n e m\u00e9g<br \/>\nAz a r\u00e9gi boldogs\u00e1g<\/p>\n<p>&gt;WAMP&lt; Ugyan\u00fagy, mint r\u00e9g, most is k\u00e9k az \u00e9g De az \u00e9let m\u00e1r nem olyan, mint r\u00e9g Nem \u00f6lel m\u00e1r \u00e1t, a r\u00e9gi j\u00f3bar\u00e1t Megv\u00e1ltozott, oly m\u00e1s lett a vil\u00e1g Valaki adja vissza k\u00e9rem Azt a r\u00e9gi \u00e9letem Valaki \u00f6leljen \u00e1t \u00fajra Fogjon kezet velem Valaki mondja meg, mikor lesz v\u00e9ge Mert nem b\u00edrom tov\u00e1bb Valaki mondja meg, visszaj\u00f6n e m\u00e9g Az a r\u00e9gi boldogs\u00e1g Valaki adja vissza k\u00e9rem Azt a r\u00e9gi \u00e9letem Valaki \u00f6leljen \u00e1t \u00fajra Fogjon kezet velem Valaki mondja meg, mikor lesz v\u00e9ge Mert nem b\u00edrom tov\u00e1bb Valaki mondja meg, visszaj\u00f6n e m\u00e9g Az a r\u00e9gi boldogs\u00e1g &gt;WAMP&lt; &gt;WAMP&lt;<\/p>\n<p>Valaki adja vissza k\u00e9rem<br \/>\nAzt a r\u00e9gi \u00e9letem<br \/>\nValaki \u00f6leljen \u00e1t \u00fajra<br \/>\nFogjon kezet velem<br \/>\nValaki mondja meg, mikor lesz v\u00e9ge<br \/>\nMert nem b\u00edrom tov\u00e1bb<br \/>\nValaki mondja meg, visszaj\u00f6n e m\u00e9g<br \/>\nAz a r\u00e9gi boldogs\u00e1g<\/p>\n<p>Valaki adja vissza k\u00e9rem<br \/>\nAzt a r\u00e9gi \u00e9letem<br \/>\nValaki \u00f6leljen \u00e1t \u00fajra<br \/>\nFogjon kezet velem<br \/>\nValaki mondja meg, mikor lesz v\u00e9ge<br \/>\nMert nem b\u00edrom tov\u00e1bb<br \/>\nValaki mondja meg, visszaj\u00f6n e m\u00e9g<br \/>\nAz a r\u00e9gi boldogs\u00e1g<\/p>\n<p>Az a r\u00e9gi boldogs\u00e1g<\/p>\n","protected":false},"featured_media":6363,"template":"","meta":{"site-sidebar-layout":"default","site-content-layout":"default","ast-site-content-layout":"default","site-content-style":"default","site-sidebar-style":"default","ast-global-header-display":"","ast-banner-title-visibility":"","ast-main-header-display":"","ast-hfb-above-header-display":"","ast-hfb-below-header-display":"","ast-hfb-mobile-header-display":"","site-post-title":"","ast-breadcrumbs-content":"","ast-featured-img":"","footer-sml-layout":"","theme-transparent-header-meta":"default","adv-header-id-meta":"","stick-header-meta":"","header-above-stick-meta":"","header-main-stick-meta":"","header-below-stick-meta":"","astra-migrate-meta-layouts":"set","ast-page-background-enabled":"default","ast-page-background-meta":{"desktop":{"background-color":"var(--ast-global-color-4)","background-image":"","background-repeat":"repeat","background-position":"center center","background-size":"auto","background-attachment":"scroll","background-type":"","background-media":"","overlay-type":"","overlay-color":"","overlay-opacity":"","overlay-gradient":""},"tablet":{"background-color":"","background-image":"","background-repeat":"repeat","background-position":"center center","background-size":"auto","background-attachment":"scroll","background-type":"","background-media":"","overlay-type":"","overlay-color":"","overlay-opacity":"","overlay-gradient":""},"mobile":{"background-color":"","background-image":"","background-repeat":"repeat","background-position":"center center","background-size":"auto","background-attachment":"scroll","background-type":"","background-media":"","overlay-type":"","overlay-color":"","overlay-opacity":"","overlay-gradient":""}},"ast-content-background-meta":{"desktop":{"background-color":"var(--ast-global-color-5)","background-image":"","background-repeat":"repeat","background-position":"center center","background-size":"auto","background-attachment":"scroll","background-type":"","background-media":"","overlay-type":"","overlay-color":"","overlay-opacity":"","overlay-gradient":""},"tablet":{"background-color":"var(--ast-global-color-5)","background-image":"","background-repeat":"repeat","background-position":"center center","background-size":"auto","background-attachment":"scroll","background-type":"","background-media":"","overlay-type":"","overlay-color":"","overlay-opacity":"","overlay-gradient":""},"mobile":{"background-color":"var(--ast-global-color-5)","background-image":"","background-repeat":"repeat","background-position":"center center","background-size":"auto","background-attachment":"scroll","background-type":"","background-media":"","overlay-type":"","overlay-color":"","overlay-opacity":"","overlay-gradient":""}}},"product_cat":[69],"product_tag":[],"class_list":["post-5917","product","type-product","status-publish","has-post-thumbnail","hentry","product_cat-galamb-joci","desktop-align-left","tablet-align-left","mobile-align-left"],"_links":{"self":[{"href":"https:\/\/www.sunkaraoke.hu\/index.php\/wp-json\/wp\/v2\/product\/5917","targetHints":{"allow":["GET"]}}],"collection":[{"href":"https:\/\/www.sunkaraoke.hu\/index.php\/wp-json\/wp\/v2\/product"}],"about":[{"href":"https:\/\/www.sunkaraoke.hu\/index.php\/wp-json\/wp\/v2\/types\/product"}],"wp:featuredmedia":[{"embeddable":true,"href":"https:\/\/www.sunkaraoke.hu\/index.php\/wp-json\/wp\/v2\/media\/6363"}],"wp:attachment":[{"href":"https:\/\/www.sunkaraoke.hu\/index.php\/wp-json\/wp\/v2\/media?parent=5917"}],"wp:term":[{"taxonomy":"product_cat","embeddable":true,"href":"https:\/\/www.sunkaraoke.hu\/index.php\/wp-json\/wp\/v2\/product_cat?post=5917"},{"taxonomy":"product_tag","embeddable":true,"href":"https:\/\/www.sunkaraoke.hu\/index.php\/wp-json\/wp\/v2\/product_tag?post=5917"}],"curies":[{"name":"wp","href":"https:\/\/api.w.org\/{rel}","templated":true}]}}