{"id":5861,"date":"2022-08-08T20:49:58","date_gmt":"2022-08-08T20:49:58","guid":{"rendered":"https:\/\/www.sunkaraoke.hu\/index.php\/termek\/galamb-jozsef-szurke-eniko-galamb-csardas-mix-04\/"},"modified":"2025-04-13T11:48:31","modified_gmt":"2025-04-13T11:48:31","slug":"galamb-jozsef-szurke-eniko-galamb-csardas-mix-04","status":"publish","type":"product","link":"https:\/\/www.sunkaraoke.hu\/index.php\/termek\/galamb-jozsef-szurke-eniko-galamb-csardas-mix-04\/","title":{"rendered":"<div class=\"wcmp-player-container product-5861\"><audio controlslist=\"nodownload\" data-product=\"5861\"  volume=\"1\"  preload=\"none\" data-lazyloading=\"none\" class=\"wcmp-player track mejs-classic\" data-duration=\"0:39\" data-estimated_duration=\"4\"><source src=\"https:\/\/www.sunkaraoke.hu\/wp-content\/uploads\/2022\/08\/Galamb-csardas-mix-04.-G.-demoo.mp3\" type=\"audio\/mp3\" \/><\/audio><\/div>Galamb J\u00f3zsef &#038; Sz\u00fcrke Enik\u00f5 &#8211; Galamb Cs\u00e1rd\u00e1s mix 04. (Original)"},"content":{"rendered":"<p><strong>07:43<\/strong> | <strong><img loading=\"lazy\" decoding=\"async\" class=\"alignnone size-full wp-image-467\" src=\"https:\/\/www.sunkaraoke.hu\/wp-content\/uploads\/2022\/07\/choir_2-copy.webp\" alt=\"\" width=\"30\" height=\"30\" \/> <\/strong><\/p>\n","protected":false},"excerpt":{"rendered":"<h6><strong>Bits\u0171r\u0171s\u00e9g: 320<\/strong>kb\/s<strong><br \/>\n<\/strong><strong>Hossz: <\/strong>07:43<strong><br \/>\n<\/strong><strong style=\"font-size: 16px;\">Vok\u00e1lt tartalmaz: <\/strong>Nem <img loading=\"lazy\" decoding=\"async\" class=\"alignnone size-full wp-image-467\" src=\"http:\/\/www.sunkaraoke.hu\/wp-content\/uploads\/2022\/07\/choir_2-copy.png\" alt=\"\" width=\"30\" height=\"30\" \/><strong style=\"font-size: 16px;\"><br \/>\n<\/strong><\/h6>\n<p>Sunkaraoke mp3 st\u00fadi\u00f3 \/ www.sunkaraoke.hu \/ Inf: Tel: 06 20 4275001<\/p>\n<p>&#8212;Intr\u00f3&#8212;<\/p>\n<p>A laktanya udvar\u00e1n<br \/>\nA sz\u00e1zad m\u00e1r k\u00e9szen \u00e1ll<br \/>\nNy\u00edlik a piros r\u00f3zsa<br \/>\nA kapuba s\u00edrdog\u00e1l<br \/>\nA sok csinos barna l\u00e1ny<br \/>\nB\u00facs\u00fazik utolj\u00e1ra<\/p>\n<p>Nem tudom, hogy l\u00e1tlak e m\u00e9g vir\u00e1gom<br \/>\n\u00cdgy h\u00e1t \u00e9n a legjobbakat k\u00edv\u00e1nom<br \/>\nKalapomon cserfa\u00e1g<br \/>\nSz\u00edvemben egy sz\u00e1l vir\u00e1g<br \/>\nEz lesz az utit\u00e1rsam<\/p>\n<p>Nem tudom, hogy l\u00e1tlak e m\u00e9g vir\u00e1gom<br \/>\n\u00cdgy h\u00e1t \u00e9n a legjobbakat k\u00edv\u00e1nom<br \/>\nKalapomon cserfa\u00e1g<br \/>\nSz\u00edvemben egy sz\u00e1l vir\u00e1g<br \/>\nEz lesz az utit\u00e1rsam<\/p>\n<p>&gt;SOLO&lt; Ha megj\u00f6v\u00f6k kis bab\u00e1m A kapuban v\u00e1rsz re\u00e1m \u00dcnnepi feh\u00e9rs\u00e9gben Megk\u00e9rem a sz\u00e1zadost Aki szabads\u00e1got oszt Adjon egy hetet n\u00e9kem Mikor a pap szerelm\u00fcnket meg\u00e1ldja Zubbonyomat civil ruha lev\u00e1ltja B\u00fcszke lehet az a l\u00e1ny Meg a j\u00f3 \u00e9desany\u00e1m Hogyha a fi\u00e1t l\u00e1tja Mikor a pap szerelm\u00fcnket meg\u00e1ldja Zubbonyomat civil ruha lev\u00e1ltja B\u00fcszke lehet az a l\u00e1ny Meg a j\u00f3 \u00e9desany\u00e1m Hogyha a fi\u00e1t l\u00e1tja &gt;Z\u00f6ld erd\u0151ben de magas &#8211; Cm&lt; &gt;SOLO&lt; Z\u00f6ld erd\u0151ben de magas Z\u00f6ld erd\u0151ben de magas a juharfa Kicsi mad\u00e1r a f\u00e9szk\u00e9t Kicsi mad\u00e1r a f\u00e9szk\u00e9t oda rakja Az erdei dalosmad\u00e1rnak is van p\u00e1rja Csak \u00e9n magam egyed\u0171l Csak \u00e9n magam egyed\u0171l vagyok \u00e1rva Az erdei dalosmad\u00e1rnak is van p\u00e1rja Csak \u00e9n magam egyed\u0171l Csak \u00e9n magam egyed\u0171l vagyok \u00e1rva &gt;SOLO&lt; R\u00f3zsa, r\u00f3zsa, r\u00f3zsafa R\u00f3zsa, r\u00f3zsa, labdar\u00f3zsa levele Nem besz\u00e9lte, sejehaj Nem besz\u00e9ltem a r\u00f3zs\u00e1mmal az este Zsebkend\u0151m is n\u00e1la van a zseb\u00e9be Vissza hozza, sejehaj Vissza hozza, ha akarja az este Zsebkend\u0151m is n\u00e1la van a zseb\u00e9be Vissza hozza, sejehaj Vissza hozza, ha akarja az este &gt;SOLO&lt; Piros alma kigurult Piros alma kigurult a kos\u00e1rb\u00f3l Nincsen, aki felvegye Nincsen, aki megt\u00f6r\u00f6lje a s\u00e1rt\u00f3l \u00c9n felveszem, megt\u00f6r\u00f6l\u00f6m a s\u00e1rt\u00f3l K\u00e9rek cs\u00f3kot, kapok is Ak\u00e1r tizenhatot is a bab\u00e1mt\u00f3l \u00c9n felveszem, megt\u00f6r\u00f6l\u00f6m a s\u00e1rt\u00f3l K\u00e9rek cs\u00f3kot, kapok is Ak\u00e1r tizenhatot is a bab\u00e1mt\u00f3l &gt;Az \u00e9n ap\u00e1m olyan volt&lt; &gt;WAMP&lt; Az \u00e9n ap\u00e1m olyan volt Hogy a sz\u00e9p l\u00e1nyt, meg a bort Igen nagyon szerette A mennyecsk\u00e9t, meg a l\u00e1nyt Elszerette egyar\u00e1nt Amikor csak tehette Sose csin\u00e1lt ad\u00f3ss\u00e1got a cs\u00e1rd\u00e1ba Minden rov\u00e1st let\u00f6r\u00f6lt a cs\u00e1rd\u00e1s l\u00e1nya Az \u00e9n ap\u00e1m olyan volt Hogy a sz\u00e9p l\u00e1nyt, meg a bort Igen nagyon szerette Sose csin\u00e1lt ad\u00f3ss\u00e1got a cs\u00e1rd\u00e1ba Minden rov\u00e1st let\u00f6r\u00f6lt a cs\u00e1rd\u00e1s l\u00e1nya Az \u00e9n ap\u00e1m olyan volt Hogy a sz\u00e9p l\u00e1nyt, meg a bort Igen nagyon szerette &gt;SOLO&lt;<\/p>\n<p>Az \u00e9n ap\u00e1m olyan volt<br \/>\nHogy haragba sose volt<br \/>\nSe asszonnyal, se l\u00e1nnyal<br \/>\nMessze f\u00f6ld\u00f6n h\u00edre j\u00e1rt<br \/>\nHogy egy cs\u00f3k\u00e9rt cimbor\u00e1lt<br \/>\nAz \u00f6rd\u00f6ggel mag\u00e1val<\/p>\n<p>Sok helyen a j\u00f3 est\u00e9t, m\u00e9g ki sem mondta<br \/>\nM\u00e1r a kisl\u00e1ny piros ajk\u00e1t megv\u00e1molta<br \/>\nAz \u00e9n ap\u00e1m olyan volt<br \/>\nHogy haragba sose volt<br \/>\nSe asszonnyal, se l\u00e1nnyal<\/p>\n<p>Sok helyen a j\u00f3 est\u00e9t, m\u00e9g ki sem mondta<br \/>\nM\u00e1r a kisl\u00e1ny piros ajk\u00e1t megv\u00e1molta<br \/>\nAz \u00e9n ap\u00e1m olyan volt<br \/>\nHogy haragba sose volt<br \/>\nSe asszonnyal, se l\u00e1nnyal<\/p>\n","protected":false},"featured_media":6363,"template":"","meta":{"site-sidebar-layout":"default","site-content-layout":"default","ast-site-content-layout":"default","site-content-style":"default","site-sidebar-style":"default","ast-global-header-display":"","ast-banner-title-visibility":"","ast-main-header-display":"","ast-hfb-above-header-display":"","ast-hfb-below-header-display":"","ast-hfb-mobile-header-display":"","site-post-title":"","ast-breadcrumbs-content":"","ast-featured-img":"","footer-sml-layout":"","theme-transparent-header-meta":"default","adv-header-id-meta":"","stick-header-meta":"","header-above-stick-meta":"","header-main-stick-meta":"","header-below-stick-meta":"","astra-migrate-meta-layouts":"set","ast-page-background-enabled":"default","ast-page-background-meta":{"desktop":{"background-color":"var(--ast-global-color-4)","background-image":"","background-repeat":"repeat","background-position":"center center","background-size":"auto","background-attachment":"scroll","background-type":"","background-media":"","overlay-type":"","overlay-color":"","overlay-opacity":"","overlay-gradient":""},"tablet":{"background-color":"","background-image":"","background-repeat":"repeat","background-position":"center center","background-size":"auto","background-attachment":"scroll","background-type":"","background-media":"","overlay-type":"","overlay-color":"","overlay-opacity":"","overlay-gradient":""},"mobile":{"background-color":"","background-image":"","background-repeat":"repeat","background-position":"center center","background-size":"auto","background-attachment":"scroll","background-type":"","background-media":"","overlay-type":"","overlay-color":"","overlay-opacity":"","overlay-gradient":""}},"ast-content-background-meta":{"desktop":{"background-color":"var(--ast-global-color-5)","background-image":"","background-repeat":"repeat","background-position":"center center","background-size":"auto","background-attachment":"scroll","background-type":"","background-media":"","overlay-type":"","overlay-color":"","overlay-opacity":"","overlay-gradient":""},"tablet":{"background-color":"var(--ast-global-color-5)","background-image":"","background-repeat":"repeat","background-position":"center center","background-size":"auto","background-attachment":"scroll","background-type":"","background-media":"","overlay-type":"","overlay-color":"","overlay-opacity":"","overlay-gradient":""},"mobile":{"background-color":"var(--ast-global-color-5)","background-image":"","background-repeat":"repeat","background-position":"center center","background-size":"auto","background-attachment":"scroll","background-type":"","background-media":"","overlay-type":"","overlay-color":"","overlay-opacity":"","overlay-gradient":""}}},"product_cat":[69],"product_tag":[],"class_list":["post-5861","product","type-product","status-publish","has-post-thumbnail","hentry","product_cat-galamb-joci","desktop-align-left","tablet-align-left","mobile-align-left"],"_links":{"self":[{"href":"https:\/\/www.sunkaraoke.hu\/index.php\/wp-json\/wp\/v2\/product\/5861","targetHints":{"allow":["GET"]}}],"collection":[{"href":"https:\/\/www.sunkaraoke.hu\/index.php\/wp-json\/wp\/v2\/product"}],"about":[{"href":"https:\/\/www.sunkaraoke.hu\/index.php\/wp-json\/wp\/v2\/types\/product"}],"wp:featuredmedia":[{"embeddable":true,"href":"https:\/\/www.sunkaraoke.hu\/index.php\/wp-json\/wp\/v2\/media\/6363"}],"wp:attachment":[{"href":"https:\/\/www.sunkaraoke.hu\/index.php\/wp-json\/wp\/v2\/media?parent=5861"}],"wp:term":[{"taxonomy":"product_cat","embeddable":true,"href":"https:\/\/www.sunkaraoke.hu\/index.php\/wp-json\/wp\/v2\/product_cat?post=5861"},{"taxonomy":"product_tag","embeddable":true,"href":"https:\/\/www.sunkaraoke.hu\/index.php\/wp-json\/wp\/v2\/product_tag?post=5861"}],"curies":[{"name":"wp","href":"https:\/\/api.w.org\/{rel}","templated":true}]}}