{"id":5860,"date":"2022-08-08T20:49:58","date_gmt":"2022-08-08T20:49:58","guid":{"rendered":"https:\/\/www.sunkaraoke.hu\/index.php\/termek\/galamb-jozsef-szurke-eniko-zold-szemem-kek\/"},"modified":"2025-04-13T11:50:35","modified_gmt":"2025-04-13T11:50:35","slug":"galamb-jozsef-szurke-eniko-zold-szemem-kek","status":"publish","type":"product","link":"https:\/\/www.sunkaraoke.hu\/index.php\/termek\/galamb-jozsef-szurke-eniko-zold-szemem-kek\/","title":{"rendered":"<div class=\"wcmp-player-container product-5860\"><audio controlslist=\"nodownload\" data-product=\"5860\"  volume=\"1\"  preload=\"none\" data-lazyloading=\"none\" class=\"wcmp-player track mejs-classic\" data-duration=\"0:34\" data-estimated_duration=\"4\"><source src=\"https:\/\/www.sunkaraoke.hu\/wp-content\/uploads\/2022\/08\/Zold-szemem-kek-Voc-G.-kademoo.mp3\" type=\"audio\/mp3\" \/><\/audio><\/div>Galamb J\u00f3zsef &#038; Sz\u00fcrke Enik\u00f5 &#8211; Z\u00f6ld szemem k\u00e9k (Original)"},"content":{"rendered":"<p><strong>03:19<\/strong> | <strong><img loading=\"lazy\" decoding=\"async\" class=\"alignnone size-full wp-image-466\" src=\"https:\/\/www.sunkaraoke.hu\/wp-content\/uploads\/2022\/07\/choir_1-copy.webp\" alt=\"\" width=\"30\" height=\"30\" \/> <\/strong><\/p>\n","protected":false},"excerpt":{"rendered":"<h6><strong>Bits\u0171r\u0171s\u00e9g: 320k<\/strong>b\/s<strong><br \/>\n<\/strong><strong>Hossz: <\/strong>03:19<strong><br \/>\n<\/strong><strong style=\"font-size: 16px;\">Vok\u00e1lt tartalmaz: <\/strong>Igen <img loading=\"lazy\" decoding=\"async\" class=\"alignnone size-full wp-image-466\" src=\"http:\/\/www.sunkaraoke.hu\/wp-content\/uploads\/2022\/07\/choir_1-copy.png\" alt=\"\" width=\"30\" height=\"30\" \/><strong style=\"font-size: 16px;\"><br \/>\n<\/strong><\/h6>\n<p>Sunkaraoke mp3 st\u00fadi\u00f3 \/ www.sunkaraoke.hu \/ Inf: Tel: 06 20 4275001<\/p>\n<p>&#8212;Intr\u00f3&#8212;<\/p>\n<p>Z\u00f6ld szemem k\u00e9k, ilyen a term\u00e9szetem<br \/>\nEz az igazs\u00e1g, mivel, hogy \u00edgy hiszem<br \/>\nM\u00edg \u00e1ll a f\u00f6ld, \u00e9s k\u00f6r\u00f6tte forog a nap<br \/>\nAz \u00e9n kis lelkem nyugalma megmarad<\/p>\n<p>Csillagos \u00e9g, ha fel nem \u00e9rhetem<br \/>\nVet\u00edtett h\u00e1tt\u00e9r, d\u00edszlet csak nekem<br \/>\nMinden oly sz\u00e9p, \u00e9s minden nagyon j\u00f3<br \/>\n\u00c9s nincs a f\u00f6ld\u00f6n hozz\u00e1m hasonl\u00f3<\/p>\n<p>Hej, t\u00fck\u00f6r, mondd meg b\u00e1tran<br \/>\nKi a legszebb a vil\u00e1gban<br \/>\nHej, t\u00fck\u00f6r, \u00f6sszet\u00f6rlek<br \/>\nHa nem \u00e9n vagyok a legszebb<\/p>\n<p>Hej, t\u00fck\u00f6r, mondd meg b\u00e1tran<br \/>\nKi a legszebb a vil\u00e1gban<br \/>\nHej, t\u00fck\u00f6r, \u00f6sszet\u00f6rlek<br \/>\nHa nem \u00e9n vagyok a legszebb l\u00e1ny<\/p>\n<p>&gt;FILL&lt; Az\u00e9rt van ny\u00e1r, mert j\u00f3l esik nekem Hogy magamat sz\u00e9p barn\u00e1ra s\u00fcttetem Az\u00e9rt vagy te, hogy esk\u00fcd\u00f6zz nekem Hogy rajtam k\u00edv\u0171l nincs m\u00e1s senki sem Hej, t\u00fck\u00f6r, mondd meg b\u00e1tran Ki a legszebb a vil\u00e1gban Hej, t\u00fck\u00f6r, \u00f6sszet\u00f6rlek Ha nem \u00e9n vagyok a legszebb Hej, t\u00fck\u00f6r, mondd meg b\u00e1tran Ki a legszebb a vil\u00e1gban Hej, t\u00fck\u00f6r, \u00f6sszet\u00f6rlek Ha nem \u00e9n vagyok a legszebb l\u00e1ny &gt;SOLO&lt;<\/p>\n<p>Hej, t\u00fck\u00f6r, mondd meg b\u00e1tran<br \/>\nKi a legszebb a vil\u00e1gban<br \/>\nHej, t\u00fck\u00f6r, \u00f6sszet\u00f6rlek<br \/>\nHa nem \u00e9n vagyok a legszebb<\/p>\n<p>Hej, t\u00fck\u00f6r, mondd meg b\u00e1tran<br \/>\nKi a legszebb a vil\u00e1gban<br \/>\nHej, t\u00fck\u00f6r, \u00f6sszet\u00f6rlek<br \/>\nHa nem \u00e9n vagyok a legszebb l\u00e1ny<\/p>\n","protected":false},"featured_media":6363,"template":"","meta":{"site-sidebar-layout":"default","site-content-layout":"default","ast-site-content-layout":"default","site-content-style":"default","site-sidebar-style":"default","ast-global-header-display":"","ast-banner-title-visibility":"","ast-main-header-display":"","ast-hfb-above-header-display":"","ast-hfb-below-header-display":"","ast-hfb-mobile-header-display":"","site-post-title":"","ast-breadcrumbs-content":"","ast-featured-img":"","footer-sml-layout":"","theme-transparent-header-meta":"default","adv-header-id-meta":"","stick-header-meta":"","header-above-stick-meta":"","header-main-stick-meta":"","header-below-stick-meta":"","astra-migrate-meta-layouts":"set","ast-page-background-enabled":"default","ast-page-background-meta":{"desktop":{"background-color":"var(--ast-global-color-4)","background-image":"","background-repeat":"repeat","background-position":"center center","background-size":"auto","background-attachment":"scroll","background-type":"","background-media":"","overlay-type":"","overlay-color":"","overlay-opacity":"","overlay-gradient":""},"tablet":{"background-color":"","background-image":"","background-repeat":"repeat","background-position":"center center","background-size":"auto","background-attachment":"scroll","background-type":"","background-media":"","overlay-type":"","overlay-color":"","overlay-opacity":"","overlay-gradient":""},"mobile":{"background-color":"","background-image":"","background-repeat":"repeat","background-position":"center center","background-size":"auto","background-attachment":"scroll","background-type":"","background-media":"","overlay-type":"","overlay-color":"","overlay-opacity":"","overlay-gradient":""}},"ast-content-background-meta":{"desktop":{"background-color":"var(--ast-global-color-5)","background-image":"","background-repeat":"repeat","background-position":"center center","background-size":"auto","background-attachment":"scroll","background-type":"","background-media":"","overlay-type":"","overlay-color":"","overlay-opacity":"","overlay-gradient":""},"tablet":{"background-color":"var(--ast-global-color-5)","background-image":"","background-repeat":"repeat","background-position":"center center","background-size":"auto","background-attachment":"scroll","background-type":"","background-media":"","overlay-type":"","overlay-color":"","overlay-opacity":"","overlay-gradient":""},"mobile":{"background-color":"var(--ast-global-color-5)","background-image":"","background-repeat":"repeat","background-position":"center center","background-size":"auto","background-attachment":"scroll","background-type":"","background-media":"","overlay-type":"","overlay-color":"","overlay-opacity":"","overlay-gradient":""}}},"product_cat":[69],"product_tag":[],"class_list":["post-5860","product","type-product","status-publish","has-post-thumbnail","hentry","product_cat-galamb-joci","desktop-align-left","tablet-align-left","mobile-align-left"],"_links":{"self":[{"href":"https:\/\/www.sunkaraoke.hu\/index.php\/wp-json\/wp\/v2\/product\/5860","targetHints":{"allow":["GET"]}}],"collection":[{"href":"https:\/\/www.sunkaraoke.hu\/index.php\/wp-json\/wp\/v2\/product"}],"about":[{"href":"https:\/\/www.sunkaraoke.hu\/index.php\/wp-json\/wp\/v2\/types\/product"}],"wp:featuredmedia":[{"embeddable":true,"href":"https:\/\/www.sunkaraoke.hu\/index.php\/wp-json\/wp\/v2\/media\/6363"}],"wp:attachment":[{"href":"https:\/\/www.sunkaraoke.hu\/index.php\/wp-json\/wp\/v2\/media?parent=5860"}],"wp:term":[{"taxonomy":"product_cat","embeddable":true,"href":"https:\/\/www.sunkaraoke.hu\/index.php\/wp-json\/wp\/v2\/product_cat?post=5860"},{"taxonomy":"product_tag","embeddable":true,"href":"https:\/\/www.sunkaraoke.hu\/index.php\/wp-json\/wp\/v2\/product_tag?post=5860"}],"curies":[{"name":"wp","href":"https:\/\/api.w.org\/{rel}","templated":true}]}}