{"id":5853,"date":"2022-08-08T20:49:57","date_gmt":"2022-08-08T20:49:57","guid":{"rendered":"https:\/\/www.sunkaraoke.hu\/index.php\/termek\/piros-bela-piros-mulatos-mix-41\/"},"modified":"2025-04-07T11:22:37","modified_gmt":"2025-04-07T11:22:37","slug":"piros-bela-piros-mulatos-mix-41","status":"publish","type":"product","link":"https:\/\/www.sunkaraoke.hu\/index.php\/termek\/piros-bela-piros-mulatos-mix-41\/","title":{"rendered":"<div class=\"wcmp-player-container product-5853\"><audio controlslist=\"nodownload\" data-product=\"5853\"  volume=\"1\"  preload=\"none\" data-lazyloading=\"none\" class=\"wcmp-player track mejs-classic\" data-duration=\"0:36\" data-estimated_duration=\"4\"><source src=\"https:\/\/www.sunkaraoke.hu\/wp-content\/uploads\/2022\/08\/Piros-Bela-Mulatos-mix-41.-demoo.mp3\" type=\"audio\/mp3\" \/><\/audio><\/div>Piros B\u00e9la &#8211; Piros Mulat\u00f3s Mix. 41.  (Original)"},"content":{"rendered":"<p><strong>06:52<\/strong> | <strong><img loading=\"lazy\" decoding=\"async\" class=\"alignnone size-full wp-image-467\" src=\"https:\/\/www.sunkaraoke.hu\/wp-content\/uploads\/2022\/07\/choir_2-copy.webp\" alt=\"\" width=\"30\" height=\"30\" \/> <\/strong><\/p>\n","protected":false},"excerpt":{"rendered":"<h6><strong>Bits\u0171r\u0171s\u00e9g: 320<\/strong>kb\/s<strong><br \/>\n<\/strong><strong>Hossz: <\/strong>06:52<strong><br \/>\n<\/strong><strong style=\"font-size: 16px;\">Vok\u00e1lt tartalmaz: <\/strong>Nem <img loading=\"lazy\" decoding=\"async\" class=\"alignnone size-full wp-image-467\" src=\"http:\/\/www.sunkaraoke.hu\/wp-content\/uploads\/2022\/07\/choir_2-copy.png\" alt=\"\" width=\"30\" height=\"30\" \/><strong style=\"font-size: 16px;\"><br \/>\n<\/strong><\/h6>\n<p>Sunkaraoke mp3 st\u00fadi\u00f3 \/ www.sunkaraoke.hu \/ Inf: Tel: 06 20 4275001<\/p>\n<p>&#8212;Intr\u00f3&#8212;-<\/p>\n<p>\u00c9g a kunyh\u00f3,ropog a n\u00e1d,szor\u00edtsd hozz\u00e1d ezt a barn\u00e1t!<br \/>\nM\u00edg a barn\u00e1t szorongatod,azt a sz\u0151k\u00e9t elszalasztod.<br \/>\nM\u00edg a barn\u00e1t szorongatod,azt a sz\u0151k\u00e9t elszalasztod.<\/p>\n<p>Haja,cica,kis Katica,mit \u00e1lmodt\u00e1l az \u00e9jszaka?<br \/>\nBarna r\u00f3zs\u00e1m cs\u00f3kolgatott,olyan nagyon szorongatott.<br \/>\nBarna r\u00f3zs\u00e1m cs\u00f3kolgatott,olyan nagyon szorongatott.<\/p>\n<p>Kis Kom\u00e1rom,nagy Kom\u00e1rom,jaj,de sz\u00e9p l\u00e1ny ez a h\u00e1rom!<br \/>\nDe szeretn\u00e9m az egyiket,h\u00e1rom k\u00f6z\u00fcl a legszebbiket!<br \/>\nDe szeretn\u00e9m az egyiket,h\u00e1rom k\u00f6z\u00fcl a legszebbiket!<br \/>\n&#8212;-Sz\u00f3l\u00f3&#8212;<br \/>\nElmegyek \u00e9n,elmegyek \u00e9n,elmegyek \u00e9n tihozz\u00e1tok a ny\u00e1ron.<br \/>\nR\u00e9zveret\u0171,r\u00e9zveret\u0171,r\u00e9zveret\u0171 h\u00e9t pejlovas bat\u00e1ron.<br \/>\nA kaputok sarkig nyitva \u00e1lljon,\u00e9desany\u00e1d a kapuban \u00e1lljon!<br \/>\nElmegyek \u00e9n,elmegyek \u00e9n,elmegyek \u00e9n tihozz\u00e1tok a ny\u00e1ron.<br \/>\nA kaputok sarkig nyitva \u00e1lljon,\u00e9desany\u00e1d a kapuban \u00e1lljon!<br \/>\nElmegyek \u00e9n,elmegyek \u00e9n,elmegyek \u00e9n tihozz\u00e1tok a ny\u00e1ron.<\/p>\n<p>B\u00fazavir\u00e1g,b\u00fazavir\u00e1g,b\u00fazavir\u00e1g terem kinn a hat\u00e1rban.<br \/>\nSz\u00e9p szeret\u0151,j\u00f3 szeret\u0151,h\u0171 szeret\u0151 leszek \u00e9n a tany\u00e1dban.<br \/>\nHa az \u00e9let n\u00e9kem adott,p\u00e1rom,elvihetsz a n\u00e9gylovas bat\u00e1ron!<br \/>\nB\u00fazavir\u00e1g,b\u00fazavir\u00e1g,b\u00fazavir\u00e1g terem kinn a hat\u00e1rban.<br \/>\nHa az \u00e9let n\u00e9kem adott,p\u00e1rom,elvihetsz a n\u00e9gylovas bat\u00e1ron!<br \/>\nB\u00fazavir\u00e1g,b\u00fazavir\u00e1g,b\u00fazavir\u00e1g terem kinn a hat\u00e1rban.<\/p>\n<p>&#8212;Sz\u00f3l\u00f3&#8212;<br \/>\n\u00d6reg ember vagyok \u00e9n m\u00e1r,\u0151sz a hajam sz\u00e1la.<br \/>\nFiatal a feles\u00e9gem,b\u00fcszke vagyok r\u00e1ja.<br \/>\nA hajamat lev\u00e1gatom,ki is ondol\u00e1lom,<br \/>\nazt sajn\u00e1lom,nem a r\u00e9gi p\u00e1rom,elhagyott a ny\u00e1ron.<br \/>\nA hajamat lev\u00e1gatom,ki is ondol\u00e1lom,<br \/>\nazt sajn\u00e1lom,nem a r\u00e9gi p\u00e1rom,elhagyott a ny\u00e1ron.<\/p>\n<p>Van nekem egy feles\u00e9gem,b\u00fcszke vagyok r\u00e1ja,<br \/>\nkor\u00e1n reggel,mikor felkel,mindig j\u00e1r a sz\u00e1ja.<br \/>\nKor\u00e1n reggel,mikor felkel,mindig veszekedik velem.<br \/>\n\u0150 k\u00e9sik el a reggelivel,m\u00e9gis nekem perel.<br \/>\nKor\u00e1n reggel,mikor felkel,mindig veszekedik velem.<br \/>\n\u0150 k\u00e9sik el a reggelivel,m\u00e9gis nekem perel.<br \/>\n&#8212;Sz\u00f3l\u00f3&#8212;<br \/>\n\u00c1rva vagyok \u00e1rva, a j\u00f3 isten is l\u00e1tja,<br \/>\nverje meg a szenth\u00e1roms\u00e1g ki az \u00e1rv\u00e1t b\u00e1ntja,<br \/>\nverje meg a szenth\u00e1roms\u00e1g ki az \u00e1rv\u00e1t b\u00e1ntja.<\/p>\n<p>S\u00edr, zokog a lelkem, hogy el kell t\u0151led mennem,<br \/>\nmegcsaltad az \u00e1rva sz\u00edvem, majd meg hasad \u00e9rted,<br \/>\nmegcsaltad az \u00e1rva sz\u00edvem, majd meg hasad \u00e9rted.<br \/>\n&#8212;Sz\u00f3l\u00f3&#8212;<br \/>\nT\u00e9glaporos az \u00e9n cip\u0151m, lekef\u00e9lni nincsen id\u0151m,<br \/>\nharagszik a feles\u00e9gem, mert h\u00e1rom hete nem kef\u00e9lem,<br \/>\nharagszik a feles\u00e9gem, mert h\u00e1rom hete nem kef\u00e9lem.<\/p>\n<p>Ha kimegyek a piacra, r\u00e1l\u00e9pek egy pap\u00edrosra,<br \/>\npap\u00edrosra \u00f6tsz\u00e1zasra, f\u00e1j a sz\u00edvem a r\u00e1nyimra,<br \/>\npap\u00edrosra \u00f6tsz\u00e1zasra, f\u00e1j a sz\u00edvem a r\u00e1nyimra.<\/p>\n<p>Hallja mit mondok mag\u00e1nak, v\u00e1llaljon be \u00fati t\u00e1rsnak,<br \/>\nha nem v\u00e1llal \u00fati t\u00e1rsnak, v\u00e1llaljon be bab\u00e1j\u00e1nak,<br \/>\nha nem v\u00e1llal \u00fati t\u00e1rsnak, v\u00e1llaljon be bab\u00e1j\u00e1nak.<br \/>\n&#8212;V\u00e9ge&#8212;<\/p>\n","protected":false},"featured_media":12989,"template":"","meta":{"site-sidebar-layout":"default","site-content-layout":"default","ast-site-content-layout":"default","site-content-style":"default","site-sidebar-style":"default","ast-global-header-display":"","ast-banner-title-visibility":"","ast-main-header-display":"","ast-hfb-above-header-display":"","ast-hfb-below-header-display":"","ast-hfb-mobile-header-display":"","site-post-title":"","ast-breadcrumbs-content":"","ast-featured-img":"","footer-sml-layout":"","theme-transparent-header-meta":"default","adv-header-id-meta":"","stick-header-meta":"","header-above-stick-meta":"","header-main-stick-meta":"","header-below-stick-meta":"","astra-migrate-meta-layouts":"set","ast-page-background-enabled":"default","ast-page-background-meta":{"desktop":{"background-color":"var(--ast-global-color-4)","background-image":"","background-repeat":"repeat","background-position":"center center","background-size":"auto","background-attachment":"scroll","background-type":"","background-media":"","overlay-type":"","overlay-color":"","overlay-opacity":"","overlay-gradient":""},"tablet":{"background-color":"","background-image":"","background-repeat":"repeat","background-position":"center center","background-size":"auto","background-attachment":"scroll","background-type":"","background-media":"","overlay-type":"","overlay-color":"","overlay-opacity":"","overlay-gradient":""},"mobile":{"background-color":"","background-image":"","background-repeat":"repeat","background-position":"center center","background-size":"auto","background-attachment":"scroll","background-type":"","background-media":"","overlay-type":"","overlay-color":"","overlay-opacity":"","overlay-gradient":""}},"ast-content-background-meta":{"desktop":{"background-color":"var(--ast-global-color-5)","background-image":"","background-repeat":"repeat","background-position":"center center","background-size":"auto","background-attachment":"scroll","background-type":"","background-media":"","overlay-type":"","overlay-color":"","overlay-opacity":"","overlay-gradient":""},"tablet":{"background-color":"var(--ast-global-color-5)","background-image":"","background-repeat":"repeat","background-position":"center center","background-size":"auto","background-attachment":"scroll","background-type":"","background-media":"","overlay-type":"","overlay-color":"","overlay-opacity":"","overlay-gradient":""},"mobile":{"background-color":"var(--ast-global-color-5)","background-image":"","background-repeat":"repeat","background-position":"center center","background-size":"auto","background-attachment":"scroll","background-type":"","background-media":"","overlay-type":"","overlay-color":"","overlay-opacity":"","overlay-gradient":""}}},"product_cat":[48],"product_tag":[],"class_list":["post-5853","product","type-product","status-publish","has-post-thumbnail","hentry","product_cat-sunkaraoke-dalok","desktop-align-left","tablet-align-left","mobile-align-left"],"_links":{"self":[{"href":"https:\/\/www.sunkaraoke.hu\/index.php\/wp-json\/wp\/v2\/product\/5853","targetHints":{"allow":["GET"]}}],"collection":[{"href":"https:\/\/www.sunkaraoke.hu\/index.php\/wp-json\/wp\/v2\/product"}],"about":[{"href":"https:\/\/www.sunkaraoke.hu\/index.php\/wp-json\/wp\/v2\/types\/product"}],"wp:featuredmedia":[{"embeddable":true,"href":"https:\/\/www.sunkaraoke.hu\/index.php\/wp-json\/wp\/v2\/media\/12989"}],"wp:attachment":[{"href":"https:\/\/www.sunkaraoke.hu\/index.php\/wp-json\/wp\/v2\/media?parent=5853"}],"wp:term":[{"taxonomy":"product_cat","embeddable":true,"href":"https:\/\/www.sunkaraoke.hu\/index.php\/wp-json\/wp\/v2\/product_cat?post=5853"},{"taxonomy":"product_tag","embeddable":true,"href":"https:\/\/www.sunkaraoke.hu\/index.php\/wp-json\/wp\/v2\/product_tag?post=5853"}],"curies":[{"name":"wp","href":"https:\/\/api.w.org\/{rel}","templated":true}]}}