{"id":5814,"date":"2022-08-08T20:49:53","date_gmt":"2022-08-08T20:49:53","guid":{"rendered":"https:\/\/www.sunkaraoke.hu\/index.php\/termek\/piros-bela-piros-bela-mulatos-mix-38\/"},"modified":"2025-04-07T11:13:47","modified_gmt":"2025-04-07T11:13:47","slug":"piros-bela-piros-bela-mulatos-mix-38","status":"publish","type":"product","link":"https:\/\/www.sunkaraoke.hu\/index.php\/termek\/piros-bela-piros-bela-mulatos-mix-38\/","title":{"rendered":"<div class=\"wcmp-player-container product-5814\"><audio controlslist=\"nodownload\" data-product=\"5814\"  volume=\"1\"  preload=\"none\" data-lazyloading=\"none\" class=\"wcmp-player track mejs-classic\" data-duration=\"0:32\" data-estimated_duration=\"4\"><source src=\"https:\/\/www.sunkaraoke.hu\/wp-content\/uploads\/2022\/08\/Piros-Bela-mulatos-Mix-38.-kdemoo.mp3\" type=\"audio\/mp3\" \/><\/audio><\/div>Piros B\u00e9la &#8211; Piros B\u00e9la Mulat\u00f3s Mix 38. (Original)"},"content":{"rendered":"<p><strong>08:59<\/strong> | <strong><img loading=\"lazy\" decoding=\"async\" class=\"alignnone size-full wp-image-467\" src=\"https:\/\/www.sunkaraoke.hu\/wp-content\/uploads\/2022\/07\/choir_2-copy.webp\" alt=\"\" width=\"30\" height=\"30\" \/> <\/strong><\/p>\n","protected":false},"excerpt":{"rendered":"<h6><strong>Bits\u0171r\u0171s\u00e9g: 320<\/strong>kb\/s<strong><br \/>\n<\/strong><strong>Hossz: <\/strong>08:59<strong><br \/>\n<\/strong><strong style=\"font-size: 16px;\">Vok\u00e1lt tartalmaz: <\/strong>Nem <img loading=\"lazy\" decoding=\"async\" class=\"alignnone size-full wp-image-467\" src=\"http:\/\/www.sunkaraoke.hu\/wp-content\/uploads\/2022\/07\/choir_2-copy.png\" alt=\"\" width=\"30\" height=\"30\" \/><strong style=\"font-size: 16px;\"><br \/>\n<\/strong><\/h6>\n<p>Sunkaraoke mp3 st\u00fadi\u00f3 \/ www.sunkaraoke.hu \/ Inf: Tel: 06 20 4275001<\/p>\n<p>&#8212;Intr\u00f3&#8212;\/\/00:31\/\/<br \/>\nCsillagok, csillagok, sz\u00e9pen ragyogjatok,<br \/>\na szeg\u00e9ny leg\u00e9nynek utat mutassatok!<br \/>\nMutassatok utat, a szeg\u00e9ny leg\u00e9nynek,<br \/>\nnem tal\u00e1lja h\u00e1z\u00e1t a szeret\u0151j\u00e9nek.<br \/>\nMutassatok utat, a szeg\u00e9ny leg\u00e9nynek,<br \/>\nnem tal\u00e1lja h\u00e1z\u00e1t a szeret\u0151j\u00e9nek.<\/p>\n<p>Udvarom, udvarom, sz\u00e9p kerek udvarom,<br \/>\nnem s\u00f6p\u00f6r m\u00e1r t\u00e9ged az \u00e9n gy\u00f6nge karom.<br \/>\nS\u00f6p\u00f6rtem eleget, s\u00f6p\u00f6rj\u00f6n m\u00e1r m\u00e1s is,<br \/>\n\u00f6leltem a bab\u00e1m, \u00f6lelje m\u00e1r m\u00e1s is!<br \/>\nS\u00f6p\u00f6rtem eleget, s\u00f6p\u00f6rj\u00f6n m\u00e1r m\u00e1s is,<br \/>\n\u00f6leltem a bab\u00e1m, \u00f6lelje m\u00e1r m\u00e1s is!<br \/>\n&#8212;Sz\u00f3l\u00f3&#8212;\/\/02:02\/\/<br \/>\nCsillagok, csillagok, sz\u00e9pen ragyogjatok,<br \/>\na szeg\u00e9ny leg\u00e9nynek utat mutassatok!<br \/>\nMutassatok utat, a szeg\u00e9ny leg\u00e9nynek,<br \/>\nnem tal\u00e1lja h\u00e1z\u00e1t a szeret\u0151j\u00e9nek.<br \/>\nMutassatok utat, a szeg\u00e9ny leg\u00e9nynek,<br \/>\nnem tal\u00e1lja h\u00e1z\u00e1t a szeret\u0151j\u00e9nek.<\/p>\n<p>Udvarom, udvarom, sz\u00e9p kerek udvarom,<br \/>\nnem s\u00f6p\u00f6r m\u00e1r t\u00e9ged az \u00e9n gy\u00f6nge karom.<br \/>\nS\u00f6p\u00f6rtem eleget, s\u00f6p\u00f6rj\u00f6n m\u00e1r m\u00e1s is,<br \/>\n\u00f6leltem a bab\u00e1m, \u00f6lelje m\u00e1r m\u00e1s is!<br \/>\nS\u00f6p\u00f6rtem eleget, s\u00f6p\u00f6rj\u00f6n m\u00e1r m\u00e1s is,<br \/>\n\u00f6leltem a bab\u00e1m, \u00f6lelje m\u00e1r m\u00e1s is!<br \/>\n&#8212;Sz\u00f3l\u00f3&#8212;\/\/03:23\/\/<br \/>\nG\u00f3lya, g\u00f3lya hossz\u00fa l\u00e1b\u00fa g\u00f3lya,<br \/>\n\u00e9n megmondtam, ne menj ki a t\u00f3ra.<br \/>\nOdaj\u00e1rnak f\u00fcr\u00f6dni a l\u00e1nyok,<br \/>\ng\u00f3lya mad\u00e1r sz\u00e9gyent ne hozz r\u00e1juk.<br \/>\nOdaj\u00e1rnak f\u00fcr\u00f6dni a l\u00e1nyok,<br \/>\ng\u00f3lya mad\u00e1r sz\u00e9gyent ne hozz r\u00e1juk.<br \/>\nOdaj\u00e1r a hossz\u00fa l\u00e1b\u00fa g\u00e9m is,<br \/>\nodaj\u00e1rok a bab\u00e1mmal \u00e9n is.<br \/>\nAddig-addig j\u00e1rtunk ki a t\u00f3ra,<br \/>\nm\u00edg h\u00e1zunk felett megjelent a g\u00f3lya.<br \/>\nAddig-addig j\u00e1rtunk ki a t\u00f3ra,<br \/>\nm\u00edg h\u00e1zunk felett megjelent a g\u00f3lya.<br \/>\n&#8212;Sz\u00f3l\u00f3&#8212;\/\/04:27\/\/<br \/>\nF\u00fat a diszn\u00f3 a b\u00faz\u00e1ba, csak a f\u00fcle l\u00e1tszik,<br \/>\nh\u00e1t a kan\u00e1sz mit csin\u00e1l, a botj\u00e1val j\u00e1tszik.<br \/>\nHej, \u00e9let-\u00e9let, kan\u00e1sz \u00e9let,ez azt\u00e1n az \u00e9let,<br \/>\nha megunom magamat, magam is \u00fagy \u00e9lek.<br \/>\nHej, \u00e9let-\u00e9let, kan\u00e1sz \u00e9let,ez azt\u00e1n az \u00e9let,<br \/>\nha megunom magamat, magam is \u00fagy \u00e9lek.<\/p>\n<p>Megismerni a kan\u00e1szt p\u00f6rge j\u00e1r\u00e1s\u00e1r\u00f3l,<br \/>\n\u0171z\u00f6tt, f\u0171z\u00f6tt bocskor\u00e1r\u00f3l, tarisznya sz\u00edjj\u00e1r\u00f3l.<br \/>\nHej, \u00e9let-\u00e9let, kan\u00e1sz \u00e9let,ez azt\u00e1n az \u00e9let,<br \/>\nha megunom magamat, magam is \u00fagy \u00e9lek.<br \/>\nHej, \u00e9let-\u00e9let, kan\u00e1sz \u00e9let,ez azt\u00e1n az \u00e9let,<br \/>\nha megunom magamat, magam is \u00fagy \u00e9lek.<\/p>\n<p>Elszaladt az anyakoca, kilenc malac\u00e1val,<br \/>\nut\u00e1na ment a kan\u00e1sz, f\u00fcrge bocskor\u00e1val.<br \/>\nHej, \u00e9let-\u00e9let, kan\u00e1sz \u00e9let,ez azt\u00e1n az \u00e9let,<br \/>\nha megunom magamat, magam is \u00fagy \u00e9lek.<br \/>\nHej, \u00e9let-\u00e9let, kan\u00e1sz \u00e9let,ez azt\u00e1n az \u00e9let,<br \/>\nha megunom magamat, magam is \u00fagy \u00e9lek.<\/p>\n<p>Otthon van-e a kan\u00e1sz, vagy a feles\u00e9ge,<br \/>\nnem kell n\u00e9kem a kan\u00e1sz, csak a feles\u00e9ge.<br \/>\nHej, \u00e9let-\u00e9let, kan\u00e1sz \u00e9let,ez azt\u00e1n az \u00e9let,<br \/>\nha megunom magamat, magam is \u00fagy \u00e9lek.<br \/>\nHej, \u00e9let-\u00e9let, kan\u00e1sz \u00e9let,ez azt\u00e1n az \u00e9let,<br \/>\nha megunom magamat, magam is \u00fagy \u00e9lek.<\/p>\n<p>&#8212;Sz\u00f3l\u00f3&#8212;\/\/06:37\/\/<br \/>\nEger v\u00e1rosa papok v\u00e1rosa csuh\u00e1sok j\u00e1rnak fapapucsba,<br \/>\ncsuh\u00e1sok j\u00e1rnak Inomine p\u00e1tris reverenda alatt p\u00e1link\u00e1t visz.<br \/>\nCsuh\u00e1sok j\u00e1rnak Inomine p\u00e1tris reverenda alatt p\u00e1link\u00e1t visz.<\/p>\n<p>Nem vagyok \u00e9n bar\u00e1t, szeretem a pi\u00e1t, odaadom \u00e9rte a reverend\u00e1t,<br \/>\noda adom \u00e9rte a csattos imak\u00f6nyvet, \u00f6lelem \u00e9s cs\u00f3kolom a szeret\u0151met.<br \/>\nOda adom \u00e9rte a csattos imak\u00f6nyvet, \u00f6lelem \u00e9s cs\u00f3kolom a szeret\u0151met.<\/p>\n<p>Eger v\u00e1rosa papok v\u00e1rosa csuh\u00e1sok j\u00e1rnak fapapucsba,<br \/>\ncsuh\u00e1sok j\u00e1rnak Inomine p\u00e1tris reverenda alatt p\u00e1link\u00e1t visz.<br \/>\nCsuh\u00e1sok j\u00e1rnak Inomine p\u00e1tris reverenda alatt p\u00e1link\u00e1t visz.<\/p>\n<p>&#8212;Sz\u00f3l\u00f3&#8212;\/\/07:52\/\/<br \/>\nEnnek a kisl\u00e1nynak a feje tetej\u00e9n,<br \/>\nvan a frizur\u00e1ja, majd de belehalok \u00e9n.<br \/>\nCsalfa vagy, nem szeretsz,<br \/>\nnagy a vil\u00e1g, nagy a vil\u00e1g, elmehetsz.<br \/>\n\u00d3, de csalfa vagy, nem szeretsz,<br \/>\nnagy a vil\u00e1g, nagy a vil\u00e1g, elmehetsz.<\/p>\n<p>Ha van urad, \u00e1ldjon meg az \u00e9g,<br \/>\nha meg nincsen, itt vagyok \u00e9n.<br \/>\nCsalfa vagy, nem szeretsz,<br \/>\nnagy a vil\u00e1g, nagy a vil\u00e1g, elmehetsz.<br \/>\n\u00d3, de csalfa vagy, nem szeretsz,<br \/>\nnagy a vil\u00e1g, nagy a vil\u00e1g, elmehetsz.<br \/>\n&#8212;V\u00e9ge&#8212;<\/p>\n","protected":false},"featured_media":12989,"template":"","meta":{"site-sidebar-layout":"default","site-content-layout":"default","ast-site-content-layout":"default","site-content-style":"default","site-sidebar-style":"default","ast-global-header-display":"","ast-banner-title-visibility":"","ast-main-header-display":"","ast-hfb-above-header-display":"","ast-hfb-below-header-display":"","ast-hfb-mobile-header-display":"","site-post-title":"","ast-breadcrumbs-content":"","ast-featured-img":"","footer-sml-layout":"","theme-transparent-header-meta":"default","adv-header-id-meta":"","stick-header-meta":"","header-above-stick-meta":"","header-main-stick-meta":"","header-below-stick-meta":"","astra-migrate-meta-layouts":"set","ast-page-background-enabled":"default","ast-page-background-meta":{"desktop":{"background-color":"var(--ast-global-color-4)","background-image":"","background-repeat":"repeat","background-position":"center center","background-size":"auto","background-attachment":"scroll","background-type":"","background-media":"","overlay-type":"","overlay-color":"","overlay-opacity":"","overlay-gradient":""},"tablet":{"background-color":"","background-image":"","background-repeat":"repeat","background-position":"center center","background-size":"auto","background-attachment":"scroll","background-type":"","background-media":"","overlay-type":"","overlay-color":"","overlay-opacity":"","overlay-gradient":""},"mobile":{"background-color":"","background-image":"","background-repeat":"repeat","background-position":"center center","background-size":"auto","background-attachment":"scroll","background-type":"","background-media":"","overlay-type":"","overlay-color":"","overlay-opacity":"","overlay-gradient":""}},"ast-content-background-meta":{"desktop":{"background-color":"var(--ast-global-color-5)","background-image":"","background-repeat":"repeat","background-position":"center center","background-size":"auto","background-attachment":"scroll","background-type":"","background-media":"","overlay-type":"","overlay-color":"","overlay-opacity":"","overlay-gradient":""},"tablet":{"background-color":"var(--ast-global-color-5)","background-image":"","background-repeat":"repeat","background-position":"center center","background-size":"auto","background-attachment":"scroll","background-type":"","background-media":"","overlay-type":"","overlay-color":"","overlay-opacity":"","overlay-gradient":""},"mobile":{"background-color":"var(--ast-global-color-5)","background-image":"","background-repeat":"repeat","background-position":"center center","background-size":"auto","background-attachment":"scroll","background-type":"","background-media":"","overlay-type":"","overlay-color":"","overlay-opacity":"","overlay-gradient":""}}},"product_cat":[48],"product_tag":[],"class_list":["post-5814","product","type-product","status-publish","has-post-thumbnail","hentry","product_cat-sunkaraoke-dalok","desktop-align-left","tablet-align-left","mobile-align-left"],"_links":{"self":[{"href":"https:\/\/www.sunkaraoke.hu\/index.php\/wp-json\/wp\/v2\/product\/5814","targetHints":{"allow":["GET"]}}],"collection":[{"href":"https:\/\/www.sunkaraoke.hu\/index.php\/wp-json\/wp\/v2\/product"}],"about":[{"href":"https:\/\/www.sunkaraoke.hu\/index.php\/wp-json\/wp\/v2\/types\/product"}],"wp:featuredmedia":[{"embeddable":true,"href":"https:\/\/www.sunkaraoke.hu\/index.php\/wp-json\/wp\/v2\/media\/12989"}],"wp:attachment":[{"href":"https:\/\/www.sunkaraoke.hu\/index.php\/wp-json\/wp\/v2\/media?parent=5814"}],"wp:term":[{"taxonomy":"product_cat","embeddable":true,"href":"https:\/\/www.sunkaraoke.hu\/index.php\/wp-json\/wp\/v2\/product_cat?post=5814"},{"taxonomy":"product_tag","embeddable":true,"href":"https:\/\/www.sunkaraoke.hu\/index.php\/wp-json\/wp\/v2\/product_tag?post=5814"}],"curies":[{"name":"wp","href":"https:\/\/api.w.org\/{rel}","templated":true}]}}