{"id":5806,"date":"2022-08-08T20:49:52","date_gmt":"2022-08-08T20:49:52","guid":{"rendered":"https:\/\/www.sunkaraoke.hu\/index.php\/termek\/piros-bela-piros-bela-mulatos-mix-36\/"},"modified":"2025-04-07T11:08:09","modified_gmt":"2025-04-07T11:08:09","slug":"piros-bela-piros-bela-mulatos-mix-36","status":"publish","type":"product","link":"https:\/\/www.sunkaraoke.hu\/index.php\/termek\/piros-bela-piros-bela-mulatos-mix-36\/","title":{"rendered":"<div class=\"wcmp-player-container product-5806\"><audio controlslist=\"nodownload\" data-product=\"5806\"  volume=\"1\"  preload=\"none\" data-lazyloading=\"none\" class=\"wcmp-player track mejs-classic\" data-duration=\"0:33\" data-estimated_duration=\"4\"><source src=\"https:\/\/www.sunkaraoke.hu\/wp-content\/uploads\/2022\/08\/Piros-Bela-Mulatos-mix-36.-kdemoo.mp3\" type=\"audio\/mp3\" \/><\/audio><\/div>Piros B\u00e9la &#8211; Piros B\u00e9la mulat\u00f3s mix 36. (Original)"},"content":{"rendered":"<p><strong>11:10<\/strong> | <strong><img loading=\"lazy\" decoding=\"async\" class=\"alignnone size-full wp-image-467\" src=\"https:\/\/www.sunkaraoke.hu\/wp-content\/uploads\/2022\/07\/choir_2-copy.webp\" alt=\"\" width=\"30\" height=\"30\" \/> <\/strong><\/p>\n","protected":false},"excerpt":{"rendered":"<h6><strong>Bits\u0171r\u0171s\u00e9g: 320<\/strong>kb\/s<strong><br \/>\n<\/strong><strong>Hossz: <\/strong>11:10<strong><br \/>\n<\/strong><strong style=\"font-size: 16px;\">Vok\u00e1lt tartalmaz: <\/strong>Nem <img loading=\"lazy\" decoding=\"async\" class=\"alignnone size-full wp-image-467\" src=\"http:\/\/www.sunkaraoke.hu\/wp-content\/uploads\/2022\/07\/choir_2-copy.png\" alt=\"\" width=\"30\" height=\"30\" \/><strong style=\"font-size: 16px;\"><br \/>\n<\/strong><\/h6>\n<p>Sunkaraoke mp3 st\u00fadi\u00f3 \/ www.sunkaraoke.hu \/ Inf: Tel: 06 20 4275001<\/p>\n<p>&#8212;Intr\u00f3&#8212;<br \/>\nAz \u00e9n pr\u00edm\u00e1som heged\u0171je, obdi l\u00e1di l\u00e1di lom, dil\u00e1rom,<br \/>\nveszett volna az erd\u0151be, obdi l\u00e1di l\u00e1di lom, dil\u00e1rom.<br \/>\nHeged\u0171je nem lett volna, obdi l\u00e1rom, dil\u00e1rom, galambom,<br \/>\nszerelmes sem lettem volna, obdi l\u00e1di l\u00e1di lom, dil\u00e1rom.<br \/>\nHeged\u0171je nem lett volna,obdi l\u00e1rom, dil\u00e1rom, galambom,<br \/>\nszerelmes sem lettem volna, obdi l\u00e1di l\u00e1di lom, dil\u00e1rom.<br \/>\n&#8212;Sz\u00f3l\u00f3&#8212;<br \/>\nNincs szebb mad\u00e1r, fecsk\u00e9n\u00e9l, obdi l\u00e1di l\u00e1di lom, dil\u00e1rom,<br \/>\na feh\u00e9r l\u00e1bu menyecsk\u00e9n\u00e9l, obdi l\u00e1di l\u00e1di lom, dil\u00e1rom.<br \/>\nA feh\u00e9r l\u00e1b\u00e1t mossa mossa, obdi l\u00e1rom, dil\u00e1rom, galambom,<br \/>\nhideg a v\u00edz nem \u00e1llhatja, obdi l\u00e1di l\u00e1di lom, dil\u00e1rom.<br \/>\nA feh\u00e9r l\u00e1b\u00e1t mossa mossa, obdi l\u00e1rom, dil\u00e1rom, galambom,<br \/>\nhideg a v\u00edz nem \u00e1llhatja, obdi l\u00e1di l\u00e1di lom, dil\u00e1rom.<br \/>\nAz \u00e9n pr\u00edm\u00e1som heged\u0171je, obdi l\u00e1di l\u00e1di lom, dil\u00e1rom,<br \/>\nveszett volna az erd\u0151be, obdi l\u00e1di l\u00e1di lom, dil\u00e1rom.<br \/>\nHeged\u0171je nem lett volna, obdi l\u00e1rom, dil\u00e1rom, galambom,<br \/>\nszerelmes sem lettem volna, obdi l\u00e1di l\u00e1di lom, dil\u00e1rom.<br \/>\nHeged\u0171je nem lett volna,obdi l\u00e1rom, dil\u00e1rom, galambom,<br \/>\nszerelmes sem lettem volna, obdi l\u00e1di l\u00e1di lom, dil\u00e1rom.<br \/>\n&#8212;Sz\u00f3l\u00f3&#8212;<br \/>\nA zen\u00e9sz gyerek az fasza gyerek, obdi l\u00e1di l\u00e1di lom, dil\u00e1rom,<br \/>\nmert j\u00f3l ismeri az \u00e9letet, obdi l\u00e1di l\u00e1di lom, dil\u00e1rom.<br \/>\nHa meg l\u00e1t egy csinos h\u00f6lgyet, obdi l\u00e1di l\u00e1di lom, dil\u00e1rom.<br \/>\nkeres rajta hegyet v\u00f6lgyet, obdi l\u00e1di l\u00e1di lom, dil\u00e1rom.<br \/>\nHa meg l\u00e1t egy csinos h\u00f6lgyet, obdi l\u00e1di l\u00e1di lom, dil\u00e1rom.<br \/>\nkeres rajta hegyet v\u00f6lgyet, obdi l\u00e1di l\u00e1di lom, dil\u00e1rom.<br \/>\n&#8212;Sz\u00f3l\u00f3&#8212;<br \/>\nAsszony asszony az akarok lenni,<br \/>\nn\u00e9kem abba nem parancsol senki.<br \/>\nBokr\u00e1ra k\u00f6t\u00f6m a selyem kend\u0151t,<br \/>\nhajnalig \u00f6lelem a szeret\u0151m.<br \/>\nBokr\u00e1ra k\u00f6t\u00f6m a selyem kend\u0151t,<br \/>\nhajnalig \u00f6lelem a szeret\u0151m.<\/p>\n<p>B\u00faza b\u00faza de sz\u00e9p t\u00e1bla b\u00faza,<br \/>\na k\u00f6zep\u00e9ben van egy magas ny\u00e1rfa.<br \/>\nRezg\u0151 ny\u00e1rfa v\u00e1lik a level\u00e9t\u0151l,<br \/>\n\u00e9n is v\u00e1lok a r\u00e9gi szeret\u0151mt\u0151l.<br \/>\nRezg\u0151 ny\u00e1rfa v\u00e1lik a level\u00e9t\u0151l,<br \/>\n\u00e9n is v\u00e1lok a r\u00e9gi szeret\u0151mt\u0151l.<br \/>\n&#8212;Sz\u00f3l\u00f3&#8212;<br \/>\nAsszony asszony az akarok lenni,<br \/>\nn\u00e9kem abba nem parancsol senki.<br \/>\nBokr\u00e1ra k\u00f6t\u00f6m a selyem kend\u0151t,<br \/>\nhajnalig \u00f6lelem a szeret\u0151m.<br \/>\nBokr\u00e1ra k\u00f6t\u00f6m a selyem kend\u0151t,<br \/>\nhajnalig \u00f6lelem a szeret\u0151m.<\/p>\n<p>B\u00faza b\u00faza de sz\u00e9p t\u00e1bla b\u00faza,<br \/>\na k\u00f6zep\u00e9ben van egy magas ny\u00e1rfa.<br \/>\nRezg\u0151 ny\u00e1rfa v\u00e1lik a level\u00e9t\u0151l,<br \/>\n\u00e9n is v\u00e1lok a r\u00e9gi szeret\u0151mt\u0151l.<br \/>\nRezg\u0151 ny\u00e1rfa v\u00e1lik a level\u00e9t\u0151l,<br \/>\n\u00e9n is v\u00e1lok a r\u00e9gi szeret\u0151mt\u0151l.<\/p>\n<p>&#8212;Sz\u00f3l\u00f3&#8212;<br \/>\nHej cig\u00e1nyok ha a bab\u00e1m l\u00e1tj\u00e1tok,<br \/>\nezt a n\u00f3t\u00e1t a f\u00fcl\u00e9be h\u00fazz\u00e1tok.<br \/>\nAddig addig, h\u00fazz\u00e1tok a f\u00fcl\u00e9be,<br \/>\nm\u00edg csak k\u00f6nnyet nem l\u00e1tok a szem\u00e9be.<br \/>\nAddig addig, h\u00fazz\u00e1tok a f\u00fcl\u00e9be,<br \/>\nm\u00edg csak k\u00f6nnyet nem l\u00e1tok a szem\u00e9be.<\/p>\n<p>Hogyha m\u00e9gis, k\u00f6nnyet l\u00e1ttok a szem\u00e9be,<br \/>\nh\u00e1t k\u00e9rdezz\u00e9tek hogy ki\u00e9rt f\u00e1j a sz\u00edve.<br \/>\nDe ha m\u00e9gis, m\u00e1sra kacsint a csalfa,<br \/>\nh\u00e1t hagyj\u00e1tok ott, ne h\u00fazz\u00e1tok hi\u00e1ba.<br \/>\nDe ha m\u00e9gis m\u00e1sra kacsint a csalfa,<br \/>\nh\u00e1t hagyj\u00e1tok ott, ne h\u00fazz\u00e1tok hi\u00e1ba.<br \/>\n&#8212;Sz\u00f3l\u00f3&#8212;<br \/>\nHej cig\u00e1nyok ha a bab\u00e1m l\u00e1tj\u00e1tok,<br \/>\nezt a n\u00f3t\u00e1t a f\u00fcl\u00e9be h\u00fazz\u00e1tok.<br \/>\nAddig addig, h\u00fazz\u00e1tok a f\u00fcl\u00e9be,<br \/>\nm\u00edg csak k\u00f6nnyet nem l\u00e1tok a szem\u00e9be.<br \/>\nAddig addig h\u00fazz\u00e1tok a f\u00fcl\u00e9be,<br \/>\nm\u00edg csak k\u00f6nnyet nem l\u00e1tok a szem\u00e9be.<br \/>\n\u00c9letemben egyszer voltam csak boldog,<br \/>\nakkor is a szememb\u0151l k\u00f6nny hullott.<br \/>\nS\u00edrtam az\u00e9rt \u00f6r\u00f6m\u00f6mben, hogy szeretsz,<br \/>\nb\u00e1natomban hogy az eny\u00e9m nem lehetsz.<br \/>\nS\u00edrtam az\u00e9rt \u00f6r\u00f6m\u00f6mben, hogy szeretsz,<br \/>\nb\u00e1natomban hogy az eny\u00e9m nem lehetsz.<br \/>\n&#8212;Sz\u00f3l\u00f3&#8212;<\/p>\n<p>Eger v\u00e1rosa papok v\u00e1rosa,<br \/>\ncsuh\u00e1sok j\u00e1rnak fapapucsba,<br \/>\ncsuh\u00e1sok j\u00e1rnak inomine p\u00e1trisz,<br \/>\nreverenda alatt p\u00e1link\u00e1t visz.<br \/>\ncsuh\u00e1sok j\u00e1rnak inomine p\u00e1trisz,<br \/>\nreverenda alatt p\u00e1link\u00e1t visz.<\/p>\n<p>Nem vagyok \u00e9n bar\u00e1t szeretem a pi\u00e1t,<br \/>\noda adom \u00e9rte a reverend\u00e1t,<br \/>\noda adom \u00e9rte a csatos imak\u00f6nyvet,<br \/>\n\u00f6lelem \u00e9s cs\u00f3kolom a szeret\u0151met.<br \/>\nOda adom \u00e9rte a csatos imak\u00f6nyvet,<br \/>\n\u00f6lelem \u00e9s cs\u00f3kolom a szeret\u0151met.<\/p>\n<p>&#8212;V\u00e9ge&#8212;<\/p>\n","protected":false},"featured_media":12989,"template":"","meta":{"site-sidebar-layout":"default","site-content-layout":"default","ast-site-content-layout":"default","site-content-style":"default","site-sidebar-style":"default","ast-global-header-display":"","ast-banner-title-visibility":"","ast-main-header-display":"","ast-hfb-above-header-display":"","ast-hfb-below-header-display":"","ast-hfb-mobile-header-display":"","site-post-title":"","ast-breadcrumbs-content":"","ast-featured-img":"","footer-sml-layout":"","theme-transparent-header-meta":"default","adv-header-id-meta":"","stick-header-meta":"","header-above-stick-meta":"","header-main-stick-meta":"","header-below-stick-meta":"","astra-migrate-meta-layouts":"set","ast-page-background-enabled":"default","ast-page-background-meta":{"desktop":{"background-color":"var(--ast-global-color-4)","background-image":"","background-repeat":"repeat","background-position":"center center","background-size":"auto","background-attachment":"scroll","background-type":"","background-media":"","overlay-type":"","overlay-color":"","overlay-opacity":"","overlay-gradient":""},"tablet":{"background-color":"","background-image":"","background-repeat":"repeat","background-position":"center center","background-size":"auto","background-attachment":"scroll","background-type":"","background-media":"","overlay-type":"","overlay-color":"","overlay-opacity":"","overlay-gradient":""},"mobile":{"background-color":"","background-image":"","background-repeat":"repeat","background-position":"center center","background-size":"auto","background-attachment":"scroll","background-type":"","background-media":"","overlay-type":"","overlay-color":"","overlay-opacity":"","overlay-gradient":""}},"ast-content-background-meta":{"desktop":{"background-color":"var(--ast-global-color-5)","background-image":"","background-repeat":"repeat","background-position":"center center","background-size":"auto","background-attachment":"scroll","background-type":"","background-media":"","overlay-type":"","overlay-color":"","overlay-opacity":"","overlay-gradient":""},"tablet":{"background-color":"var(--ast-global-color-5)","background-image":"","background-repeat":"repeat","background-position":"center center","background-size":"auto","background-attachment":"scroll","background-type":"","background-media":"","overlay-type":"","overlay-color":"","overlay-opacity":"","overlay-gradient":""},"mobile":{"background-color":"var(--ast-global-color-5)","background-image":"","background-repeat":"repeat","background-position":"center center","background-size":"auto","background-attachment":"scroll","background-type":"","background-media":"","overlay-type":"","overlay-color":"","overlay-opacity":"","overlay-gradient":""}}},"product_cat":[48],"product_tag":[],"class_list":["post-5806","product","type-product","status-publish","has-post-thumbnail","hentry","product_cat-sunkaraoke-dalok","desktop-align-left","tablet-align-left","mobile-align-left"],"_links":{"self":[{"href":"https:\/\/www.sunkaraoke.hu\/index.php\/wp-json\/wp\/v2\/product\/5806","targetHints":{"allow":["GET"]}}],"collection":[{"href":"https:\/\/www.sunkaraoke.hu\/index.php\/wp-json\/wp\/v2\/product"}],"about":[{"href":"https:\/\/www.sunkaraoke.hu\/index.php\/wp-json\/wp\/v2\/types\/product"}],"wp:featuredmedia":[{"embeddable":true,"href":"https:\/\/www.sunkaraoke.hu\/index.php\/wp-json\/wp\/v2\/media\/12989"}],"wp:attachment":[{"href":"https:\/\/www.sunkaraoke.hu\/index.php\/wp-json\/wp\/v2\/media?parent=5806"}],"wp:term":[{"taxonomy":"product_cat","embeddable":true,"href":"https:\/\/www.sunkaraoke.hu\/index.php\/wp-json\/wp\/v2\/product_cat?post=5806"},{"taxonomy":"product_tag","embeddable":true,"href":"https:\/\/www.sunkaraoke.hu\/index.php\/wp-json\/wp\/v2\/product_tag?post=5806"}],"curies":[{"name":"wp","href":"https:\/\/api.w.org\/{rel}","templated":true}]}}