{"id":5780,"date":"2022-08-08T20:49:49","date_gmt":"2022-08-08T20:49:49","guid":{"rendered":"https:\/\/www.sunkaraoke.hu\/index.php\/termek\/galamb-jozsef-szurke-eniko-a-melobol-mentem-haza\/"},"modified":"2025-04-13T09:34:58","modified_gmt":"2025-04-13T09:34:58","slug":"galamb-jozsef-szurke-eniko-a-melobol-mentem-haza","status":"publish","type":"product","link":"https:\/\/www.sunkaraoke.hu\/index.php\/termek\/galamb-jozsef-szurke-eniko-a-melobol-mentem-haza\/","title":{"rendered":"<div class=\"wcmp-player-container product-5780\"><audio controlslist=\"nodownload\" data-product=\"5780\"  volume=\"1\"  preload=\"none\" data-lazyloading=\"none\" class=\"wcmp-player track mejs-classic\" data-duration=\"0:35\" data-estimated_duration=\"4\"><source src=\"https:\/\/www.sunkaraoke.hu\/wp-content\/uploads\/2022\/08\/A-melobol-mentem-haza-Vok-G-kdemoo.mp3\" type=\"audio\/mp3\" \/><\/audio><\/div>Galamb J\u00f3zsef &#038; Sz\u00fcrke Enik\u00f5 &#8211; A mel\u00f3b\u00f3l mentem haza (Original)"},"content":{"rendered":"<p><strong>03:47<\/strong> | <strong><img loading=\"lazy\" decoding=\"async\" class=\"alignnone size-full wp-image-466\" src=\"https:\/\/www.sunkaraoke.hu\/wp-content\/uploads\/2022\/07\/choir_1-copy.webp\" alt=\"\" width=\"30\" height=\"30\" \/> <\/strong><\/p>\n","protected":false},"excerpt":{"rendered":"<h6><strong>Bits\u0171r\u0171s\u00e9g: 320<\/strong>kb\/s<strong><br \/>\n<\/strong><strong>Hossz: <\/strong>03:47<strong><br \/>\n<\/strong><strong style=\"font-size: 16px;\">Vok\u00e1lt tartalmaz: <\/strong>Igen <img loading=\"lazy\" decoding=\"async\" class=\"alignnone size-full wp-image-466\" src=\"http:\/\/www.sunkaraoke.hu\/wp-content\/uploads\/2022\/07\/choir_1-copy.png\" alt=\"\" width=\"30\" height=\"30\" \/><strong style=\"font-size: 16px;\"><br \/>\n<\/strong><\/h6>\n<p>Sunkaraoke mp3 st\u00fadi\u00f3 \/ www.sunkaraoke.hu \/ Inf: Tel: 06 20 4275001<\/p>\n<p>&#8212;Intr\u00f3&#8211;<br \/>\nTudok egy tuti helyet, ahol mindenki pezseg,<br \/>\nbomb\u00e1k a l\u00e1nyok, csak erre v\u00e1gyok.<br \/>\nEl\u0151ttem nincs akad\u00e1ly, nem \u00e9rdekel a szab\u00e1ly,<br \/>\nmindenki cs\u00e1mcsog, megj\u00f6ttek az \u00e1szok.<\/p>\n<p>Eg\u00e9sz \u00e9vben csak a nyarat v\u00e1rtam,<br \/>\nhogy a csajokkal be\u00fcl\u00f6k egy b\u00e1rba,<br \/>\n\u00e9s \u0151ket \u00e9n cs\u00e1b\u00edtom majd el.<br \/>\nGyere baby, gyere egy\u00fctt r\u00e1zzuk,<br \/>\nketten m\u00e9g a hegyet is megm\u00e1sszuk,<br \/>\n\u00edgy dobjuk az est\u00e9nket majd fel.<\/p>\n<p>N\u00e9zz r\u00e1m baby, n\u00e9zd, hogy mindenki t\u00e1ncol,<br \/>\n\u00e9rintsd meg a sz\u00edvem, \u00e9rints meg b\u00e1rhol.<br \/>\nN\u00e9zz r\u00e1m baby, \u00e9s, hogy akarlak t\u00e9ged,<br \/>\nma \u00e9jjel megl\u00e1tod, hogy nem h\u00fazok f\u00e9ket.<br \/>\n&#8212;-Sz\u00f3l\u00f3&#8212;<\/p>\n<p>Kifestett cicabab\u00e1k, l\u00e1ngol\u00f3 vad \u00e9jszak\u00e1k,<br \/>\nmert visz a v\u00e9rem, nem halhatok \u00e9hen.<br \/>\nLibben a szoknya rajta, tudom, hogy azt akarja,<br \/>\namit \u00e9n \u00e9ppen, csak le ne l\u00e9pjen.<\/p>\n<p>Eg\u00e9sz \u00e9vben csak a nyarat v\u00e1rtam,<br \/>\nhogy a csajokkal be\u00fcl\u00f6k egy b\u00e1rba,<br \/>\n\u00e9s \u0151ket \u00e9n cs\u00e1b\u00edtom majd el.<br \/>\nGyere baby, gyere egy\u00fctt r\u00e1zzuk,<br \/>\nketten m\u00e9g a hegyet is megm\u00e1sszuk,<br \/>\n\u00edgy dobjuk az est\u00e9nket majd fel.<br \/>\nN\u00e9zz r\u00e1m baby, n\u00e9zd, hogy mindenki t\u00e1ncol,<br \/>\n\u00e9rintsd meg a sz\u00edvem, \u00e9rints meg b\u00e1rhol.<br \/>\nN\u00e9zz r\u00e1m baby, \u00e9s, hogy akarlak t\u00e9ged,<br \/>\nma \u00e9jjel megl\u00e1tod, hogy nem h\u00fazok f\u00e9ket.<\/p>\n<p>Neked \u00edgy, nekem \u00fagy,mert j\u00f3 a st\u00edlus,<br \/>\ninnen nincs vissza\u00fat,ez egy latin ritmus.<br \/>\nBuli volt, buli lesz, \u00e9s bomba l\u00e1nyok,<br \/>\naz ital olyat tesz, amit nem b\u00e1nok meg.<\/p>\n<p>Eg\u00e9sz \u00e9vben csak a nyarat v\u00e1rtam,<br \/>\nhogy a csajokkal be\u00fcl\u00f6k egy b\u00e1rba,<br \/>\n\u00e9s \u0151ket \u00e9n cs\u00e1b\u00edtom majd el.<br \/>\nGyere baby, gyere egy\u00fctt r\u00e1zzuk,<br \/>\nketten m\u00e9g a hegyet is megm\u00e1sszuk,<br \/>\n\u00edgy dobjuk az est\u00e9nket majd fel.<\/p>\n<p>N\u00e9zz r\u00e1m baby, n\u00e9zd, hogy mindenki t\u00e1ncol,<br \/>\n\u00e9rintsd meg a sz\u00edvem, \u00e9rints meg b\u00e1rhol.<br \/>\nN\u00e9zz r\u00e1m baby, \u00e9s, hogy akarlak t\u00e9ged,<br \/>\nma \u00e9jjel megl\u00e1tod, hogy nem h\u00fazok f\u00e9ket.<br \/>\n&#8212;V\u00e9ge&#8212;<\/p>\n","protected":false},"featured_media":6363,"template":"","meta":{"site-sidebar-layout":"default","site-content-layout":"default","ast-site-content-layout":"default","site-content-style":"default","site-sidebar-style":"default","ast-global-header-display":"","ast-banner-title-visibility":"","ast-main-header-display":"","ast-hfb-above-header-display":"","ast-hfb-below-header-display":"","ast-hfb-mobile-header-display":"","site-post-title":"","ast-breadcrumbs-content":"","ast-featured-img":"","footer-sml-layout":"","theme-transparent-header-meta":"default","adv-header-id-meta":"","stick-header-meta":"","header-above-stick-meta":"","header-main-stick-meta":"","header-below-stick-meta":"","astra-migrate-meta-layouts":"set","ast-page-background-enabled":"default","ast-page-background-meta":{"desktop":{"background-color":"var(--ast-global-color-4)","background-image":"","background-repeat":"repeat","background-position":"center center","background-size":"auto","background-attachment":"scroll","background-type":"","background-media":"","overlay-type":"","overlay-color":"","overlay-opacity":"","overlay-gradient":""},"tablet":{"background-color":"","background-image":"","background-repeat":"repeat","background-position":"center center","background-size":"auto","background-attachment":"scroll","background-type":"","background-media":"","overlay-type":"","overlay-color":"","overlay-opacity":"","overlay-gradient":""},"mobile":{"background-color":"","background-image":"","background-repeat":"repeat","background-position":"center center","background-size":"auto","background-attachment":"scroll","background-type":"","background-media":"","overlay-type":"","overlay-color":"","overlay-opacity":"","overlay-gradient":""}},"ast-content-background-meta":{"desktop":{"background-color":"var(--ast-global-color-5)","background-image":"","background-repeat":"repeat","background-position":"center center","background-size":"auto","background-attachment":"scroll","background-type":"","background-media":"","overlay-type":"","overlay-color":"","overlay-opacity":"","overlay-gradient":""},"tablet":{"background-color":"var(--ast-global-color-5)","background-image":"","background-repeat":"repeat","background-position":"center center","background-size":"auto","background-attachment":"scroll","background-type":"","background-media":"","overlay-type":"","overlay-color":"","overlay-opacity":"","overlay-gradient":""},"mobile":{"background-color":"var(--ast-global-color-5)","background-image":"","background-repeat":"repeat","background-position":"center center","background-size":"auto","background-attachment":"scroll","background-type":"","background-media":"","overlay-type":"","overlay-color":"","overlay-opacity":"","overlay-gradient":""}}},"product_cat":[69],"product_tag":[],"class_list":["post-5780","product","type-product","status-publish","has-post-thumbnail","hentry","product_cat-galamb-joci","desktop-align-left","tablet-align-left","mobile-align-left"],"_links":{"self":[{"href":"https:\/\/www.sunkaraoke.hu\/index.php\/wp-json\/wp\/v2\/product\/5780","targetHints":{"allow":["GET"]}}],"collection":[{"href":"https:\/\/www.sunkaraoke.hu\/index.php\/wp-json\/wp\/v2\/product"}],"about":[{"href":"https:\/\/www.sunkaraoke.hu\/index.php\/wp-json\/wp\/v2\/types\/product"}],"wp:featuredmedia":[{"embeddable":true,"href":"https:\/\/www.sunkaraoke.hu\/index.php\/wp-json\/wp\/v2\/media\/6363"}],"wp:attachment":[{"href":"https:\/\/www.sunkaraoke.hu\/index.php\/wp-json\/wp\/v2\/media?parent=5780"}],"wp:term":[{"taxonomy":"product_cat","embeddable":true,"href":"https:\/\/www.sunkaraoke.hu\/index.php\/wp-json\/wp\/v2\/product_cat?post=5780"},{"taxonomy":"product_tag","embeddable":true,"href":"https:\/\/www.sunkaraoke.hu\/index.php\/wp-json\/wp\/v2\/product_tag?post=5780"}],"curies":[{"name":"wp","href":"https:\/\/api.w.org\/{rel}","templated":true}]}}