{"id":5775,"date":"2022-08-08T20:49:49","date_gmt":"2022-08-08T20:49:49","guid":{"rendered":"https:\/\/www.sunkaraoke.hu\/index.php\/termek\/piros-bela-piros-bela-mulatos-mix-31\/"},"modified":"2025-04-07T10:12:24","modified_gmt":"2025-04-07T10:12:24","slug":"piros-bela-piros-bela-mulatos-mix-31","status":"publish","type":"product","link":"https:\/\/www.sunkaraoke.hu\/index.php\/termek\/piros-bela-piros-bela-mulatos-mix-31\/","title":{"rendered":"<div class=\"wcmp-player-container product-5775\"><audio controlslist=\"nodownload\" data-product=\"5775\"  volume=\"1\"  preload=\"none\" data-lazyloading=\"none\" class=\"wcmp-player track mejs-classic\" data-duration=\"0:31\" data-estimated_duration=\"4\"><source src=\"https:\/\/www.sunkaraoke.hu\/wp-content\/uploads\/2022\/08\/Piros-Bela-Mulatos-mix-31.-kdemoo.mp3\" type=\"audio\/mp3\" \/><\/audio><\/div>Piros B\u00e9la &#8211; Piros B\u00e9la mulat\u00f3s mix 31. (Original)"},"content":{"rendered":"<p><strong>08:58<\/strong> | <strong><img loading=\"lazy\" decoding=\"async\" class=\"alignnone size-full wp-image-467\" src=\"https:\/\/www.sunkaraoke.hu\/wp-content\/uploads\/2022\/07\/choir_2-copy.webp\" alt=\"\" width=\"30\" height=\"30\" \/> <\/strong><\/p>\n","protected":false},"excerpt":{"rendered":"<h6><strong>Bits\u0171r\u0171s\u00e9g: 320<\/strong>kb\/s<strong><br \/>\n<\/strong><strong>Hossz: <\/strong>08:58<strong><br \/>\n<\/strong><strong style=\"font-size: 16px;\">Vok\u00e1lt tartalmaz: <\/strong>Nem <img loading=\"lazy\" decoding=\"async\" class=\"alignnone size-full wp-image-467\" src=\"http:\/\/www.sunkaraoke.hu\/wp-content\/uploads\/2022\/07\/choir_2-copy.png\" alt=\"\" width=\"30\" height=\"30\" \/><strong style=\"font-size: 16px;\"><br \/>\n<\/strong><\/h6>\n<p>Sunkaraoke mp3 st\u00fadi\u00f3 \/ www.sunkaraoke.hu \/ Inf: Tel: 06 20 4275001<\/p>\n<p>&#8212;Intr\u00f3&#8212;\/\/00:10\/\/<br \/>\nAz a sz\u00e9p, az a sz\u00e9p, akinek a szeme k\u00e9k,<br \/>\nakinek a szeme k\u00e9k.<br \/>\nAz a sz\u00e9p, az a sz\u00e9p, akinek a szeme k\u00e9k,<br \/>\nakinek a szeme k\u00e9k.<br \/>\nL\u00e1m az eny\u00e9m, l\u00e1m az eny\u00e9m s\u00f6t\u00e9t k\u00e9k,<br \/>\nm\u00e9gse vagyok a bab\u00e1mnak el\u00e9g sz\u00e9p.<br \/>\nAz a sz\u00e9p, az a sz\u00e9p, akinek a szeme k\u00e9k,<br \/>\nakinek a szeme k\u00e9k.<br \/>\nL\u00e1m az eny\u00e9m, l\u00e1m az eny\u00e9m s\u00f6t\u00e9t k\u00e9k,<br \/>\nm\u00e9gse vagyok a bab\u00e1mnak el\u00e9g sz\u00e9p.<br \/>\nAz a sz\u00e9p, az a sz\u00e9p, akinek a szeme k\u00e9k,<br \/>\nakinek a szeme k\u00e9k.<br \/>\n&#8212;Sz\u00f3l\u00f3&#8212;\/\/01:18\/\/<br \/>\nAz a sz\u00e9p, az a sz\u00e9p, akinek a szeme k\u00e9k,<br \/>\nakinek a szeme k\u00e9k.<br \/>\nAz a sz\u00e9p, az a sz\u00e9p, akinek a szeme k\u00e9k,<br \/>\nakinek a szeme k\u00e9k.<br \/>\nL\u00e1m az eny\u00e9m, l\u00e1m az eny\u00e9m s\u00f6t\u00e9t k\u00e9k,<br \/>\nm\u00e9gse vagyok a bab\u00e1mnak el\u00e9g sz\u00e9p.<br \/>\nAz a sz\u00e9p, az a sz\u00e9p, akinek a szeme k\u00e9k,<br \/>\nakinek a szeme k\u00e9k.<br \/>\nL\u00e1m az eny\u00e9m, l\u00e1m az eny\u00e9m s\u00f6t\u00e9t k\u00e9k,<br \/>\nm\u00e9gse vagyok a bab\u00e1mnak el\u00e9g sz\u00e9p.<br \/>\nAz a sz\u00e9p, az a sz\u00e9p, akinek a szeme k\u00e9k,<br \/>\nakinek a szeme k\u00e9k.<br \/>\nMeguntam az \u00e9letemet felmegyek Budapestre.<br \/>\nOtt s\u00e9t\u00e1lok a f\u0151utc\u00e1n minden szombat este.<br \/>\nKi csinos\u00edtom magamat, a fejemet j\u00f3l f\u00f6l tartom,<br \/>\nmajd valaki bel\u00e9m szeret oda lenn a Dunaparton.<br \/>\nKi csinos\u00edtom magamat, a fejemet j\u00f3l f\u00f6l tartom,<br \/>\nmajd valaki bel\u00e9m szeret oda lenn a Dunaparton.<br \/>\nMeguntam az \u00e9letemet felmegyek Budapestre.<br \/>\nOtt s\u00e9t\u00e1lok a f\u0151utc\u00e1n minden szombat este.<br \/>\nKi csinos\u00edtom magamat, a fejemet j\u00f3l f\u00f6l tartom,<br \/>\nmajd valaki bel\u00e9m szeret oda lenn a Dunaparton.<br \/>\nKi csinos\u00edtom magamat, a fejemet j\u00f3l f\u00f6l tartom,<br \/>\nmajd valaki bel\u00e9m szeret oda lenn a Dunaparton.<br \/>\n&#8212;Sz\u00f3l\u00f3&#8212;\/\/03:24\/\/<br \/>\nLe\u00e9gett a juh\u00e1sznak a n\u00e1dfedeles h\u00e1za,<br \/>\nbenn \u00e9gett a juh\u00e1sznak a fekete sub\u00e1ja.<br \/>\nNe s\u00edrj ez\u00e9rt juh\u00e1sz, lesz m\u00e9g neked sub\u00e1d,<br \/>\ng\u00f6nd\u00f6r sz\u0151r\u00fc suba alatt, j\u00f3l esik a sug\u00e1r,<br \/>\nle\u00e9gett a juh\u00e1sznak a n\u00e1dfedeles h\u00e1za.<br \/>\nNe s\u00edrj ez\u00e9rt juh\u00e1sz, lesz m\u00e9g neked sub\u00e1d,<br \/>\ng\u00f6nd\u00f6r sz\u0151r\u00fc suba alatt, j\u00f3l esik a sug\u00e1r,<br \/>\nle\u00e9gett a juh\u00e1sznak a n\u00e1dfedeles h\u00e1za.<br \/>\nLe\u00e9gett a juh\u00e1sznak a n\u00e1dfedeles h\u00e1za,<br \/>\nbenn \u00e9gett a juh\u00e1sznak a fekete sub\u00e1ja.<br \/>\nNe s\u00edrj ez\u00e9rt juh\u00e1sz, lesz m\u00e9g neked sub\u00e1d,<br \/>\ng\u00f6nd\u00f6r sz\u0151r\u00fc suba alatt, j\u00f3l esik a sug\u00e1r,<br \/>\nle\u00e9gett a juh\u00e1sznak a n\u00e1dfedeles h\u00e1za.<br \/>\nNe s\u00edrj ez\u00e9rt juh\u00e1sz, lesz m\u00e9g neked sub\u00e1d,<br \/>\ng\u00f6nd\u00f6r sz\u0151r\u00fc suba alatt, j\u00f3l esik a sug\u00e1r,<br \/>\nle\u00e9gett a juh\u00e1sznak a n\u00e1dfedeles h\u00e1za.<br \/>\n&#8212;Sz\u00f3l\u00f3&#8212;\/\/04:45\/\/<br \/>\nSud\u00e1r magas, sud\u00e1r magas a ny\u00e1rfa teteje,<br \/>\nhalv\u00e1ny s\u00e1rga, de halv\u00e1ny s\u00e1rga annak levele.<\/p>\n<p>\u00c9n is olyan, \u00e9n is olyan halv\u00e1ny s\u00e1rga vagyok,<br \/>\nvolt szeret\u0151m, egy csinos barna kisl\u00e1ny de m\u00e1r r\u00e9g elhagyott.<\/p>\n<p>Majd ha egykor h\u0171tlen bab\u00e1m, \u00f6sszetal\u00e1lkozunk,<br \/>\n\u00fagy megy\u00fcnk el egym\u00e1s mellet, m\u00e9g csak nem is sz\u00f3lunk.<\/p>\n<p>Te m\u00e9gy jobbra, h\u0171tlen bab\u00e1m, \u00e9n megyek balra,<br \/>\ns\u00e1rba taposom f\u00e9nyk\u00e9pedet, nem veszlek el soha.<\/p>\n<p>&#8212;Sz\u00f3l\u00f3&#8212;\/\/06:06\/\/<br \/>\nSej, haj, ne fek\u00fcdj a sz\u00e9naboglya t\u00f6v\u00e9be.<br \/>\nK\u00f6r\u00fcl van az r\u00f3zsaf\u00e1val \u00fcltetve.<br \/>\nK\u00f6nnyebb volna sz\u00e1z r\u00f3zsaf\u00e1t kiv\u00e1gni,<br \/>\nsej, haj, mint tet\u0151led \u00e9des r\u00f3zs\u00e1m elv\u00e1lni.<br \/>\nK\u00f6nnyebb volna sz\u00e1z r\u00f3zsaf\u00e1t kiv\u00e1gni,<br \/>\nsej, haj, mint tet\u0151led \u00e9des r\u00f3zs\u00e1m elv\u00e1lni.<\/p>\n<p>Sej, haj, vas\u00e1rnapig nem tal\u00e1lok szeret\u0151t.<br \/>\nFelsz\u00e1ntatom a gyarmati temet\u0151t.<br \/>\nMagamat is bel\u00e9vetem vir\u00e1gnak,<br \/>\nsej, haj, aki szeret majd let\u00e9phet mag\u00e1nak.<br \/>\nMagamat is bel\u00e9vetem vir\u00e1gnak,<br \/>\nsej, haj, aki szeret majd let\u00e9phet mag\u00e1nak.<\/p>\n<p>Sej, haj, \u00e9letemben de sok l\u00f3v\u00e9t kerestem.<br \/>\nAzt is mind a sz\u00e9pl\u00e1nyokra k\u00f6lt\u00f6ttem.<br \/>\nVettem n\u00e9kik selyem als\u00f3 nyoszoly\u00e1t,<br \/>\nsej, haj, de sokszor felhajtottam \u00e9n az alj\u00e1t.<br \/>\nVettem n\u00e9kik selyem als\u00f3 nyoszoly\u00e1t,<br \/>\nsej, haj, de sokszor felhajtottam \u00e9n az alj\u00e1t.<\/p>\n<p>De cig\u00e1nysoron nem merek elj\u00e1rni.<br \/>\nDe sok a roma, de meg tal\u00e1lnak verni.<br \/>\nDe m\u00e1r\u00e9lj\u00e1tok sz\u00e9jjel a fejemet,<br \/>\nde \u00fagyis elviszem a feles\u00e9gem.<br \/>\nDe m\u00e1r\u00e9lj\u00e1tok sz\u00e9jjel a fejemet,<br \/>\nde \u00fagyis elviszem a feles\u00e9gem.<\/p>\n<p>De nincsen n\u00e9kem nagyobb ellens\u00e9gem,<br \/>\nmikor azt mondjak megcsalt a feles\u00e9gem.<br \/>\nVerj\u00e9tek h\u00e1t sz\u00e9jjel a fejemet,<br \/>\nde \u00fagyis elviszem a feles\u00e9gem.<br \/>\nVerj\u00e9tek h\u00e1t sz\u00e9jjel a fejemet,<br \/>\nde \u00fagyis elviszem a feles\u00e9gem.<\/p>\n<p>De nincs m\u00e1r n\u00e9kem, jaj, annyi helyem,<br \/>\nahov\u00e1 a fejemet letegyem.<br \/>\nDe adjatok h\u00e1t egy- k\u00e9t mar\u00e9k szalm\u00e1t,<br \/>\nde had tegyem a cs\u00f3r\u00f3 fejemet r\u00e1.<br \/>\nDe adjatok h\u00e1t egy- k\u00e9t mar\u00e9k szalm\u00e1t,<br \/>\nde had tegyem a cs\u00f3r\u00f3 fejemet r\u00e1.<br \/>\n&#8212;V\u00e9ge&#8212;<\/p>\n","protected":false},"featured_media":12989,"template":"","meta":{"site-sidebar-layout":"default","site-content-layout":"default","ast-site-content-layout":"default","site-content-style":"default","site-sidebar-style":"default","ast-global-header-display":"","ast-banner-title-visibility":"","ast-main-header-display":"","ast-hfb-above-header-display":"","ast-hfb-below-header-display":"","ast-hfb-mobile-header-display":"","site-post-title":"","ast-breadcrumbs-content":"","ast-featured-img":"","footer-sml-layout":"","theme-transparent-header-meta":"default","adv-header-id-meta":"","stick-header-meta":"","header-above-stick-meta":"","header-main-stick-meta":"","header-below-stick-meta":"","astra-migrate-meta-layouts":"set","ast-page-background-enabled":"default","ast-page-background-meta":{"desktop":{"background-color":"var(--ast-global-color-4)","background-image":"","background-repeat":"repeat","background-position":"center center","background-size":"auto","background-attachment":"scroll","background-type":"","background-media":"","overlay-type":"","overlay-color":"","overlay-opacity":"","overlay-gradient":""},"tablet":{"background-color":"","background-image":"","background-repeat":"repeat","background-position":"center center","background-size":"auto","background-attachment":"scroll","background-type":"","background-media":"","overlay-type":"","overlay-color":"","overlay-opacity":"","overlay-gradient":""},"mobile":{"background-color":"","background-image":"","background-repeat":"repeat","background-position":"center center","background-size":"auto","background-attachment":"scroll","background-type":"","background-media":"","overlay-type":"","overlay-color":"","overlay-opacity":"","overlay-gradient":""}},"ast-content-background-meta":{"desktop":{"background-color":"var(--ast-global-color-5)","background-image":"","background-repeat":"repeat","background-position":"center center","background-size":"auto","background-attachment":"scroll","background-type":"","background-media":"","overlay-type":"","overlay-color":"","overlay-opacity":"","overlay-gradient":""},"tablet":{"background-color":"var(--ast-global-color-5)","background-image":"","background-repeat":"repeat","background-position":"center center","background-size":"auto","background-attachment":"scroll","background-type":"","background-media":"","overlay-type":"","overlay-color":"","overlay-opacity":"","overlay-gradient":""},"mobile":{"background-color":"var(--ast-global-color-5)","background-image":"","background-repeat":"repeat","background-position":"center center","background-size":"auto","background-attachment":"scroll","background-type":"","background-media":"","overlay-type":"","overlay-color":"","overlay-opacity":"","overlay-gradient":""}}},"product_cat":[48],"product_tag":[],"class_list":["post-5775","product","type-product","status-publish","has-post-thumbnail","hentry","product_cat-sunkaraoke-dalok","desktop-align-left","tablet-align-left","mobile-align-left"],"_links":{"self":[{"href":"https:\/\/www.sunkaraoke.hu\/index.php\/wp-json\/wp\/v2\/product\/5775","targetHints":{"allow":["GET"]}}],"collection":[{"href":"https:\/\/www.sunkaraoke.hu\/index.php\/wp-json\/wp\/v2\/product"}],"about":[{"href":"https:\/\/www.sunkaraoke.hu\/index.php\/wp-json\/wp\/v2\/types\/product"}],"wp:featuredmedia":[{"embeddable":true,"href":"https:\/\/www.sunkaraoke.hu\/index.php\/wp-json\/wp\/v2\/media\/12989"}],"wp:attachment":[{"href":"https:\/\/www.sunkaraoke.hu\/index.php\/wp-json\/wp\/v2\/media?parent=5775"}],"wp:term":[{"taxonomy":"product_cat","embeddable":true,"href":"https:\/\/www.sunkaraoke.hu\/index.php\/wp-json\/wp\/v2\/product_cat?post=5775"},{"taxonomy":"product_tag","embeddable":true,"href":"https:\/\/www.sunkaraoke.hu\/index.php\/wp-json\/wp\/v2\/product_tag?post=5775"}],"curies":[{"name":"wp","href":"https:\/\/api.w.org\/{rel}","templated":true}]}}