{"id":5772,"date":"2022-08-08T20:49:48","date_gmt":"2022-08-08T20:49:48","guid":{"rendered":"https:\/\/www.sunkaraoke.hu\/index.php\/termek\/jolly-vivi-n-megerett-a-cseresznye\/"},"modified":"2026-03-05T08:58:56","modified_gmt":"2026-03-05T06:58:56","slug":"jolly-vivi-n-megerett-a-cseresznye","status":"publish","type":"product","link":"https:\/\/www.sunkaraoke.hu\/index.php\/termek\/jolly-vivi-n-megerett-a-cseresznye\/","title":{"rendered":"<div class=\"wcmp-player-container product-5772\"><audio controlslist=\"nodownload\" data-product=\"5772\"  volume=\"1\"  preload=\"none\" data-lazyloading=\"none\" class=\"wcmp-player track mejs-classic\" data-duration=\"0:31\" data-estimated_duration=\"4\"><source src=\"https:\/\/www.sunkaraoke.hu\/wp-content\/uploads\/2022\/08\/Megerett-a-cseresznye-Jolly-Orig-SB-_demo.mp3\" type=\"audio\/mp3\" \/><\/audio><\/div>Jolly &#038; Vivi N &#8211; Meg\u00e9rett a cseresznye (Original)"},"content":{"rendered":"<p><strong>03:26<\/strong> | <strong><img loading=\"lazy\" decoding=\"async\" class=\"alignnone size-full wp-image-467\" src=\"https:\/\/www.sunkaraoke.hu\/wp-content\/uploads\/2022\/07\/choir_2-copy.webp\" alt=\"\" width=\"30\" height=\"30\" \/> <\/strong><\/p>\n","protected":false},"excerpt":{"rendered":"<h5><strong>Bits\u0171r\u0171s\u00e9g: 320 kb\/s<\/strong><br \/>\n<strong>Hossz: 03:26<\/strong><br \/>\n<strong>Vok\u00e1lt tartalmaz: Nem <img loading=\"lazy\" decoding=\"async\" class=\"alignnone size-full wp-image-467\" src=\"http:\/\/www.sunkaraoke.hu\/wp-content\/uploads\/2022\/07\/choir_2-copy.png\" alt=\"\" width=\"30\" height=\"30\" \/><\/strong><strong style=\"font-size: 16px;\"><br \/>\n<\/strong><\/h5>\n<p>Sunkaraoke mp3 st\u00fadi\u00f3 \/ www.sunkaraoke.hu \/ Inf: Tel: 06 20 4275001<\/p>\n<p>&#8212;Intr\u00f3&#8212;<br \/>\nPiros lett a cseresznye, hogy szeretlek hiszed-e,<br \/>\nj\u00e1lom, \u00e1lom, digi,di,t\u00e1,n\u00e1,n\u00e1,n\u00e1.<br \/>\nHajad sz\u00edne fekete, megbabon\u00e1z a szemed,<br \/>\nj\u00e1lom, \u00e1lom, digi,di,t\u00e1,n\u00e1,n\u00e1.<br \/>\nMeg\u00e9rett a cseresznye, szerelem lett sz\u00edvembe,<br \/>\nj\u00e1lom, \u00e1lom, digi,di,t\u00e1,n\u00e1,n\u00e1,n\u00e1.<br \/>\nAz \u00e9n p\u00e1rom legy\u00e9l te, j\u00e1rj mindig a kedvembe,<br \/>\nj\u00e1lom, \u00e1lom, digi,di,t\u00e1,n\u00e1,n\u00e1.<br \/>\nHa megl\u00e1tom k\u00e9t szemednek ragyog\u00e1s\u00e1t,<br \/>\n\u00fagy \u00e9rzem hogy elvesztem az eszem.<br \/>\nHa meg\u00e9rzem cs\u00f3kos sz\u00e1dnak, cs\u00f3kol\u00e1s\u00e1t,<br \/>\na b\u00e1natom m\u00e1r \u00e9n elfeledem.<br \/>\nHa megl\u00e1tom k\u00e9t szemednek ragyog\u00e1s\u00e1t,<br \/>\nle nem tudom venni r\u00f3lad a szemem.<br \/>\nHa meg\u00e9rzem sz\u00e9p ajkadnak, cs\u00f3kol\u00e1s\u00e1t,<br \/>\n\u00fagy \u00e9rzem hogy elvesztem az eszem.<br \/>\nJ\u00e1,di,d\u00e1&#8230;.<br \/>\nPiros lett a cseresznye, hogy szeretlek hiszed-e,<br \/>\nj\u00e1lom, \u00e1lom, digi,di,t\u00e1,n\u00e1,n\u00e1,n\u00e1.<br \/>\nHajad sz\u00edne fekete, megbabon\u00e1z a szemed,<br \/>\nj\u00e1lom, \u00e1lom, digi,di,t\u00e1,n\u00e1,n\u00e1.<br \/>\nMeg\u00e9rett a cseresznye, szerelem lett sz\u00edvembe,<br \/>\nj\u00e1lom, \u00e1lom, digi,di,t\u00e1,n\u00e1,n\u00e1,n\u00e1.<br \/>\nAz \u00e9n p\u00e1rom legy\u00e9l te, j\u00e1rj mindig a kedvembe,<br \/>\nj\u00e1lom, \u00e1lom, digi,di,t\u00e1,n\u00e1,n\u00e1.<br \/>\nHa megl\u00e1tom k\u00e9t szemednek ragyog\u00e1s\u00e1t,<br \/>\n\u00fagy \u00e9rzem hogy elvesztem az eszem.<br \/>\nHa meg\u00e9rzem cs\u00f3kos sz\u00e1dnak, cs\u00f3kol\u00e1s\u00e1t,<br \/>\na b\u00e1natom m\u00e1r \u00e9n elfeledem.<br \/>\nHa megl\u00e1tom k\u00e9t szemednek ragyog\u00e1s\u00e1t,<br \/>\nle nem tudom venni r\u00f3lad a szemem.<br \/>\nHa meg\u00e9rzem sz\u00e9p ajkadnak, cs\u00f3kol\u00e1s\u00e1t,<br \/>\n\u00fagy \u00e9rzem hogy elvesztem az eszem.<br \/>\nJ\u00e1,di,d\u00e1&#8230;.<br \/>\nHa megl\u00e1tom k\u00e9t szemednek ragyog\u00e1s\u00e1t,<br \/>\n\u00fagy \u00e9rzem hogy elvesztem az eszem.<br \/>\nHa meg\u00e9rzem cs\u00f3kos sz\u00e1dnak, cs\u00f3kol\u00e1s\u00e1t,<br \/>\na b\u00e1natom m\u00e1r \u00e9n elfeledem.<br \/>\nHa megl\u00e1tom k\u00e9t szemednek ragyog\u00e1s\u00e1t,<br \/>\nle nem tudom venni r\u00f3lad a szemem.<br \/>\nHa meg\u00e9rzem sz\u00e9p ajkadnak, cs\u00f3kol\u00e1s\u00e1t,<br \/>\n\u00fagy \u00e9rzem hogy elvesztem az eszem.<br \/>\n&#8212;V\u00e9ge&#8212;<\/p>\n","protected":false},"featured_media":11801,"template":"","meta":{"site-sidebar-layout":"default","site-content-layout":"default","ast-site-content-layout":"default","site-content-style":"default","site-sidebar-style":"default","ast-global-header-display":"","ast-banner-title-visibility":"","ast-main-header-display":"","ast-hfb-above-header-display":"","ast-hfb-below-header-display":"","ast-hfb-mobile-header-display":"","site-post-title":"","ast-breadcrumbs-content":"","ast-featured-img":"","footer-sml-layout":"","theme-transparent-header-meta":"default","adv-header-id-meta":"","stick-header-meta":"","header-above-stick-meta":"","header-main-stick-meta":"","header-below-stick-meta":"","astra-migrate-meta-layouts":"set","ast-page-background-enabled":"default","ast-page-background-meta":{"desktop":{"background-color":"var(--ast-global-color-4)","background-image":"","background-repeat":"repeat","background-position":"center center","background-size":"auto","background-attachment":"scroll","background-type":"","background-media":"","overlay-type":"","overlay-color":"","overlay-opacity":"","overlay-gradient":""},"tablet":{"background-color":"","background-image":"","background-repeat":"repeat","background-position":"center center","background-size":"auto","background-attachment":"scroll","background-type":"","background-media":"","overlay-type":"","overlay-color":"","overlay-opacity":"","overlay-gradient":""},"mobile":{"background-color":"","background-image":"","background-repeat":"repeat","background-position":"center center","background-size":"auto","background-attachment":"scroll","background-type":"","background-media":"","overlay-type":"","overlay-color":"","overlay-opacity":"","overlay-gradient":""}},"ast-content-background-meta":{"desktop":{"background-color":"var(--ast-global-color-5)","background-image":"","background-repeat":"repeat","background-position":"center center","background-size":"auto","background-attachment":"scroll","background-type":"","background-media":"","overlay-type":"","overlay-color":"","overlay-opacity":"","overlay-gradient":""},"tablet":{"background-color":"var(--ast-global-color-5)","background-image":"","background-repeat":"repeat","background-position":"center center","background-size":"auto","background-attachment":"scroll","background-type":"","background-media":"","overlay-type":"","overlay-color":"","overlay-opacity":"","overlay-gradient":""},"mobile":{"background-color":"var(--ast-global-color-5)","background-image":"","background-repeat":"repeat","background-position":"center center","background-size":"auto","background-attachment":"scroll","background-type":"","background-media":"","overlay-type":"","overlay-color":"","overlay-opacity":"","overlay-gradient":""}}},"product_cat":[48],"product_tag":[],"class_list":["post-5772","product","type-product","status-publish","has-post-thumbnail","hentry","product_cat-sunkaraoke-dalok","desktop-align-left","tablet-align-left","mobile-align-left"],"_links":{"self":[{"href":"https:\/\/www.sunkaraoke.hu\/index.php\/wp-json\/wp\/v2\/product\/5772","targetHints":{"allow":["GET"]}}],"collection":[{"href":"https:\/\/www.sunkaraoke.hu\/index.php\/wp-json\/wp\/v2\/product"}],"about":[{"href":"https:\/\/www.sunkaraoke.hu\/index.php\/wp-json\/wp\/v2\/types\/product"}],"wp:featuredmedia":[{"embeddable":true,"href":"https:\/\/www.sunkaraoke.hu\/index.php\/wp-json\/wp\/v2\/media\/11801"}],"wp:attachment":[{"href":"https:\/\/www.sunkaraoke.hu\/index.php\/wp-json\/wp\/v2\/media?parent=5772"}],"wp:term":[{"taxonomy":"product_cat","embeddable":true,"href":"https:\/\/www.sunkaraoke.hu\/index.php\/wp-json\/wp\/v2\/product_cat?post=5772"},{"taxonomy":"product_tag","embeddable":true,"href":"https:\/\/www.sunkaraoke.hu\/index.php\/wp-json\/wp\/v2\/product_tag?post=5772"}],"curies":[{"name":"wp","href":"https:\/\/api.w.org\/{rel}","templated":true}]}}