{"id":5750,"date":"2022-08-08T20:49:46","date_gmt":"2022-08-08T20:49:46","guid":{"rendered":"https:\/\/www.sunkaraoke.hu\/index.php\/termek\/galamb-jozsef-nem-var-engem-odahaza-senki\/"},"modified":"2025-04-13T05:42:12","modified_gmt":"2025-04-13T05:42:12","slug":"galamb-jozsef-nem-var-engem-odahaza-senki","status":"publish","type":"product","link":"https:\/\/www.sunkaraoke.hu\/index.php\/termek\/galamb-jozsef-nem-var-engem-odahaza-senki\/","title":{"rendered":"<div class=\"wcmp-player-container product-5750\"><audio controlslist=\"nodownload\" data-product=\"5750\"  volume=\"1\"  preload=\"none\" data-lazyloading=\"none\" class=\"wcmp-player track mejs-classic\" data-duration=\"0:36\" data-estimated_duration=\"4\"><source src=\"https:\/\/www.sunkaraoke.hu\/wp-content\/uploads\/2022\/08\/Nem-var-engem-odahaza-Vok-G.demoo_.mp3\" type=\"audio\/mp3\" \/><\/audio><\/div>Galamb J\u00f3zsef &#038; Sz\u00fcrke Enik\u0151 &#8211; Nem v\u00e1r engem odahaza senki (Original)"},"content":{"rendered":"<p><strong>04:39<\/strong> | <strong><img loading=\"lazy\" decoding=\"async\" class=\"alignnone size-full wp-image-466\" src=\"https:\/\/www.sunkaraoke.hu\/wp-content\/uploads\/2022\/07\/choir_1-copy.webp\" alt=\"\" width=\"30\" height=\"30\" \/> <\/strong><\/p>\n","protected":false},"excerpt":{"rendered":"<h6><strong>Bits\u0171r\u0171s\u00e9g: 320<\/strong>kb\/s<strong><br \/>\n<\/strong><strong>Hossz: <\/strong>04:39<strong><br \/>\n<\/strong><strong style=\"font-size: 16px;\">Vok\u00e1lt tartalmaz: <\/strong>Igen <img loading=\"lazy\" decoding=\"async\" class=\"alignnone size-full wp-image-466\" src=\"http:\/\/www.sunkaraoke.hu\/wp-content\/uploads\/2022\/07\/choir_1-copy.png\" alt=\"\" width=\"30\" height=\"30\" \/><strong style=\"font-size: 16px;\"><br \/>\n<\/strong><\/h6>\n<p>Sunkaraoke mp3 st\u00fadi\u00f3 \/ www.sunkaraoke.hu \/ Inf: Tel: 06 20 4275001<\/p>\n<p>&#8212;Intr\u00f3&#8212;\/\/00:23\/\/<\/p>\n<p>Levelet kaptam a j\u00f3 any\u00e1mt\u00f3l<br \/>\nArra k\u00e9rt, hogy menjek haza m\u00e1r<br \/>\nMert szeretne, v\u00e9gre ism\u00e9t l\u00e1tni<br \/>\nMegk\u00e9rdezni, fiam, mond mi f\u00e1j<\/p>\n<p>Nem f\u00e1j n\u00e9kem \u00e9desany\u00e1m semmi<br \/>\nHaza engem, t\u00f6bb\u00e9 sose v\u00e1rj<br \/>\nFelejtsd el a h\u0171tlen rossz fiadat<br \/>\nAki t\u0151led, t\u00e1vol messze j\u00e1r<\/p>\n<p>Nem f\u00e1j n\u00e9kem \u00e9desany\u00e1m semmi<br \/>\nHaza engem, t\u00f6bb\u00e9 sose v\u00e1rj<br \/>\nFelejtsd el a h\u0171tlen rossz fiadat<br \/>\nAki t\u0151led, t\u00e1vol messze j\u00e1r<\/p>\n<p>R\u00e9gen j\u00e1rtam, odahaza n\u00e1luk<br \/>\nA j\u00f3any\u00e1m r\u00e1m sok\u00e1ig v\u00e1rt<br \/>\nLeveleit k\u00f6nnyek k\u00f6z\u00f6tt \u00edrta<br \/>\nDe nem kapott v\u00e1laszt sose r\u00e1<\/p>\n<p>Nem v\u00e1r engem odahaza senki<br \/>\nHaza engem, t\u00f6bb\u00e9 sose v\u00e1rj<br \/>\nFelejtsd el a h\u0171tlen rossz fiadat<br \/>\nAki t\u0151led, t\u00e1vol messze j\u00e1r<\/p>\n<p>Nem v\u00e1r engem odahaza senki<br \/>\nHaza engem, t\u00f6bb\u00e9 sose v\u00e1rj<br \/>\nFelejtsd el a h\u0171tlen rossz fiadat<br \/>\nAki t\u0151led, t\u00e1vol messze j\u00e1r<\/p>\n<p>&#8212;SOLO&#8212;\/\/02:45\/\/<br \/>\nNem kapok \u00e9n levelet m\u00e1r r\u00e9gen<br \/>\nNem \u00e9l t\u00f6bb\u00e9 az \u00e9desany\u00e1m<br \/>\nMenn\u00e9k \u00e9n m\u00e1r haza, hogyha h\u00edvna<br \/>\nDe hi\u00e1ba, k\u00e9s\u0151 minden m\u00e1r<\/p>\n<p>Most f\u00e1j n\u00e9kem, \u00e9desany\u00e1m minden<br \/>\nAmikor m\u00e1r engem itt hagyt\u00e1l<br \/>\nMost j\u00f6ttem r\u00e1, hogy addig kell menni<br \/>\nAm\u00edg otthon, v\u00e1r valaki r\u00e1m<\/p>\n<p>Most f\u00e1j n\u00e9kem, \u00e9desany\u00e1m minden<br \/>\nAmikor m\u00e1r engem itt hagyt\u00e1l<br \/>\nMost j\u00f6ttem r\u00e1, hogy addig kell menni<br \/>\nAm\u00edg otthon, v\u00e1r valaki r\u00e1m<\/p>\n","protected":false},"featured_media":6363,"template":"","meta":{"site-sidebar-layout":"default","site-content-layout":"default","ast-site-content-layout":"default","site-content-style":"default","site-sidebar-style":"default","ast-global-header-display":"","ast-banner-title-visibility":"","ast-main-header-display":"","ast-hfb-above-header-display":"","ast-hfb-below-header-display":"","ast-hfb-mobile-header-display":"","site-post-title":"","ast-breadcrumbs-content":"","ast-featured-img":"","footer-sml-layout":"","theme-transparent-header-meta":"default","adv-header-id-meta":"","stick-header-meta":"","header-above-stick-meta":"","header-main-stick-meta":"","header-below-stick-meta":"","astra-migrate-meta-layouts":"set","ast-page-background-enabled":"default","ast-page-background-meta":{"desktop":{"background-color":"var(--ast-global-color-4)","background-image":"","background-repeat":"repeat","background-position":"center center","background-size":"auto","background-attachment":"scroll","background-type":"","background-media":"","overlay-type":"","overlay-color":"","overlay-opacity":"","overlay-gradient":""},"tablet":{"background-color":"","background-image":"","background-repeat":"repeat","background-position":"center center","background-size":"auto","background-attachment":"scroll","background-type":"","background-media":"","overlay-type":"","overlay-color":"","overlay-opacity":"","overlay-gradient":""},"mobile":{"background-color":"","background-image":"","background-repeat":"repeat","background-position":"center center","background-size":"auto","background-attachment":"scroll","background-type":"","background-media":"","overlay-type":"","overlay-color":"","overlay-opacity":"","overlay-gradient":""}},"ast-content-background-meta":{"desktop":{"background-color":"var(--ast-global-color-5)","background-image":"","background-repeat":"repeat","background-position":"center center","background-size":"auto","background-attachment":"scroll","background-type":"","background-media":"","overlay-type":"","overlay-color":"","overlay-opacity":"","overlay-gradient":""},"tablet":{"background-color":"var(--ast-global-color-5)","background-image":"","background-repeat":"repeat","background-position":"center center","background-size":"auto","background-attachment":"scroll","background-type":"","background-media":"","overlay-type":"","overlay-color":"","overlay-opacity":"","overlay-gradient":""},"mobile":{"background-color":"var(--ast-global-color-5)","background-image":"","background-repeat":"repeat","background-position":"center center","background-size":"auto","background-attachment":"scroll","background-type":"","background-media":"","overlay-type":"","overlay-color":"","overlay-opacity":"","overlay-gradient":""}}},"product_cat":[69],"product_tag":[],"class_list":["post-5750","product","type-product","status-publish","has-post-thumbnail","hentry","product_cat-galamb-joci","desktop-align-left","tablet-align-left","mobile-align-left"],"_links":{"self":[{"href":"https:\/\/www.sunkaraoke.hu\/index.php\/wp-json\/wp\/v2\/product\/5750","targetHints":{"allow":["GET"]}}],"collection":[{"href":"https:\/\/www.sunkaraoke.hu\/index.php\/wp-json\/wp\/v2\/product"}],"about":[{"href":"https:\/\/www.sunkaraoke.hu\/index.php\/wp-json\/wp\/v2\/types\/product"}],"wp:featuredmedia":[{"embeddable":true,"href":"https:\/\/www.sunkaraoke.hu\/index.php\/wp-json\/wp\/v2\/media\/6363"}],"wp:attachment":[{"href":"https:\/\/www.sunkaraoke.hu\/index.php\/wp-json\/wp\/v2\/media?parent=5750"}],"wp:term":[{"taxonomy":"product_cat","embeddable":true,"href":"https:\/\/www.sunkaraoke.hu\/index.php\/wp-json\/wp\/v2\/product_cat?post=5750"},{"taxonomy":"product_tag","embeddable":true,"href":"https:\/\/www.sunkaraoke.hu\/index.php\/wp-json\/wp\/v2\/product_tag?post=5750"}],"curies":[{"name":"wp","href":"https:\/\/api.w.org\/{rel}","templated":true}]}}