{"id":5745,"date":"2022-08-08T20:49:45","date_gmt":"2022-08-08T20:49:45","guid":{"rendered":"https:\/\/www.sunkaraoke.hu\/index.php\/termek\/piros-bela-piros-bela-mulatos-mix-29\/"},"modified":"2026-04-18T07:27:28","modified_gmt":"2026-04-18T05:27:28","slug":"piros-bela-piros-bela-mulatos-mix-29","status":"publish","type":"product","link":"https:\/\/www.sunkaraoke.hu\/index.php\/termek\/piros-bela-piros-bela-mulatos-mix-29\/","title":{"rendered":"<div class=\"wcmp-player-container product-5745\"><audio controlslist=\"nodownload\" data-product=\"5745\"  volume=\"1\"  preload=\"none\" data-lazyloading=\"none\" class=\"wcmp-player track mejs-classic\" data-duration=\"0:33\" data-estimated_duration=\"4\"><source src=\"https:\/\/www.sunkaraoke.hu\/wp-content\/uploads\/2022\/08\/Piros-Bela-Mulatos-mix-29.-demooo.mp3\" type=\"audio\/mp3\" \/><\/audio><\/div>Piros B\u00e9la &#8211; Piros B\u00e9la Mulat\u00f3s Mix 29. (Original)"},"content":{"rendered":"<p><strong>08:30<\/strong> | <strong><img loading=\"lazy\" decoding=\"async\" class=\"alignnone size-full wp-image-467\" src=\"https:\/\/www.sunkaraoke.hu\/wp-content\/uploads\/2022\/07\/choir_2-copy.webp\" alt=\"\" width=\"30\" height=\"30\" \/> <\/strong><\/p>\n","protected":false},"excerpt":{"rendered":"<h6><strong>Bits\u0171r\u0171s\u00e9g: 320<\/strong>kb\/s<strong><br \/>\n<\/strong><strong>Hossz: <\/strong>08:30<strong><br \/>\n<\/strong><strong style=\"font-size: 16px;\">Vok\u00e1lt tartalmaz: <\/strong>Nem <img loading=\"lazy\" decoding=\"async\" class=\"alignnone size-full wp-image-467\" src=\"http:\/\/www.sunkaraoke.hu\/wp-content\/uploads\/2022\/07\/choir_2-copy.png\" alt=\"\" width=\"30\" height=\"30\" \/><strong style=\"font-size: 16px;\"><br \/>\n<\/strong><\/h6>\n<p>Sunkaraoke mp3 st\u00fadi\u00f3 \/ www.sunkaraoke.hu \/ Inf: Tel: 06 20 4275001<\/p>\n<p>&#8212;Intr\u00f3&#8212;\/\/00:48\/\/<br \/>\nPorzik porzik a szatm\u00e1ri utca,<br \/>\nhogyha v\u00e9gig megyek rajta,<br \/>\nny\u00edlik ny\u00edlik a bab\u00e1m ablaka,<br \/>\nhogyha bekopogok rajta.<br \/>\nNyisd ki bab\u00e1m ablakaidat,<br \/>\nhadd mondjam el a panaszaimat,<br \/>\na szatm\u00e1ri l\u00e1nynak cs\u00f3kra \u00e1ll a sz\u00e1ja,<br \/>\nmikor r\u00e1n\u00e9z a bab\u00e1ja!<br \/>\nNyisd ki bab\u00e1m ablakaidat,<br \/>\nhadd mondjam el a panaszaimat,<br \/>\na szatm\u00e1ri l\u00e1nynak cs\u00f3kra \u00e1ll a sz\u00e1ja,<br \/>\nmikor r\u00e1n\u00e9z a bab\u00e1ja!<br \/>\nKalapom, kalapom csurg\u00f3ra,<br \/>\ns\u00f6rt inn\u00e9k, bort inn\u00e9k ha volna.<br \/>\nAk\u00e1r iszom, ak\u00e1r nem,<br \/>\nr\u00e9szeges csavarg\u00f3 a nevem.<br \/>\n&#8212;Sz\u00f3l\u00f3&#8212;\/\/01:54\/\/<br \/>\nKalapom kalapom s\u00f6t\u00e9tk\u00e9k,<br \/>\nnem vagyok a bab\u00e1mnak el\u00e9g sz\u00e9p,<br \/>\nha nem vagyok el\u00e9g sz\u00e9p,<br \/>\nverje meg a v\u00e1logat\u00f3s nyeh\u00e9zs\u00e9g.<br \/>\n&#8212;Sz\u00f3l\u00f3&#8212;\/\/02:17\/\/<br \/>\nNem vagyok \u00e9n \u00fari csal\u00e1db\u00f3l val\u00f3,<br \/>\nnem kell n\u00e9kem selyemkend\u0151 takar\u00f3.<br \/>\nLeter\u00edtem a sub\u00e1mat a f\u00f6ldre<br \/>\nodav\u00e1rom sej haj, odav\u00e1rom a bab\u00e1mat est\u00e9re.<br \/>\n&#8212;Sz\u00f3l\u00f3&#8212;\/\/02:48\/\/<br \/>\nNem vagyok \u00e9n boldogs\u00e1gra teremtve,<br \/>\nv\u00e1ljunk el, \u00e9s felejts\u00fck el \u00f6r\u00f6kre.<br \/>\nCsak m\u00e9g egyszer kacsints\u00e1l a szemembe,<br \/>\nel szeretn\u00e9m sej haj, el is fogom t\u0151led lopni \u00f6r\u00f6kre.<br \/>\n&#8212;Sz\u00f3l\u00f3&#8212;\/\/03:22\/\/<br \/>\nFelsz\u00e1llott a vadgalamb a ny\u00e1rfa tetej\u00e9re,<br \/>\n\u00fagy \u00e9rzem, hogy a sz\u00edvemnek \u00faj szeret\u0151 k\u00e9ne!<br \/>\n\u00daj szeret\u0151, ki nem csalfa, sosem kacsint m\u00e1sra,<br \/>\naki reggel, d\u00e9lben, este a cs\u00f3komat v\u00e1rja.<br \/>\n&#8212;Sz\u00f3l\u00f3&#8212;\/\/03:53\/\/<br \/>\nAzt mondta a vadgalamb, hogy ily szeret\u0151 ritka,<br \/>\nmerre lakik, hol tal\u00e1lom, n\u00e9kem meg is mondta.<br \/>\nK\u00e9k nefelejcs mutat utat addig a kis h\u00e1zig,<br \/>\nde csak igaz sz\u00edvszerelem juthat el od\u00e1ig.<br \/>\n&#8212;Sz\u00f3l\u00f3&#8212;\/\/04:25\/\/<br \/>\nA szatm\u00e1ri dombtet\u0151n integet a szeret\u0151m.<br \/>\nSelyemkend\u0151t lobogtat, engem oda csalogat.<br \/>\nA Szamos vize de sz\u00e9les, a bab\u00e1m cs\u00f3kja de \u00e9des,<br \/>\nkett\u0151t kaptam bel\u0151le szerelmes lettem t\u0151le.<br \/>\n&#8212;Sz\u00f3l\u00f3&#8212;\/\/05:05\/\/<br \/>\nA tarpai dombtet\u0151n integet a szeret\u0151m.<br \/>\nSelyemkend\u0151t lobogtat, engem oda csalogat.<br \/>\nA Szamos vize befagyott, a h\u0171tlen bab\u00e1m elhagyott,<br \/>\nha elhagyott nem b\u00e1nom majd lesz m\u00e1sik a ny\u00e1ron.<br \/>\n&#8212;Sz\u00f3l\u00f3&#8212;\/\/05:58\/\/<br \/>\nNem forog a dorozsmai sz\u00e9lmalom,<br \/>\na sz\u00e9lmalom, a sz\u00e9lmalom.<br \/>\nTal\u00e1n nekem kell azt majd meghajtanom,<br \/>\nmeghajtanom, meghajtanom.<br \/>\nNyikorog, mert a kereke m\u00e9g \u00faj,<br \/>\nde forog, amikor a sz\u00e9l f\u00faj.<br \/>\nJaj, de forog , hogyha hajtom,<br \/>\nh\u00e1romszor is j\u00f3l meghajtom,<br \/>\njaj, de felt\u00f6rte a markom!<br \/>\nKinn a dorozsmai hat\u00e1rban<br \/>\nde sok pacsirtamad\u00e1rka van.<br \/>\nNincs szebb ott az aranykal\u00e1szn\u00e1l,<br \/>\nmost is a lelkem csak arra j\u00e1r.<br \/>\nGiling-galang sz\u00f3l a harang,<br \/>\nboldogs\u00e1gom hat\u00e1rtalan.<br \/>\nKinn a dorozsmai hat\u00e1rban<br \/>\nde sok pacsirtamad\u00e1rka van.<br \/>\nGiling-galang sz\u00f3l a harang,<br \/>\nboldogs\u00e1gom hat\u00e1rtalan.<br \/>\nKinn a dorozsmai hat\u00e1rban<br \/>\nde sok pacsirtamad\u00e1rka van.<br \/>\n&#8212;Sz\u00f3l\u00f3&#8212;\/\/07:16\/\/<br \/>\n\u00c1lmos vagyok, az \u00e9jjel nem aludtam,<br \/>\nkivil\u00e1gos virradatig mulattam.<br \/>\nJ\u00f3 bor mellett, sz\u0151ke kisl\u00e1ny \u00f6l\u00e9ben,<br \/>\nnem j\u00f6n \u00e1lom a mulat\u00f3 k\u00e9t szememre.<br \/>\n&#8212;Sz\u00f3l\u00f3&#8212;\/\/07:43\/\/<br \/>\nH\u00fazzad, cig\u00e1ny, szakadjon el a h\u00farod!<br \/>\nM\u00e1r \u00e9nn\u00e9kem \u00fagysem sok\u00e1ig h\u00fazod.<br \/>\nmajd elh\u00fazza Ferencz J\u00f3ska rezesband\u00e1ja,<br \/>\nSiralmas lesz annak a hallgat\u00e1sa.<br \/>\n&#8212;V\u00e9ge&#8212;<\/p>\n","protected":false},"featured_media":12989,"template":"","meta":{"site-sidebar-layout":"default","site-content-layout":"default","ast-site-content-layout":"default","site-content-style":"default","site-sidebar-style":"default","ast-global-header-display":"","ast-banner-title-visibility":"","ast-main-header-display":"","ast-hfb-above-header-display":"","ast-hfb-below-header-display":"","ast-hfb-mobile-header-display":"","site-post-title":"","ast-breadcrumbs-content":"","ast-featured-img":"","footer-sml-layout":"","theme-transparent-header-meta":"default","adv-header-id-meta":"","stick-header-meta":"","header-above-stick-meta":"","header-main-stick-meta":"","header-below-stick-meta":"","astra-migrate-meta-layouts":"set","ast-page-background-enabled":"default","ast-page-background-meta":{"desktop":{"background-color":"var(--ast-global-color-4)","background-image":"","background-repeat":"repeat","background-position":"center center","background-size":"auto","background-attachment":"scroll","background-type":"","background-media":"","overlay-type":"","overlay-color":"","overlay-opacity":"","overlay-gradient":""},"tablet":{"background-color":"","background-image":"","background-repeat":"repeat","background-position":"center center","background-size":"auto","background-attachment":"scroll","background-type":"","background-media":"","overlay-type":"","overlay-color":"","overlay-opacity":"","overlay-gradient":""},"mobile":{"background-color":"","background-image":"","background-repeat":"repeat","background-position":"center center","background-size":"auto","background-attachment":"scroll","background-type":"","background-media":"","overlay-type":"","overlay-color":"","overlay-opacity":"","overlay-gradient":""}},"ast-content-background-meta":{"desktop":{"background-color":"var(--ast-global-color-5)","background-image":"","background-repeat":"repeat","background-position":"center center","background-size":"auto","background-attachment":"scroll","background-type":"","background-media":"","overlay-type":"","overlay-color":"","overlay-opacity":"","overlay-gradient":""},"tablet":{"background-color":"var(--ast-global-color-5)","background-image":"","background-repeat":"repeat","background-position":"center center","background-size":"auto","background-attachment":"scroll","background-type":"","background-media":"","overlay-type":"","overlay-color":"","overlay-opacity":"","overlay-gradient":""},"mobile":{"background-color":"var(--ast-global-color-5)","background-image":"","background-repeat":"repeat","background-position":"center center","background-size":"auto","background-attachment":"scroll","background-type":"","background-media":"","overlay-type":"","overlay-color":"","overlay-opacity":"","overlay-gradient":""}}},"product_cat":[48],"product_tag":[],"class_list":["post-5745","product","type-product","status-publish","has-post-thumbnail","hentry","product_cat-sunkaraoke-dalok","desktop-align-left","tablet-align-left","mobile-align-left"],"_links":{"self":[{"href":"https:\/\/www.sunkaraoke.hu\/index.php\/wp-json\/wp\/v2\/product\/5745","targetHints":{"allow":["GET"]}}],"collection":[{"href":"https:\/\/www.sunkaraoke.hu\/index.php\/wp-json\/wp\/v2\/product"}],"about":[{"href":"https:\/\/www.sunkaraoke.hu\/index.php\/wp-json\/wp\/v2\/types\/product"}],"wp:featuredmedia":[{"embeddable":true,"href":"https:\/\/www.sunkaraoke.hu\/index.php\/wp-json\/wp\/v2\/media\/12989"}],"wp:attachment":[{"href":"https:\/\/www.sunkaraoke.hu\/index.php\/wp-json\/wp\/v2\/media?parent=5745"}],"wp:term":[{"taxonomy":"product_cat","embeddable":true,"href":"https:\/\/www.sunkaraoke.hu\/index.php\/wp-json\/wp\/v2\/product_cat?post=5745"},{"taxonomy":"product_tag","embeddable":true,"href":"https:\/\/www.sunkaraoke.hu\/index.php\/wp-json\/wp\/v2\/product_tag?post=5745"}],"curies":[{"name":"wp","href":"https:\/\/api.w.org\/{rel}","templated":true}]}}