{"id":5743,"date":"2022-08-08T20:49:45","date_gmt":"2022-08-08T20:49:45","guid":{"rendered":"https:\/\/www.sunkaraoke.hu\/index.php\/termek\/jolly-sirni-sirni-mar-nem-fogok-transzp-v\/"},"modified":"2025-08-31T07:01:11","modified_gmt":"2025-08-31T05:01:11","slug":"jolly-sirni-sirni-mar-nem-fogok-transzp-v","status":"publish","type":"product","link":"https:\/\/www.sunkaraoke.hu\/index.php\/termek\/jolly-sirni-sirni-mar-nem-fogok-transzp-v\/","title":{"rendered":"<div class=\"wcmp-player-container product-5743\"><audio controlslist=\"nodownload\" data-product=\"5743\"  volume=\"1\"  preload=\"none\" data-lazyloading=\"none\" class=\"wcmp-player track mejs-classic\" data-duration=\"0:32\" data-estimated_duration=\"4\"><source src=\"https:\/\/www.sunkaraoke.hu\/wp-content\/uploads\/2022\/08\/Sirni-sirni-mar-nem-fogok-Jolly-transzSB._demo.mp3\" type=\"audio\/mp3\" \/><\/audio><\/div>Jolly &#8211; S\u00edrni s\u00edrni m\u00e1r nem fogok (Original)"},"content":{"rendered":"<p><strong>03:37<\/strong> | <strong><img loading=\"lazy\" decoding=\"async\" class=\"alignnone size-full wp-image-467\" src=\"https:\/\/www.sunkaraoke.hu\/wp-content\/uploads\/2022\/07\/choir_2-copy.webp\" alt=\"\" width=\"30\" height=\"30\" \/> <strong> | <img loading=\"lazy\" decoding=\"async\" class=\"alignnone size-full wp-image-613\" src=\"https:\/\/www.sunkaraoke.hu\/wp-content\/uploads\/2022\/07\/transzponalas.webp\" alt=\"\" width=\"30\" height=\"30\" \/> <\/strong><strong>-3<\/strong><\/strong><\/p>\n","protected":false},"excerpt":{"rendered":"<h6><strong>Bits\u0171r\u0171s\u00e9g: 320 kb\/s<\/strong><br \/>\n<strong>Hossz: 03:37<\/strong><br \/>\n<strong>Vok\u00e1lt tartalmaz: Nem <img loading=\"lazy\" decoding=\"async\" class=\"alignnone size-full wp-image-467\" src=\"http:\/\/www.sunkaraoke.hu\/wp-content\/uploads\/2022\/07\/choir_2-copy.png\" alt=\"\" width=\"30\" height=\"30\" \/><\/strong><br \/>\n<strong>Transzpon\u00e1l\u00e1s: <img loading=\"lazy\" decoding=\"async\" class=\"alignnone size-full wp-image-613\" src=\"http:\/\/www.sunkaraoke.hu\/wp-content\/uploads\/2022\/07\/transzponalas.png\" alt=\"\" width=\"30\" height=\"30\" \/> -3<\/strong><\/h6>\n<p>Sunkaraoke mp3 st\u00fadi\u00f3 \/ www.sunkaraoke.hu \/ Inf: Tel: 06 20 4275001<\/p>\n<p>&#8212;Intr\u00f3&#8212;<\/p>\n<p>S\u00e1lom, \u00e1lom, j\u00e1di, d\u00e1, d\u00e1, d\u00e1&#8230;.<br \/>\nSz\u00e9p vagy sz\u00e9p vagy de nem kellesz m\u00e1r nekem,<br \/>\nmegb\u00e1ntottad, megcsaltad a sz\u00edvemet,<br \/>\nde \u00e9n m\u00e1r nem bocs\u00e1jtod meg neked.<br \/>\nTal\u00e1lok \u00e9n szebbet jobbat ten\u00e1lad,<br \/>\nne hidd azt hogy v\u00e1rok m\u00e9g a csod\u00e1kra,<br \/>\nmert te m\u00e1r nem v\u00e1ltozol meg soha.<\/p>\n<p>T\u00f6bb\u00e9 m\u00e1r, s\u00edrni, s\u00edrni nem fogok \u00e9n te\u00e9rted,<br \/>\ntemiattad nem hullajtok k\u00f6nnyeket,<br \/>\nlesz majd m\u00e1s aki megbecs\u00fcli sz\u00edvemet,<br \/>\nrabod t\u00f6bb\u00e9 nem leszek.<br \/>\nS\u00edrni, s\u00edrni nem fogok m\u00e1r te\u00e9rted,<br \/>\ntemiattad \u00e9n nem hullajtok k\u00f6nnyeket,<br \/>\ncsalfa volt\u00e1l \u00e9s megcsaltad a sz\u00edvemet,<br \/>\nh\u00e1t vidd ahol m\u00e9g elmehet.<br \/>\nCsigi,digi,di p\u00e1\u00f3&#8230;.<br \/>\nRap: Le is \u00fat fel is \u00fat itt a v\u00e9ge,k\u00e9rlellek t\u00e9ged h\u00e1t t\u00e9rj m\u00e1r \u00e9szhez,<br \/>\nnehogy azt hidd hogy j\u00e1tszhatsz velem, b\u00fcntetlen\u00fcl megcsalhatsz engem.<br \/>\nBaby egyszer fent, egyszer lent, soha ne felejtsd el az \u00e9letben,<br \/>\nmost k\u00e9t pad k\u00f6zz\u00e9 est\u00e9l l\u00e1tod, ne is legyen t\u00f6bb\u00e9 boldogs\u00e1god.<\/p>\n<p>T\u00f6bb\u00e9 m\u00e1r, s\u00edrni, s\u00edrni nem fogok \u00e9n te\u00e9rted,<br \/>\ntemiattad nem hullajtok k\u00f6nnyeket,<br \/>\nlesz majd m\u00e1s aki megbecs\u00fcli sz\u00edvemet,<br \/>\nrabod t\u00f6bb\u00e9 nem leszek.<br \/>\nS\u00edrni, s\u00edrni nem fogok m\u00e1r te\u00e9rted,<br \/>\ntemiattad \u00e9n nem hullajtok k\u00f6nnyeket,<br \/>\ncsalfa volt\u00e1l \u00e9s megcsaltad a sz\u00edvemet,<br \/>\nh\u00e1t vidd ahol m\u00e9g elmehet.<br \/>\nJ\u00e1gdig\u00e1dom&#8230;.<\/p>\n<p>T\u00f6bb\u00e9 m\u00e1r, s\u00edrni, s\u00edrni nem fogok \u00e9n te\u00e9rted,<br \/>\ntemiattad nem hullajtok k\u00f6nnyeket,<br \/>\nlesz majd m\u00e1s aki megbecs\u00fcli sz\u00edvemet,<br \/>\nrabod t\u00f6bb\u00e9 nem leszek.<br \/>\nS\u00edrni, s\u00edrni nem fogok m\u00e1r te\u00e9rted,<br \/>\ntemiattad \u00e9n nem hullajtok k\u00f6nnyeket,<br \/>\ncsalfa volt\u00e1l \u00e9s megcsaltad a sz\u00edvemet,<br \/>\nh\u00e1t vidd ahol m\u00e9g elmehet.<br \/>\n&#8212;V\u00e9ge&#8212;<\/p>\n","protected":false},"featured_media":6147,"template":"","meta":{"site-sidebar-layout":"default","site-content-layout":"default","ast-site-content-layout":"default","site-content-style":"default","site-sidebar-style":"default","ast-global-header-display":"","ast-banner-title-visibility":"","ast-main-header-display":"","ast-hfb-above-header-display":"","ast-hfb-below-header-display":"","ast-hfb-mobile-header-display":"","site-post-title":"","ast-breadcrumbs-content":"","ast-featured-img":"","footer-sml-layout":"","theme-transparent-header-meta":"default","adv-header-id-meta":"","stick-header-meta":"","header-above-stick-meta":"","header-main-stick-meta":"","header-below-stick-meta":"","astra-migrate-meta-layouts":"set","ast-page-background-enabled":"default","ast-page-background-meta":{"desktop":{"background-color":"var(--ast-global-color-4)","background-image":"","background-repeat":"repeat","background-position":"center center","background-size":"auto","background-attachment":"scroll","background-type":"","background-media":"","overlay-type":"","overlay-color":"","overlay-opacity":"","overlay-gradient":""},"tablet":{"background-color":"","background-image":"","background-repeat":"repeat","background-position":"center center","background-size":"auto","background-attachment":"scroll","background-type":"","background-media":"","overlay-type":"","overlay-color":"","overlay-opacity":"","overlay-gradient":""},"mobile":{"background-color":"","background-image":"","background-repeat":"repeat","background-position":"center center","background-size":"auto","background-attachment":"scroll","background-type":"","background-media":"","overlay-type":"","overlay-color":"","overlay-opacity":"","overlay-gradient":""}},"ast-content-background-meta":{"desktop":{"background-color":"var(--ast-global-color-5)","background-image":"","background-repeat":"repeat","background-position":"center center","background-size":"auto","background-attachment":"scroll","background-type":"","background-media":"","overlay-type":"","overlay-color":"","overlay-opacity":"","overlay-gradient":""},"tablet":{"background-color":"var(--ast-global-color-5)","background-image":"","background-repeat":"repeat","background-position":"center center","background-size":"auto","background-attachment":"scroll","background-type":"","background-media":"","overlay-type":"","overlay-color":"","overlay-opacity":"","overlay-gradient":""},"mobile":{"background-color":"var(--ast-global-color-5)","background-image":"","background-repeat":"repeat","background-position":"center center","background-size":"auto","background-attachment":"scroll","background-type":"","background-media":"","overlay-type":"","overlay-color":"","overlay-opacity":"","overlay-gradient":""}}},"product_cat":[48],"product_tag":[],"class_list":["post-5743","product","type-product","status-publish","has-post-thumbnail","hentry","product_cat-sunkaraoke-dalok","desktop-align-left","tablet-align-left","mobile-align-left"],"_links":{"self":[{"href":"https:\/\/www.sunkaraoke.hu\/index.php\/wp-json\/wp\/v2\/product\/5743","targetHints":{"allow":["GET"]}}],"collection":[{"href":"https:\/\/www.sunkaraoke.hu\/index.php\/wp-json\/wp\/v2\/product"}],"about":[{"href":"https:\/\/www.sunkaraoke.hu\/index.php\/wp-json\/wp\/v2\/types\/product"}],"wp:featuredmedia":[{"embeddable":true,"href":"https:\/\/www.sunkaraoke.hu\/index.php\/wp-json\/wp\/v2\/media\/6147"}],"wp:attachment":[{"href":"https:\/\/www.sunkaraoke.hu\/index.php\/wp-json\/wp\/v2\/media?parent=5743"}],"wp:term":[{"taxonomy":"product_cat","embeddable":true,"href":"https:\/\/www.sunkaraoke.hu\/index.php\/wp-json\/wp\/v2\/product_cat?post=5743"},{"taxonomy":"product_tag","embeddable":true,"href":"https:\/\/www.sunkaraoke.hu\/index.php\/wp-json\/wp\/v2\/product_tag?post=5743"}],"curies":[{"name":"wp","href":"https:\/\/api.w.org\/{rel}","templated":true}]}}