{"id":5739,"date":"2022-08-08T20:49:45","date_gmt":"2022-08-08T20:49:45","guid":{"rendered":"https:\/\/www.sunkaraoke.hu\/index.php\/termek\/piros-bela-piros-bela-mulatos-mix-27\/"},"modified":"2025-04-07T10:00:38","modified_gmt":"2025-04-07T10:00:38","slug":"piros-bela-piros-bela-mulatos-mix-27","status":"publish","type":"product","link":"https:\/\/www.sunkaraoke.hu\/index.php\/termek\/piros-bela-piros-bela-mulatos-mix-27\/","title":{"rendered":"<div class=\"wcmp-player-container product-5739\"><audio controlslist=\"nodownload\" data-product=\"5739\"  volume=\"1\"  preload=\"none\" data-lazyloading=\"none\" class=\"wcmp-player track mejs-classic\" data-duration=\"0:31\" data-estimated_duration=\"4\"><source src=\"https:\/\/www.sunkaraoke.hu\/wp-content\/uploads\/2022\/08\/Piros-Bela-mulatos-mix-27.-demooo.mp3\" type=\"audio\/mp3\" \/><\/audio><\/div>Piros B\u00e9la &#8211; Piros B\u00e9la mulat\u00f3s mix 27. (Original)"},"content":{"rendered":"<p><strong>07:48<\/strong> | <strong><img loading=\"lazy\" decoding=\"async\" class=\"alignnone size-full wp-image-467\" src=\"https:\/\/www.sunkaraoke.hu\/wp-content\/uploads\/2022\/07\/choir_2-copy.webp\" alt=\"\" width=\"30\" height=\"30\" \/> <\/strong><\/p>\n","protected":false},"excerpt":{"rendered":"<h6><strong>Bits\u0171r\u0171s\u00e9g: 320<\/strong>kb\/s<strong><br \/>\n<\/strong><strong>Hossz: <\/strong>07:48<strong><br \/>\n<\/strong><strong style=\"font-size: 16px;\">Vok\u00e1lt tartalmaz: <\/strong>Nem <img loading=\"lazy\" decoding=\"async\" class=\"alignnone size-full wp-image-467\" src=\"http:\/\/www.sunkaraoke.hu\/wp-content\/uploads\/2022\/07\/choir_2-copy.png\" alt=\"\" width=\"30\" height=\"30\" \/><strong style=\"font-size: 16px;\"><br \/>\n<\/strong><\/h6>\n<p>Sunkaraoke mp3 st\u00fadi\u00f3 \/ www.sunkaraoke.hu \/ Inf: Tel: 06 20 4275001<\/p>\n<p>&#8212;Intr\u00f3&#8212;<br \/>\nNem vagyok \u00e9n milliomos,nem csin\u00e1lt engem a dr\u00f3tos.<br \/>\nCsin\u00e1lt engem csizmadia,l\u00e1bomon a piros csizma.<br \/>\nCsin\u00e1lt engem csizmadia,l\u00e1bomon a piros csizma.<\/p>\n<p>Az\u00e9rt, hogy az ingem foltos,nem csin\u00e1lt engem a dr\u00f3tos.<br \/>\nCsin\u00e1lt engem csizmadia,l\u00e1bamon a r\u00e1ncos csizma.<br \/>\nCsin\u00e1lt engem csizmadia,l\u00e1bamon a r\u00e1ncos csizma.<\/p>\n<p>&#8212;Sz\u00f3l\u00f3&#8212;<br \/>\nNem kasz\u00e1lok, nem kap\u00e1lok,m\u00e9gis a kocsm\u00e1ba j\u00e1rok.<br \/>\nFizet nekem minden g\u00e1dzso,a kocsm\u00e1ba&#8217; muzsik\u00e1lok.<br \/>\nFizet nekem minden g\u00e1dzso,a kocsm\u00e1ba&#8217; muzsik\u00e1lok.<\/p>\n<p>Addig megyek, mendeg\u00e9lek, m\u00edg a k\u00e9t szememre l\u00e1tok.<br \/>\nMegyek, megyek, mendeg\u00e9lek,m\u00edg egy s\u0171r\u0171 erd\u0151t nem tal\u00e1lok.<br \/>\nMegyek, megyek, mendeg\u00e9lek,m\u00edg egy s\u0171r\u0171 erd\u0151t nem tal\u00e1lok.<\/p>\n<p>&#8212;Sz\u00f3l\u00f3&#8212;-<br \/>\nS\u0171r\u0171 erd\u0151 k\u00f6zep\u00e9be&#8217;, van egy visk\u00f3, abban \u00e9lek.<br \/>\nNem vagyok \u00e9n mindig gizda,de foltos ingem mindig tiszta!<br \/>\nNem vagyok \u00e9n mindig gizda,de foltos ingem mindig tiszta!<\/p>\n<p>Nem vagyok \u00e9n milliomos,nem csin\u00e1lt engem a dr\u00f3tos.<br \/>\nCsin\u00e1lt engem csizmadia,l\u00e1bomon a piros csizma.<br \/>\nCsin\u00e1lt engem csizmadia,l\u00e1bomon a piros csizma.<br \/>\n&#8212;Sz\u00f3l\u00f3&#8212;-<br \/>\nHej te kisl\u00e1ny te kisl\u00e1ny,<br \/>\nh\u00e1ny esztend\u0151s lehetsz t\u00e1n,<br \/>\nt\u00edzenh\u00e1rom meg egy f\u00e9l,<br \/>\ntal\u00e1n t\u00edzen negyed f\u00e9l.<br \/>\nT\u00edzenh\u00e1rom meg egy f\u00e9l,<br \/>\ntal\u00e1n t\u00edzen negyed f\u00e9l.<br \/>\nHej cig\u00e1nyl\u00e1ny, cig\u00e1nyl\u00e1ny,<br \/>\nsz\u00e9p szeret\u0151d volt-e m\u00e1r,<br \/>\neg\u00e9sz h\u00e9ten m\u00e1s\u00e9 vagy,<br \/>\nszombaton meg vas\u00e1rnap, az eny\u00e9m vagy.<br \/>\nEg\u00e9sz h\u00e9ten m\u00e1s\u00e9 vagy,<br \/>\nszombaton meg vas\u00e1rnap, az eny\u00e9m vagy.<br \/>\n&#8212;Sz\u00f3l\u00f3&#8212;<br \/>\nCig\u00e1nygyerek vagyok, git\u00e1rozni tudok,<br \/>\ns\u00edr a git\u00e1r a kezemben, gyere romnyi \u00fclj az \u00f6lembe!<\/p>\n<p>Cig\u00e1nygyerek vagyok, heged\u0171lni tudok,<br \/>\ns\u00edr a heged\u0171 a kezemben, gyere romnyi \u00fclj az \u00f6lembe!<\/p>\n<p>Cig\u00e1nygyerek vagyok, cimbalmozni tudok,<br \/>\ns\u00edr a cimbalom a kezemben, gyere romnyi \u00fclj az \u00f6lembe!<\/p>\n<p>Cig\u00e1nygyerek vagyok, git\u00e1rozni tudok,<br \/>\ns\u00edr a git\u00e1r a kezemben, gyere romnyi \u00fclj az \u00f6lembe!<br \/>\n&#8212;Sz\u00f3l\u00f3&#8212;<br \/>\nDe elmentem \u00e9n az erd\u0151be f\u00e1t v\u00e1gni,<br \/>\nut\u00e1nam j\u00f6tt feles\u00e9gem gallyazni,<br \/>\nde elmentem \u00e9n az erd\u0151be f\u00e1t v\u00e1gni,<br \/>\nde ut\u00e1nam j\u00f6tt feles\u00e9gem gallyazni.<br \/>\nDe h\u00e1t te r\u00e1nyi, minek j\u00f6tt\u00e9l gallyazni,<br \/>\na m\u00e1s embernek a szem\u00e9be kacsintni?<br \/>\nDe jaj, Istenem meghalok, de meghalok,<br \/>\nde hogy \u00e9ngem a feles\u00e9gem elhagyott!<br \/>\nDe h\u00e1t te r\u00e1nyi, minek j\u00f6tt\u00e9l gallyazni,<br \/>\na m\u00e1s embernek a szem\u00e9be kacsintni?<br \/>\nDe jaj, Istenem meghalok, de meghalok,<br \/>\nde hogy \u00e9ngem a feles\u00e9gem elhagyott!<br \/>\nDe elmentem \u00e9n az erd\u0151be f\u00e1t v\u00e1gni,<br \/>\nut\u00e1nam j\u00f6tt feles\u00e9gem gallyazni,<br \/>\nde elmentem \u00e9n az erd\u0151be f\u00e1t v\u00e1gni,<br \/>\nde ut\u00e1nam j\u00f6tt feles\u00e9gem gallyazni.<br \/>\nDe h\u00e1t te r\u00e1nyi, minek j\u00f6tt\u00e9l gallyazni,<br \/>\na m\u00e1s embernek a szem\u00e9be kacsintni?<br \/>\nDe jaj, Istenem meghalok, de meghalok,<br \/>\nde hogy \u00e9ngem a feles\u00e9gem elhagyott!<br \/>\nDe h\u00e1t te r\u00e1nyi, minek j\u00f6tt\u00e9l gallyazni,<br \/>\na m\u00e1s embernek a szem\u00e9be kacsintni?<br \/>\nDe jaj, Istenem meghalok, de meghalok,<br \/>\nde hogy \u00e9ngem a feles\u00e9gem elhagyott!<\/p>\n<p>Most m\u00e1r elmehetsz,n\u00e9kem nem kellesz!<br \/>\nLev\u00e1gattad a g\u00f6nd\u00f6r hajad,n\u00e9kem nem kellesz!<br \/>\nLev\u00e1gattad a g\u00f6nd\u00f6r hajad,n\u00e9kem nem kellesz!<\/p>\n<p>F\u00e1j a gyomrom, f\u00e1j,p\u00e1link\u00e1\u00e9rt f\u00e1j.<br \/>\nMikor iszunk m\u00e1r, egy kis p\u00e1link\u00e1t?<br \/>\nMikor iszunk m\u00e1r, egy kis p\u00e1link\u00e1t?<\/p>\n<p>Hazaj\u00f6t\u00e9l v\u00edzesen, adt\u00e1l volna de sz\u00edvesen,<br \/>\nde m\u00e1r akkor nem kellett, mert a sz\u00edved m\u00e1s\u00e9 lett.<br \/>\nDe m\u00e1r akkor nem kellett, mert a sz\u00edved m\u00e1s\u00e9 lett.<br \/>\n&#8212;V\u00e9ge&#8212;<\/p>\n","protected":false},"featured_media":12989,"template":"","meta":{"site-sidebar-layout":"default","site-content-layout":"default","ast-site-content-layout":"default","site-content-style":"default","site-sidebar-style":"default","ast-global-header-display":"","ast-banner-title-visibility":"","ast-main-header-display":"","ast-hfb-above-header-display":"","ast-hfb-below-header-display":"","ast-hfb-mobile-header-display":"","site-post-title":"","ast-breadcrumbs-content":"","ast-featured-img":"","footer-sml-layout":"","theme-transparent-header-meta":"default","adv-header-id-meta":"","stick-header-meta":"","header-above-stick-meta":"","header-main-stick-meta":"","header-below-stick-meta":"","astra-migrate-meta-layouts":"set","ast-page-background-enabled":"default","ast-page-background-meta":{"desktop":{"background-color":"var(--ast-global-color-4)","background-image":"","background-repeat":"repeat","background-position":"center center","background-size":"auto","background-attachment":"scroll","background-type":"","background-media":"","overlay-type":"","overlay-color":"","overlay-opacity":"","overlay-gradient":""},"tablet":{"background-color":"","background-image":"","background-repeat":"repeat","background-position":"center center","background-size":"auto","background-attachment":"scroll","background-type":"","background-media":"","overlay-type":"","overlay-color":"","overlay-opacity":"","overlay-gradient":""},"mobile":{"background-color":"","background-image":"","background-repeat":"repeat","background-position":"center center","background-size":"auto","background-attachment":"scroll","background-type":"","background-media":"","overlay-type":"","overlay-color":"","overlay-opacity":"","overlay-gradient":""}},"ast-content-background-meta":{"desktop":{"background-color":"var(--ast-global-color-5)","background-image":"","background-repeat":"repeat","background-position":"center center","background-size":"auto","background-attachment":"scroll","background-type":"","background-media":"","overlay-type":"","overlay-color":"","overlay-opacity":"","overlay-gradient":""},"tablet":{"background-color":"var(--ast-global-color-5)","background-image":"","background-repeat":"repeat","background-position":"center center","background-size":"auto","background-attachment":"scroll","background-type":"","background-media":"","overlay-type":"","overlay-color":"","overlay-opacity":"","overlay-gradient":""},"mobile":{"background-color":"var(--ast-global-color-5)","background-image":"","background-repeat":"repeat","background-position":"center center","background-size":"auto","background-attachment":"scroll","background-type":"","background-media":"","overlay-type":"","overlay-color":"","overlay-opacity":"","overlay-gradient":""}}},"product_cat":[48],"product_tag":[],"class_list":["post-5739","product","type-product","status-publish","has-post-thumbnail","hentry","product_cat-sunkaraoke-dalok","desktop-align-left","tablet-align-left","mobile-align-left"],"_links":{"self":[{"href":"https:\/\/www.sunkaraoke.hu\/index.php\/wp-json\/wp\/v2\/product\/5739","targetHints":{"allow":["GET"]}}],"collection":[{"href":"https:\/\/www.sunkaraoke.hu\/index.php\/wp-json\/wp\/v2\/product"}],"about":[{"href":"https:\/\/www.sunkaraoke.hu\/index.php\/wp-json\/wp\/v2\/types\/product"}],"wp:featuredmedia":[{"embeddable":true,"href":"https:\/\/www.sunkaraoke.hu\/index.php\/wp-json\/wp\/v2\/media\/12989"}],"wp:attachment":[{"href":"https:\/\/www.sunkaraoke.hu\/index.php\/wp-json\/wp\/v2\/media?parent=5739"}],"wp:term":[{"taxonomy":"product_cat","embeddable":true,"href":"https:\/\/www.sunkaraoke.hu\/index.php\/wp-json\/wp\/v2\/product_cat?post=5739"},{"taxonomy":"product_tag","embeddable":true,"href":"https:\/\/www.sunkaraoke.hu\/index.php\/wp-json\/wp\/v2\/product_tag?post=5739"}],"curies":[{"name":"wp","href":"https:\/\/api.w.org\/{rel}","templated":true}]}}