{"id":5720,"date":"2022-08-08T20:49:43","date_gmt":"2022-08-08T20:49:43","guid":{"rendered":"https:\/\/www.sunkaraoke.hu\/index.php\/termek\/piros-bela-piros-bela-mulatos-mix-26\/"},"modified":"2025-12-01T14:47:03","modified_gmt":"2025-12-01T12:47:03","slug":"piros-bela-piros-bela-mulatos-mix-26","status":"publish","type":"product","link":"https:\/\/www.sunkaraoke.hu\/index.php\/termek\/piros-bela-piros-bela-mulatos-mix-26\/","title":{"rendered":"<div class=\"wcmp-player-container product-5720\"><audio controlslist=\"nodownload\" data-product=\"5720\"  volume=\"1\"  preload=\"none\" data-lazyloading=\"none\" class=\"wcmp-player track mejs-classic\" data-duration=\"0:32\" data-estimated_duration=\"4\"><source src=\"https:\/\/www.sunkaraoke.hu\/wp-content\/uploads\/2022\/08\/Piros-Bela-mulatos-mix-26.-kdemoo.mp3\" type=\"audio\/mp3\" \/><\/audio><\/div>Piros B\u00e9la &#8211; Piros B\u00e9la mulat\u00f3s mix 26. (Original)"},"content":{"rendered":"<p><strong>08:49<\/strong> | <strong><img loading=\"lazy\" decoding=\"async\" class=\"alignnone size-full wp-image-467\" src=\"https:\/\/www.sunkaraoke.hu\/wp-content\/uploads\/2022\/07\/choir_2-copy.webp\" alt=\"\" width=\"30\" height=\"30\" \/> <\/strong><\/p>\n","protected":false},"excerpt":{"rendered":"<h6><strong>Bits\u0171r\u0171s\u00e9g: 320<\/strong>kb\/s<strong><br \/>\n<\/strong><strong>Hossz: <\/strong>08:49<strong><br \/>\n<\/strong><strong style=\"font-size: 16px;\">Vok\u00e1lt tartalmaz: <\/strong>Nem <img loading=\"lazy\" decoding=\"async\" class=\"alignnone size-full wp-image-467\" src=\"http:\/\/www.sunkaraoke.hu\/wp-content\/uploads\/2022\/07\/choir_2-copy.png\" alt=\"\" width=\"30\" height=\"30\" \/><strong style=\"font-size: 16px;\"><br \/>\n<\/strong><\/h6>\n<p>Sunkaraoke mp3 st\u00fadi\u00f3 \/ www.sunkaraoke.hu \/ Inf: Tel: 06 20 4275001<\/p>\n<p>&#8212;Intr\u00f3&#8212;<br \/>\nHaragszik az \u00e9desany\u00e1m,hogy \u00e9n megh\u00e1zasodtam,<br \/>\nhogy \u00e9n az \u0151 hajl\u00e9k\u00e1ba ilyen szeg\u00e9ny l\u00e1nyt hoztam.<br \/>\nSzeg\u00e9ny a l\u00e1ny,\u00e9desany\u00e1m,de gazdag a szerelme.<br \/>\nSz\u00e1z hold f\u00f6ldn\u00e9l is t\u00f6bbet \u00e9r a ragyog\u00f3,fekete szeme.<br \/>\nSzeg\u00e9ny a l\u00e1ny,\u00e9desany\u00e1m,de gazdag a szerelme.<br \/>\nSz\u00e1z hold f\u00f6ldn\u00e9l is t\u00f6bbet \u00e9r a ragyog\u00f3,fekete szeme.<\/p>\n<p>Ha bemegyek a kocsm\u00e1ba,r\u00e1v\u00e1gok az asztalra.<br \/>\nAzt k\u00e9rdi a kocsm\u00e1rosn\u00e9:S\u00f6r k\u00e9ne,vagy p\u00e1linka?<br \/>\nS\u00f6r el\u0151ttem,bor el\u0151ttem,karjaimban fekete bab\u00e1m.<br \/>\nH\u00e1tam m\u00f6g\u00f6tt a debreceni cig\u00e1nybanda sz\u00e9pen muzsik\u00e1l.<br \/>\nS\u00f6r el\u0151ttem,bor el\u0151ttem,karjaimban fekete bab\u00e1m.<br \/>\nH\u00e1tam m\u00f6g\u00f6tt a debreceni cig\u00e1nybanda sz\u00e9pen muzsik\u00e1l.<br \/>\n&#8212;Sz\u00f3l\u00f3&#8212;<br \/>\nHaragszik az \u00e9desany\u00e1m,hogy \u00e9n megh\u00e1zasodtam,<br \/>\nhogy \u00e9n az \u0151 hajl\u00e9k\u00e1ba ilyen szeg\u00e9ny l\u00e1nyt hoztam.<br \/>\nSzeg\u00e9ny a l\u00e1ny,\u00e9desany\u00e1m,de gazdag a szerelme.<br \/>\nSz\u00e1z hold f\u00f6ldn\u00e9l is t\u00f6bbet \u00e9r, a ragyog\u00f3,fekete szeme.<br \/>\nSzeg\u00e9ny a l\u00e1ny,\u00e9desany\u00e1m,de gazdag a szerelme.<br \/>\nSz\u00e1z hold f\u00f6ldn\u00e9l is t\u00f6bbet \u00e9r a ragyog\u00f3,fekete szeme.<\/p>\n<p>\u00d6r\u00f6l m\u00e1r az \u00e9desany\u00e1m, hogy \u00e9n megh\u00e1zasodtam.<br \/>\nHogy \u00e9n az \u0151 hajl\u00e9k\u00e1ba, ilyen gazdag l\u00e1nyt hoztam,<br \/>\nGazdag a l\u00e1ny \u00e9desany\u00e1m, de szeg\u00e9ny a szerelme.<br \/>\nH\u00e1ljon vele az \u00e9desany\u00e1m, ha elvetette velem.<br \/>\nGazdag a l\u00e1ny \u00e9desany\u00e1m,, de szeg\u00e9ny a szerelme.<br \/>\nH\u00e1ljon vele az \u00e9desany\u00e1m, ha elvetette velem.<br \/>\n&#8212;Sz\u00f3l\u00f3&#8212;<br \/>\nHideg sz\u00e9l f\u00faj,\u00e9desany\u00e1m,hozza ki a kend\u0151m!<br \/>\nM\u00e9g az \u00e9jjel felkeresem a r\u00e9gi szeret\u0151m.<br \/>\nKi\u00e1llok a kapuj\u00e1ba,kibesz\u00e9lgetem magamat v\u00e9le utolj\u00e1ra.<br \/>\nKi\u00e1llok a kapuj\u00e1ba,kibesz\u00e9lgetem magamat v\u00e9le utolj\u00e1ra.<br \/>\nEll\u0151tt\u00e9k a jobb karomat,folyik a piros v\u00e9rem.<br \/>\nNincsen n\u00e9kem \u00e9desany\u00e1m,ki bek\u00f6sse n\u00e9kem.<br \/>\nGyere,kisangyalom,k\u00f6sd be sebeimet,gy\u00f3gy\u00edtsd meg a b\u00e1natos sz\u00edvemet!<br \/>\nGyere,kisangyalom,k\u00f6sd be sebeimet,gy\u00f3gy\u00edtsd meg a b\u00e1natos sz\u00edvemet!<br \/>\n&#8212;Sz\u00f3l\u00f3&#8212;<br \/>\nIdeje v\u00f3n&#8217; a kuty\u00e1nak este ugatni, ideje v\u00f3n&#8217; \u00e9des fiam megh\u00e1zasodni.<br \/>\nH\u00e1zasodn\u00e9k \u00e9desany\u00e1m, \u00e9des kedves j\u00f3 any\u00e1m,<br \/>\n\u00f6reg vagyok nem kellek a kuty\u00e1nak se m\u00e1r.<br \/>\nH\u00e1zasodn\u00e9k \u00e9desany\u00e1m, \u00e9des kedves j\u00f3 any\u00e1m,<br \/>\n\u00f6reg vagyok nem kellek a kuty\u00e1nak se m\u00e1r.<\/p>\n<p>M\u00e9g azt mondj\u00e1k a faluban nincs kerekes k\u00fat,<br \/>\npedig oda m\u00e1rv\u00e1ny k\u00f6v\u00f6n vezet gyalog \u00fat.<br \/>\nR\u00e9z a csapja ez\u00fcst a karja, rajta v\u00f6d\u00f6r benne szerelem vize.<br \/>\nKinek nincsen szeret\u0151je igyon bel\u0151le.<br \/>\nR\u00e9z a csapja ez\u00fcst a karja, rajta v\u00f6d\u00f6r benne szerelem vize.<br \/>\nKinek nincsen szeret\u0151je igyon bel\u0151le.<\/p>\n<p>&#8212;Sz\u00f3l\u00f3&#8212;<\/p>\n<p>Szombaton este nem j\u00f3 citer\u00e1zni,<br \/>\na l\u00e1nyokhoz r\u00e9szegesen j\u00e1rni.<br \/>\nMenn\u00e9l jobban r\u00e9szegesen, j\u00e1rok,<br \/>\nann\u00e1l jobban szeretnek a l\u00e1nyok.<br \/>\nMenn\u00e9l jobban r\u00e9szegesen, j\u00e1rok,<br \/>\nann\u00e1l jobban szeretnek a l\u00e1nyok.<\/p>\n<p>Szombaton este de rosszat \u00e1lmodtam,<br \/>\na feles\u00e9gem bugyog\u00f3j\u00e1t fogtam.<br \/>\nMegfogtam a csipk\u00e9s bugyog\u00f3ja sz\u00e1r\u00e1t,<br \/>\noszt&#8217; \u00f6ssze pis\u00e1lta a kezem sz\u00e1r\u00e1t.<br \/>\nMegfogtam a csipk\u00e9s bugyog\u00f3ja sz\u00e1r\u00e1t,<br \/>\noszt&#8217; \u00f6ssze pis\u00e1lta a kezem sz\u00e1r\u00e1t.<\/p>\n<p>&#8212;V\u00e9ge&#8212;<\/p>\n","protected":false},"featured_media":12989,"template":"","meta":{"site-sidebar-layout":"default","site-content-layout":"default","ast-site-content-layout":"default","site-content-style":"default","site-sidebar-style":"default","ast-global-header-display":"","ast-banner-title-visibility":"","ast-main-header-display":"","ast-hfb-above-header-display":"","ast-hfb-below-header-display":"","ast-hfb-mobile-header-display":"","site-post-title":"","ast-breadcrumbs-content":"","ast-featured-img":"","footer-sml-layout":"","theme-transparent-header-meta":"default","adv-header-id-meta":"","stick-header-meta":"","header-above-stick-meta":"","header-main-stick-meta":"","header-below-stick-meta":"","astra-migrate-meta-layouts":"set","ast-page-background-enabled":"default","ast-page-background-meta":{"desktop":{"background-color":"var(--ast-global-color-4)","background-image":"","background-repeat":"repeat","background-position":"center center","background-size":"auto","background-attachment":"scroll","background-type":"","background-media":"","overlay-type":"","overlay-color":"","overlay-opacity":"","overlay-gradient":""},"tablet":{"background-color":"","background-image":"","background-repeat":"repeat","background-position":"center center","background-size":"auto","background-attachment":"scroll","background-type":"","background-media":"","overlay-type":"","overlay-color":"","overlay-opacity":"","overlay-gradient":""},"mobile":{"background-color":"","background-image":"","background-repeat":"repeat","background-position":"center center","background-size":"auto","background-attachment":"scroll","background-type":"","background-media":"","overlay-type":"","overlay-color":"","overlay-opacity":"","overlay-gradient":""}},"ast-content-background-meta":{"desktop":{"background-color":"var(--ast-global-color-5)","background-image":"","background-repeat":"repeat","background-position":"center center","background-size":"auto","background-attachment":"scroll","background-type":"","background-media":"","overlay-type":"","overlay-color":"","overlay-opacity":"","overlay-gradient":""},"tablet":{"background-color":"var(--ast-global-color-5)","background-image":"","background-repeat":"repeat","background-position":"center center","background-size":"auto","background-attachment":"scroll","background-type":"","background-media":"","overlay-type":"","overlay-color":"","overlay-opacity":"","overlay-gradient":""},"mobile":{"background-color":"var(--ast-global-color-5)","background-image":"","background-repeat":"repeat","background-position":"center center","background-size":"auto","background-attachment":"scroll","background-type":"","background-media":"","overlay-type":"","overlay-color":"","overlay-opacity":"","overlay-gradient":""}}},"product_cat":[48],"product_tag":[],"class_list":["post-5720","product","type-product","status-publish","has-post-thumbnail","hentry","product_cat-sunkaraoke-dalok","desktop-align-left","tablet-align-left","mobile-align-left"],"_links":{"self":[{"href":"https:\/\/www.sunkaraoke.hu\/index.php\/wp-json\/wp\/v2\/product\/5720","targetHints":{"allow":["GET"]}}],"collection":[{"href":"https:\/\/www.sunkaraoke.hu\/index.php\/wp-json\/wp\/v2\/product"}],"about":[{"href":"https:\/\/www.sunkaraoke.hu\/index.php\/wp-json\/wp\/v2\/types\/product"}],"wp:featuredmedia":[{"embeddable":true,"href":"https:\/\/www.sunkaraoke.hu\/index.php\/wp-json\/wp\/v2\/media\/12989"}],"wp:attachment":[{"href":"https:\/\/www.sunkaraoke.hu\/index.php\/wp-json\/wp\/v2\/media?parent=5720"}],"wp:term":[{"taxonomy":"product_cat","embeddable":true,"href":"https:\/\/www.sunkaraoke.hu\/index.php\/wp-json\/wp\/v2\/product_cat?post=5720"},{"taxonomy":"product_tag","embeddable":true,"href":"https:\/\/www.sunkaraoke.hu\/index.php\/wp-json\/wp\/v2\/product_tag?post=5720"}],"curies":[{"name":"wp","href":"https:\/\/api.w.org\/{rel}","templated":true}]}}