{"id":5711,"date":"2022-08-08T20:49:42","date_gmt":"2022-08-08T20:49:42","guid":{"rendered":"https:\/\/www.sunkaraoke.hu\/index.php\/termek\/piros-bela-piros-bela-mulatos-mix-22\/"},"modified":"2025-04-07T07:57:43","modified_gmt":"2025-04-07T07:57:43","slug":"piros-bela-piros-bela-mulatos-mix-22","status":"publish","type":"product","link":"https:\/\/www.sunkaraoke.hu\/index.php\/termek\/piros-bela-piros-bela-mulatos-mix-22\/","title":{"rendered":"<div class=\"wcmp-player-container product-5711\"><audio controlslist=\"nodownload\" data-product=\"5711\"  volume=\"1\"  preload=\"none\" data-lazyloading=\"none\" class=\"wcmp-player track mejs-classic\" data-duration=\"0:33\" data-estimated_duration=\"4\"><source src=\"https:\/\/www.sunkaraoke.hu\/wp-content\/uploads\/2022\/08\/Piros-Bela-Mulatos-mix-22.-demooo.mp3\" type=\"audio\/mp3\" \/><\/audio><\/div>Piros B\u00e9la &#8211; Piros B\u00e9la mulat\u00f3s mix 22. (Original)"},"content":{"rendered":"<p><strong>09:38<\/strong> | <strong><img loading=\"lazy\" decoding=\"async\" class=\"alignnone size-full wp-image-467\" src=\"https:\/\/www.sunkaraoke.hu\/wp-content\/uploads\/2022\/07\/choir_2-copy.webp\" alt=\"\" width=\"30\" height=\"30\" \/> <\/strong><\/p>\n","protected":false},"excerpt":{"rendered":"<h6><strong>Bits\u0171r\u0171s\u00e9g: 320<\/strong>kb\/s<strong><br \/>\n<\/strong><strong>Hossz: <\/strong>09:38<strong><br \/>\n<\/strong><strong style=\"font-size: 16px;\">Vok\u00e1lt tartalmaz: <\/strong>Nem <img loading=\"lazy\" decoding=\"async\" class=\"alignnone size-full wp-image-467\" src=\"http:\/\/www.sunkaraoke.hu\/wp-content\/uploads\/2022\/07\/choir_2-copy.png\" alt=\"\" width=\"30\" height=\"30\" \/><strong style=\"font-size: 16px;\"><br \/>\n<\/strong><\/h6>\n<p>Sunkaraoke mp3 st\u00fadi\u00f3 \/ www.sunkaraoke.hu \/ Inf: Tel: 06 20 4275001<\/p>\n<p>&#8212;Intr\u00f3&#8212;\/\/00:33\/\/<br \/>\nSzombaton este ne j\u00f3 citer\u00e1zni,<br \/>\na l\u00e1nyokhoz r\u00e9szegesen j\u00e1rni,<br \/>\nmenn\u00e9l jobban r\u00e9szegesen j\u00e1rok,<br \/>\nann\u00e1l jobban szeretnek a l\u00e1nyok.<br \/>\nMenn\u00e9l jobban r\u00e9szegesen j\u00e1rok,<br \/>\nann\u00e1l jobban szeretnek a l\u00e1nyok.<br \/>\nSzombaton este de rosszat \u00e1lmodtam,<br \/>\na feles\u00e9gem bugyog\u00f3j\u00e1t fogtam,<br \/>\nmegfogtam a csipk\u00e9s bugyog\u00f3ja sz\u00e1r\u00e1t,<br \/>\n\u00e9s \u00f6ssze pisilte a kezem sz\u00e1r\u00e1t.<br \/>\nMegfogtam a csipk\u00e9s bugyog\u00f3ja sz\u00e1r\u00e1t,<br \/>\n\u00e9s \u00f6ssze pisilte a kezem sz\u00e1r\u00e1t.<br \/>\n&#8212;Sz\u00f3l\u00f3&#8212;\/\/02:36\/\/<br \/>\nZsebkend\u0151m n\u00e9gy sarka sim\u00e1ra van vasalva.<br \/>\nMind a n\u00e9gy sark\u00e1ba a bab\u00e1m neve van varrva.<br \/>\nEgyik sz\u0151ke,a m\u00e1sik barna,a harmadik csudasz\u00e9p.<br \/>\nMeg\u00e1llj,te csudasz\u00e9p,majd eszedbe jutok m\u00e9g!<br \/>\nMajd eszedbe jutok,bab\u00e1m,de m\u00e1r akkor k\u00e9s\u0151 lesz,<br \/>\nmikor majd a sz\u00edvem nem a ti\u00e9d,a m\u00e1s\u00e9 lesz!<\/p>\n<p>Zsebkend\u0151m n\u00e9gy sarka sim\u00e1ra van vasalva.<br \/>\nMind a n\u00e9gy sark\u00e1ba a bab\u00e1m neve van varrva.<br \/>\nEgyik sz\u0151ke,a m\u00e1sik barna,a harmadik csudasz\u00e9p.<br \/>\nMeg\u00e1llj,te csudasz\u00e9p,majd eszedbe jutok m\u00e9g!<br \/>\nMajd eszedbe jutok,bab\u00e1m,de m\u00e1r akkor k\u00e9s\u0151 lesz,<br \/>\nmikor majd a sz\u00edvem nem a ti\u00e9d,a m\u00e1s\u00e9 lesz!<\/p>\n<p>&#8212;Sz\u00f3l\u00f3&#8212;\/\/04:20\/\/<br \/>\nM\u00e1r ezut\u00e1n \u00fagy \u00e9lem vil\u00e1gom,<br \/>\nkis kalapom a jobb szememre v\u00e1gom.<br \/>\nJobb szememr\u0151l a bal szememre v\u00e1gom,<br \/>\ncsak a leszerel\u0151 kisk\u00f6nyvemet v\u00e1rom.<br \/>\nJobb szememr\u0151l a bal szememre v\u00e1gom,<br \/>\ncsak a leszerel\u0151 kisk\u00f6nyvemet v\u00e1rom.<\/p>\n<p>Elmondhatom,Istenem,Istenem,<br \/>\ngy\u00e1szba borult az eg\u00e9sz \u00e9letem.<br \/>\nGy\u00e1szba borult felettem az \u00e9g is,<br \/>\nelhagyott,becsapott a r\u00e9gi szeret\u0151m is.<br \/>\nGy\u00e1szba borult felettem az \u00e9g is,<br \/>\nelhagyott,becsapott a r\u00e9gi szeret\u0151m is.<\/p>\n<p>M\u00e1r ezut\u00e1n k\u00e9t szeret\u0151t tartok,<br \/>\naz egyikt\u0151l a m\u00e1sikhoz j\u00e1rok.<br \/>\nHa az egyik h\u0171tlen lesz \u00e9s megcsal,<br \/>\nmegyek a m\u00e1sikhoz,majd az megvigasztal.<br \/>\nHa az egyik h\u0171tlen lesz \u00e9s megcsal,<br \/>\nmegyek a m\u00e1sikhoz,majd az megvigasztal.<br \/>\n&#8212;Sz\u00f3l\u00f3&#8212;\/\/06:28\/\/<br \/>\nEnnek a kisl\u00e1nynak a feje tetej\u00e9n,<br \/>\nvan a frizur\u00e1ja de belehalok \u00e9n.<br \/>\nSuk\u00e1r vagy, nem szeretsz,<br \/>\nnagy a vil\u00e1g nagy a vil\u00e1g elmehetsz.<br \/>\nSuk\u00e1r vagy, nem szeretsz,<br \/>\nnagy a vil\u00e1g nagy a vil\u00e1g elmehetsz.<\/p>\n<p>Ha van urad \u00e1ldjon meg az \u00e9g,<br \/>\nha meg nincs h\u00e1t itt vagyok \u00e9n.<br \/>\nSuk\u00e1r vagy, nem szeretsz,<br \/>\nnagy a vil\u00e1g nagy a vil\u00e1g elmehetsz.<br \/>\nSuk\u00e1r vagy, nem szeretsz,<br \/>\nnagy a vil\u00e1g nagy a vil\u00e1g elmehetsz.<\/p>\n<p>&#8212;Sz\u00f3l\u00f3&#8212;\/\/07:45\/\/<br \/>\nAjaj a Tiszabecsi malom, b\u00fab\u00e1natom n\u00e9ki adom,<br \/>\nn\u00e9kem is van egy b\u00e1natom, elmegyek \u00e9s lej\u00e1ratom.<br \/>\nN\u00e9kem is van egy b\u00e1natom, elmegyek \u00e9s lej\u00e1ratom.<\/p>\n<p>Ajaj j\u00f6nnek m\u00e1r a fi\u00fak, a b\u00fab\u00e1natom n\u00e9kik adom,<br \/>\nn\u00e9kem is van egy b\u00e1natom, elmegyek \u00e9s lej\u00e1ratom.<br \/>\nN\u00e9kem is van egy b\u00e1natom, elmegyek \u00e9s lej\u00e1ratom.<\/p>\n<p>Ajaj a panyolai kir\u00e1ly, \u00e1su sir\u00e1 k\u00e1rpe rod\u00e1,<br \/>\noj de szomorode sz\u00e1m pijole,<br \/>\n\u00e1nyi kecs\u00e1 nye r\u00e1p\u00e1be.<br \/>\nOj de szomorode sz\u00e1m pijole,<br \/>\n\u00e1nyi kecs\u00e1 nye r\u00e1p\u00e1be.<br \/>\nMost m\u00e1r elmehetsz, n\u00e9kem nem kellesz,<br \/>\nlev\u00e1gattad a g\u00f6nd\u00f6r hajad, n\u00e9kem nem kellesz.<br \/>\nLev\u00e1gattad a g\u00f6nd\u00f6r hajad, n\u00e9kem nem kellesz.<\/p>\n<p>Sz\u00e9p vagy bab\u00e1m sz\u00e9p, mert a szemed k\u00e9k,<br \/>\na fekete g\u00f6nd\u00f6r hajad\u00e9rt, majd meghalok \u00e9n.<br \/>\nA fekete g\u00f6nd\u00f6r hajad\u00e9rt, majd meghalok \u00e9n.<\/p>\n<p>Haza j\u00f6tt\u00e9l vizesen, adt\u00e1l volna de sz\u00edvesen,<br \/>\nde m\u00e1r akkor nem kellett, mert a sz\u00edved m\u00e1s\u00e9 lett.<br \/>\nDe m\u00e1r akkor nem kellett, mert a sz\u00edved m\u00e1s\u00e9 lett.<br \/>\n&#8212;V\u00e9ge&#8212;<\/p>\n","protected":false},"featured_media":12989,"template":"","meta":{"site-sidebar-layout":"default","site-content-layout":"default","ast-site-content-layout":"default","site-content-style":"default","site-sidebar-style":"default","ast-global-header-display":"","ast-banner-title-visibility":"","ast-main-header-display":"","ast-hfb-above-header-display":"","ast-hfb-below-header-display":"","ast-hfb-mobile-header-display":"","site-post-title":"","ast-breadcrumbs-content":"","ast-featured-img":"","footer-sml-layout":"","theme-transparent-header-meta":"default","adv-header-id-meta":"","stick-header-meta":"","header-above-stick-meta":"","header-main-stick-meta":"","header-below-stick-meta":"","astra-migrate-meta-layouts":"set","ast-page-background-enabled":"default","ast-page-background-meta":{"desktop":{"background-color":"var(--ast-global-color-4)","background-image":"","background-repeat":"repeat","background-position":"center center","background-size":"auto","background-attachment":"scroll","background-type":"","background-media":"","overlay-type":"","overlay-color":"","overlay-opacity":"","overlay-gradient":""},"tablet":{"background-color":"","background-image":"","background-repeat":"repeat","background-position":"center center","background-size":"auto","background-attachment":"scroll","background-type":"","background-media":"","overlay-type":"","overlay-color":"","overlay-opacity":"","overlay-gradient":""},"mobile":{"background-color":"","background-image":"","background-repeat":"repeat","background-position":"center center","background-size":"auto","background-attachment":"scroll","background-type":"","background-media":"","overlay-type":"","overlay-color":"","overlay-opacity":"","overlay-gradient":""}},"ast-content-background-meta":{"desktop":{"background-color":"var(--ast-global-color-5)","background-image":"","background-repeat":"repeat","background-position":"center center","background-size":"auto","background-attachment":"scroll","background-type":"","background-media":"","overlay-type":"","overlay-color":"","overlay-opacity":"","overlay-gradient":""},"tablet":{"background-color":"var(--ast-global-color-5)","background-image":"","background-repeat":"repeat","background-position":"center center","background-size":"auto","background-attachment":"scroll","background-type":"","background-media":"","overlay-type":"","overlay-color":"","overlay-opacity":"","overlay-gradient":""},"mobile":{"background-color":"var(--ast-global-color-5)","background-image":"","background-repeat":"repeat","background-position":"center center","background-size":"auto","background-attachment":"scroll","background-type":"","background-media":"","overlay-type":"","overlay-color":"","overlay-opacity":"","overlay-gradient":""}}},"product_cat":[48],"product_tag":[],"class_list":["post-5711","product","type-product","status-publish","has-post-thumbnail","hentry","product_cat-sunkaraoke-dalok","desktop-align-left","tablet-align-left","mobile-align-left"],"_links":{"self":[{"href":"https:\/\/www.sunkaraoke.hu\/index.php\/wp-json\/wp\/v2\/product\/5711","targetHints":{"allow":["GET"]}}],"collection":[{"href":"https:\/\/www.sunkaraoke.hu\/index.php\/wp-json\/wp\/v2\/product"}],"about":[{"href":"https:\/\/www.sunkaraoke.hu\/index.php\/wp-json\/wp\/v2\/types\/product"}],"wp:featuredmedia":[{"embeddable":true,"href":"https:\/\/www.sunkaraoke.hu\/index.php\/wp-json\/wp\/v2\/media\/12989"}],"wp:attachment":[{"href":"https:\/\/www.sunkaraoke.hu\/index.php\/wp-json\/wp\/v2\/media?parent=5711"}],"wp:term":[{"taxonomy":"product_cat","embeddable":true,"href":"https:\/\/www.sunkaraoke.hu\/index.php\/wp-json\/wp\/v2\/product_cat?post=5711"},{"taxonomy":"product_tag","embeddable":true,"href":"https:\/\/www.sunkaraoke.hu\/index.php\/wp-json\/wp\/v2\/product_tag?post=5711"}],"curies":[{"name":"wp","href":"https:\/\/api.w.org\/{rel}","templated":true}]}}