{"id":5674,"date":"2022-08-08T20:49:38","date_gmt":"2022-08-08T20:49:38","guid":{"rendered":"https:\/\/www.sunkaraoke.hu\/index.php\/termek\/bandika-te-vagy-az-a-fenylo-csillag\/"},"modified":"2025-03-31T06:02:21","modified_gmt":"2025-03-31T06:02:21","slug":"bandika-te-vagy-az-a-fenylo-csillag","status":"publish","type":"product","link":"https:\/\/www.sunkaraoke.hu\/index.php\/termek\/bandika-te-vagy-az-a-fenylo-csillag\/","title":{"rendered":"<div class=\"wcmp-player-container product-5674\"><audio controlslist=\"nodownload\" data-product=\"5674\"  volume=\"1\"  preload=\"none\" data-lazyloading=\"none\" class=\"wcmp-player track mejs-classic\" data-duration=\"0:33\" data-estimated_duration=\"4\"><source src=\"https:\/\/www.sunkaraoke.hu\/wp-content\/uploads\/2022\/08\/Te-vagy-a-fenylo-csillag-Bandika-SB.Demo_.mp3\" type=\"audio\/mp3\" \/><\/audio><\/div>Bandika &#8211; Te vagy a f\u00e9nyl\u0151 csillag (Original)"},"content":{"rendered":"<p><strong>03:39<\/strong> | <strong><img loading=\"lazy\" decoding=\"async\" class=\"alignnone size-full wp-image-467\" src=\"https:\/\/www.sunkaraoke.hu\/wp-content\/uploads\/2022\/07\/choir_2-copy.webp\" alt=\"\" width=\"30\" height=\"30\" \/> <\/strong><\/p>\n","protected":false},"excerpt":{"rendered":"<h6><strong>Bits\u0171r\u0171s\u00e9g: 320<\/strong>kb\/s<strong><br \/>\n<\/strong><strong>Hossz: <\/strong>03:39<strong><br \/>\n<\/strong><strong style=\"font-size: 16px;\">Vok\u00e1lt tartalmaz: <\/strong>Nem <img loading=\"lazy\" decoding=\"async\" class=\"alignnone size-full wp-image-467\" src=\"http:\/\/www.sunkaraoke.hu\/wp-content\/uploads\/2022\/07\/choir_2-copy.png\" alt=\"\" width=\"30\" height=\"30\" \/><strong style=\"font-size: 16px;\"><br \/>\n<\/strong><\/h6>\n<p>Sunkaraoke mp3 st\u00fadi\u00f3 \/ www.sunkaraoke.hu \/ Inf: Tel: 06 20 4275001<\/p>\n<p>&#8212;Intr\u00f3&#8212;<br \/>\nSok pici f\u00e9nyl\u0151 csillag az \u00e9jszak\u00e1ban,<br \/>\nmutatja, hogy merre visz az utam,<br \/>\nmerre visz az utam.<\/p>\n<p>\u00dagy \u00e9rzem mennem kell valahol m\u00e1shol v\u00e1rnak,<br \/>\nhol az \u00e1lmok val\u00f3ra v\u00e1lnak hiszem,<br \/>\nott lesz boldog az \u00e9letem.<\/p>\n<p>Esk\u00fcsz\u00f6m hogy \u00e9n, ma \u00e9jjel megtal\u00e1lom,<br \/>\nvele leszek b\u00e1rmi \u00e1ron,<br \/>\nigen vele \u00e9lem le az \u00e9letem.<br \/>\nEsk\u00fcsz\u00f6m \u00e9n, ma \u00e9jjel addig megyek,<br \/>\nm\u00e9g meg l\u00e1thatom, a k\u00e9t sz\u00e9p szemed,<br \/>\nigen rem\u00e9lem \u00edgy lesz kedvesem.<\/p>\n<p>Te vagy a f\u00e9nyl\u0151 csillag az \u00e9jszak\u00e1ban,<br \/>\nl\u00e1ttam \u00e9n a t\u00fcnd\u00f6kl\u0151 ragyog\u00e1st,t\u00fcnd\u00f6kl\u0151 ragyog\u00e1st.<\/p>\n<p>\u00dagy \u00e9rzem itt vagy m\u00e1r maradok nem kell mennem,<br \/>\nmelletted most \u00faj \u00e9let v\u00e1r r\u00e1m,<br \/>\n\u00fagy lesz boldog az \u00e9letem.<\/p>\n<p>Esk\u00fcsz\u00f6m hogy \u00e9n, ma \u00e9jjel megtal\u00e1lom,<br \/>\nvele leszek b\u00e1rmi \u00e1ron,<br \/>\nigen vele \u00e9lem le az \u00e9letem.<br \/>\nEsk\u00fcsz\u00f6m \u00e9n, ma \u00e9jjel addig megyek,<br \/>\nm\u00e9g meg l\u00e1thatom, a k\u00e9t sz\u00e9p szemed,<br \/>\nigen rem\u00e9lem \u00edgy lesz kedvesem.<br \/>\n&#8212;Sz\u00f3l\u00f3&#8212;<\/p>\n<p>Esk\u00fcsz\u00f6m hogy \u00e9n, ma \u00e9jjel megtal\u00e1lom,<br \/>\nvele leszek b\u00e1rmi \u00e1ron,<br \/>\nigen vele \u00e9lem le az \u00e9letem.<br \/>\nEsk\u00fcsz\u00f6m \u00e9n, ma \u00e9jjel addig megyek,<br \/>\nm\u00e9g meg l\u00e1thatom, a k\u00e9t sz\u00e9p szemed,<br \/>\nigen rem\u00e9lem \u00edgy lesz kedvesem.<br \/>\n&#8212;Sz\u00f3l\u00f3&#8212;<br \/>\nEsk\u00fcsz\u00f6m hogy \u00e9n, ma \u00e9jjel megtal\u00e1lom,<br \/>\nvele leszek b\u00e1rmi \u00e1ron,<br \/>\nigen vele \u00e9lem le az \u00e9letem.<br \/>\nEsk\u00fcsz\u00f6m \u00e9n, ma \u00e9jjel addig megyek,<br \/>\nm\u00e9g meg l\u00e1thatom, a k\u00e9t sz\u00e9p szemed,<br \/>\nigen rem\u00e9lem \u00edgy lesz kedvesem.<br \/>\n&#8212;V\u00e9ge&#8212;<\/p>\n","protected":false},"featured_media":9505,"template":"","meta":{"site-sidebar-layout":"default","site-content-layout":"default","ast-site-content-layout":"default","site-content-style":"default","site-sidebar-style":"default","ast-global-header-display":"","ast-banner-title-visibility":"","ast-main-header-display":"","ast-hfb-above-header-display":"","ast-hfb-below-header-display":"","ast-hfb-mobile-header-display":"","site-post-title":"","ast-breadcrumbs-content":"","ast-featured-img":"","footer-sml-layout":"","theme-transparent-header-meta":"default","adv-header-id-meta":"","stick-header-meta":"","header-above-stick-meta":"","header-main-stick-meta":"","header-below-stick-meta":"","astra-migrate-meta-layouts":"set","ast-page-background-enabled":"default","ast-page-background-meta":{"desktop":{"background-color":"var(--ast-global-color-4)","background-image":"","background-repeat":"repeat","background-position":"center center","background-size":"auto","background-attachment":"scroll","background-type":"","background-media":"","overlay-type":"","overlay-color":"","overlay-opacity":"","overlay-gradient":""},"tablet":{"background-color":"","background-image":"","background-repeat":"repeat","background-position":"center center","background-size":"auto","background-attachment":"scroll","background-type":"","background-media":"","overlay-type":"","overlay-color":"","overlay-opacity":"","overlay-gradient":""},"mobile":{"background-color":"","background-image":"","background-repeat":"repeat","background-position":"center center","background-size":"auto","background-attachment":"scroll","background-type":"","background-media":"","overlay-type":"","overlay-color":"","overlay-opacity":"","overlay-gradient":""}},"ast-content-background-meta":{"desktop":{"background-color":"var(--ast-global-color-5)","background-image":"","background-repeat":"repeat","background-position":"center center","background-size":"auto","background-attachment":"scroll","background-type":"","background-media":"","overlay-type":"","overlay-color":"","overlay-opacity":"","overlay-gradient":""},"tablet":{"background-color":"var(--ast-global-color-5)","background-image":"","background-repeat":"repeat","background-position":"center center","background-size":"auto","background-attachment":"scroll","background-type":"","background-media":"","overlay-type":"","overlay-color":"","overlay-opacity":"","overlay-gradient":""},"mobile":{"background-color":"var(--ast-global-color-5)","background-image":"","background-repeat":"repeat","background-position":"center center","background-size":"auto","background-attachment":"scroll","background-type":"","background-media":"","overlay-type":"","overlay-color":"","overlay-opacity":"","overlay-gradient":""}}},"product_cat":[48],"product_tag":[],"class_list":["post-5674","product","type-product","status-publish","has-post-thumbnail","hentry","product_cat-sunkaraoke-dalok","desktop-align-left","tablet-align-left","mobile-align-left"],"_links":{"self":[{"href":"https:\/\/www.sunkaraoke.hu\/index.php\/wp-json\/wp\/v2\/product\/5674","targetHints":{"allow":["GET"]}}],"collection":[{"href":"https:\/\/www.sunkaraoke.hu\/index.php\/wp-json\/wp\/v2\/product"}],"about":[{"href":"https:\/\/www.sunkaraoke.hu\/index.php\/wp-json\/wp\/v2\/types\/product"}],"wp:featuredmedia":[{"embeddable":true,"href":"https:\/\/www.sunkaraoke.hu\/index.php\/wp-json\/wp\/v2\/media\/9505"}],"wp:attachment":[{"href":"https:\/\/www.sunkaraoke.hu\/index.php\/wp-json\/wp\/v2\/media?parent=5674"}],"wp:term":[{"taxonomy":"product_cat","embeddable":true,"href":"https:\/\/www.sunkaraoke.hu\/index.php\/wp-json\/wp\/v2\/product_cat?post=5674"},{"taxonomy":"product_tag","embeddable":true,"href":"https:\/\/www.sunkaraoke.hu\/index.php\/wp-json\/wp\/v2\/product_tag?post=5674"}],"curies":[{"name":"wp","href":"https:\/\/api.w.org\/{rel}","templated":true}]}}