{"id":5669,"date":"2022-08-08T20:49:38","date_gmt":"2022-08-08T20:49:38","guid":{"rendered":"https:\/\/www.sunkaraoke.hu\/index.php\/termek\/piros-bela-piros-bela-mulatos-mix-19\/"},"modified":"2025-04-07T07:49:27","modified_gmt":"2025-04-07T07:49:27","slug":"piros-bela-piros-bela-mulatos-mix-19","status":"publish","type":"product","link":"https:\/\/www.sunkaraoke.hu\/index.php\/termek\/piros-bela-piros-bela-mulatos-mix-19\/","title":{"rendered":"<div class=\"wcmp-player-container product-5669\"><audio controlslist=\"nodownload\" data-product=\"5669\"  volume=\"1\"  preload=\"none\" data-lazyloading=\"none\" class=\"wcmp-player track mejs-classic\" data-duration=\"0:32\" data-estimated_duration=\"4\"><source src=\"https:\/\/www.sunkaraoke.hu\/wp-content\/uploads\/2022\/08\/Piros-Bela-Mulatos-mix-19.-demooo.mp3\" type=\"audio\/mp3\" \/><\/audio><\/div>Piros B\u00e9la &#8211; Piros B\u00e9la mulat\u00f3s mix 19. (Original)"},"content":{"rendered":"<p><strong>10:54<\/strong> | <strong><img loading=\"lazy\" decoding=\"async\" class=\"alignnone size-full wp-image-467\" src=\"https:\/\/www.sunkaraoke.hu\/wp-content\/uploads\/2022\/07\/choir_2-copy.webp\" alt=\"\" width=\"30\" height=\"30\" \/> <\/strong><\/p>\n","protected":false},"excerpt":{"rendered":"<h6><strong>Bits\u0171r\u0171s\u00e9g: 320<\/strong>kb\/s<strong><br \/>\n<\/strong><strong>Hossz: <\/strong>10:54<strong><br \/>\n<\/strong><strong style=\"font-size: 16px;\">Vok\u00e1lt tartalmaz: <\/strong>Nem <img loading=\"lazy\" decoding=\"async\" class=\"alignnone size-full wp-image-467\" src=\"http:\/\/www.sunkaraoke.hu\/wp-content\/uploads\/2022\/07\/choir_2-copy.png\" alt=\"\" width=\"30\" height=\"30\" \/><strong style=\"font-size: 16px;\"><br \/>\n<\/strong><\/h6>\n<p>Sunkaraoke mp3 st\u00fadi\u00f3 \/ www.sunkaraoke.hu \/ Inf: Tel: 06 20 4275001<\/p>\n<p>&#8212;Intr\u00f3&#8212;<br \/>\nMi,mi,mi,mi,mi,mi,mi,sej,mi,mi,mi,mi,mi,mi,<br \/>\nmi mozog a z\u00f6ld leveles bokorban?<br \/>\nMi,mi,mi,mi,mi,mi,mi,sej,mi,mi,mi,mi,mi,mi,<br \/>\nmi mozog a z\u00f6ld leveles bokorban?<br \/>\n\u00c9n azt hittem,hogy egy r\u00f3ka,meg egy ny\u00fal.<br \/>\nSe nem r\u00f3ka,se nem ny\u00fal,kom\u00e1masszony,meg egy \u00far,<br \/>\nugrott ki a z\u00f6ld leveles bokorb\u00f3l.<br \/>\n\u00c9n azt hittem,hogy egy r\u00f3ka,meg egy ny\u00fal.<br \/>\nSe nem r\u00f3ka,se nem ny\u00fal,kom\u00e1masszony,meg egy \u00far,<br \/>\nugrott ki a z\u00f6ld leveles bokorb\u00f3l.<br \/>\n&#8212;Sz\u00f3l\u00f3&#8212;<br \/>\nMi,mi,mi,mi,mi,mi,mi,sej,mi,mi,mi,mi,mi,mi,<br \/>\nmi mozog a z\u00f6ld leveles bokorban?<br \/>\nMi,mi,mi,mi,mi,mi,mi,sej,mi,mi,mi,mi,mi,mi,<br \/>\nmi mozog a z\u00f6ld leveles bokorban?<br \/>\nAzt gondoltam hogy egy r\u00f3ka vagy egy \u0151z,<br \/>\nse nem r\u00f3ka, se nem \u0151z, feles\u00e9gem meg a cs\u0151sz,<br \/>\nugrott ki a z\u00f6ld leveles csipkebokorb\u00f3l.<br \/>\nAzt gondoltam hogy egy r\u00f3ka vagy egy \u0151z,<br \/>\nse nem r\u00f3ka, se nem \u0151z, feles\u00e9gem meg a cs\u0151sz,<br \/>\nugrott ki a z\u00f6ld leveles csipkebokorb\u00f3l.<br \/>\n&#8212;Sz\u00f3l\u00f3&#8212;<br \/>\nV\u00f6r\u00f6sbort ittam az este,<br \/>\nragyog\u00f3 csillagom,galambom.<br \/>\nMost is r\u00e9szeg vagyok t\u0151le,<br \/>\nragyog\u00f3 csillagom,galambom.<br \/>\nA l\u00e1bamon alig-alig \u00e1llok,<br \/>\nm\u00e9gis szeretnek a l\u00e1nyok<br \/>\n,ragyog\u00f3 csillagom,galambom.<br \/>\nA l\u00e1bamon alig-alig \u00e1llok,<br \/>\nm\u00e9gis szeretnek a l\u00e1nyok,<br \/>\nragyog\u00f3 csillagom,galambom.<\/p>\n<p>Felment az \u00e9n r\u00f3zs\u00e1m Pestre,<br \/>\nangyalom,ragyog\u00f3,de szeretem a bort.<br \/>\n\u00dajs\u00e1g\u00e1rus lett bel\u0151le,<br \/>\nangyalom,ragyog\u00f3,de szeretem a bort.<br \/>\nM\u00e1snak hordja az \u00fajs\u00e1got,<br \/>\nn\u00e9kem a szomor\u00fas\u00e1got.<br \/>\nRagyog\u00f3 csillagom,galambom.<br \/>\nM\u00e1snak hordja az \u00fajs\u00e1got,<br \/>\nn\u00e9kem a szomor\u00fas\u00e1got.<br \/>\nRagyog\u00f3 csillagom,galambom.<\/p>\n<p>Azt mondj\u00e1k, hogy beteg vagyok,<br \/>\nragyog\u00f3 csillagom, galambom.<br \/>\nMint az \u00e9g\u0151 gyertya, fogyok,<br \/>\nragyog\u00f3 csillagom, galambom.<br \/>\nBeteg az \u00e9n sz\u00edvem t\u00e1ja,<br \/>\nte vagy annak patik\u00e1ja,<br \/>\nragyog\u00f3 csillagom, galambom.<br \/>\nBeteg az \u00e9n sz\u00edvem t\u00e1ja,<br \/>\nte vagy annak patik\u00e1ja,<br \/>\nragyog\u00f3 csillagom, galambom.<br \/>\n&#8212;Sz\u00f3l\u00f3&#8212;<br \/>\n\u0150rmester \u00far fekete sub\u00e1ja,<br \/>\nbarna kisl\u00e1ny h\u00faz\u00f3dik al\u00e1ja.<br \/>\nMenn\u00e9l jobban h\u00faz\u00f3dik al\u00e1ja,<br \/>\nann\u00e1l jobban kil\u00e1tszik az,<br \/>\negy, kett\u0151, h\u00e1rom, n\u00e9gy,a feh\u00e9r l\u00e1ba sz\u00e1ra.<br \/>\nMenn\u00e9l jobban h\u00faz\u00f3dik al\u00e1ja,<br \/>\nann\u00e1l jobban kil\u00e1tszik az,<br \/>\negy, kett\u0151, h\u00e1rom, n\u00e9gy,a feh\u00e9r l\u00e1ba sz\u00e1ra.<br \/>\n\u0150rmester \u00far fekete sub\u00e1ja,<br \/>\nsz\u0151ke kisl\u00e1ny h\u00faz\u00f3dik al\u00e1ja.<br \/>\nMenn\u00e9l jobban h\u00faz\u00f3dik al\u00e1ja,<br \/>\nann\u00e1l jobban kil\u00e1tszik az,<br \/>\negy, kett\u0151, h\u00e1rom, n\u00e9gy,a feh\u00e9r l\u00e1ba sz\u00e1ra.<br \/>\nMenn\u00e9l jobban h\u00faz\u00f3dik al\u00e1ja,<br \/>\nann\u00e1l jobban kil\u00e1tszik az,<br \/>\negy, kett\u0151, h\u00e1rom, n\u00e9gy,a feh\u00e9r l\u00e1ba sz\u00e1ra.<br \/>\n&#8212;Sz\u00f3l\u00f3&#8212;<br \/>\nJ\u00e1nos,legyen fenn,a J\u00e1nos-hegyen,est\u00e9re odav\u00e1rom!<br \/>\nJ\u00e1nos,legyen,de nehogy \u00e1lmos legyen,mert \u00e9n azt ki nem \u00e1llom!<br \/>\nJaj,Jani,szeretn\u00e9m hallani szerelmet vallani,csak ez a k\u00edv\u00e1ns\u00e1gom!<br \/>\nJ\u00e1nos,legyen fenn,a J\u00e1nos-hegyen,est\u00e9re odav\u00e1rom!<br \/>\nJaj,Jani,szeretn\u00e9m hallani szerelmet vallani,csak ez a k\u00edv\u00e1ns\u00e1gom!<br \/>\nJ\u00e1nos,legyen fenn,a J\u00e1nos-hegyen,est\u00e9re odav\u00e1rom!<br \/>\nJ\u00e1nos,legyen fenn,a J\u00e1nos-hegyen,est\u00e9re odav\u00e1rom!<br \/>\nJ\u00e1nos,legyen,de nehogy \u00e1lmos legyen,mert \u00e9n azt ki nem \u00e1llom!<br \/>\nJaj,Jani,szeretn\u00e9m hallani szerelmet vallani,csak ez a k\u00edv\u00e1ns\u00e1gom!<br \/>\nJ\u00e1nos,legyen fenn,a J\u00e1nos-hegyen,est\u00e9re odav\u00e1rom!<br \/>\nJaj,Jani,szeretn\u00e9m hallani szerelmet vallani,csak ez a k\u00edv\u00e1ns\u00e1gom!<br \/>\nJ\u00e1nos,legyen fenn,a J\u00e1nos-hegyen,est\u00e9re odav\u00e1rom!<br \/>\n&#8212;Sz\u00f3l\u00f3&#8212;<br \/>\nIndul a Sv\u00e1b-hegyi fogaskerek\u0171,est\u00e9re a bab\u00e1mra v\u00e1r.<br \/>\nIndul a Sv\u00e1b-hegyi fogaskerek\u0171,est\u00e9re a bab\u00e1mra v\u00e1r.<br \/>\nHogyha lenne h\u0171tlens\u00e9gi verseny Bud\u00e1n,<br \/>\nels\u0151 d\u00edjat nyerne ott az \u00e9n kis bab\u00e1m.<br \/>\nIndul a Sv\u00e1b-hegyi fogaskerek\u0171,est\u00e9re a bab\u00e1mra v\u00e1r.<br \/>\nHogyha lenne h\u0171tlens\u00e9gi verseny Bud\u00e1n,<br \/>\nels\u0151 d\u00edjat nyerne ott az \u00e9n kis bab\u00e1m.<br \/>\nIndul a Sv\u00e1b-hegyi fogaskerek\u0171,est\u00e9re a bab\u00e1mra v\u00e1r.<\/p>\n<p>Indul a Sv\u00e1b-hegyi fogaskerek\u0171,est\u00e9re a bab\u00e1mra v\u00e1r.<br \/>\nIndul a Sv\u00e1b-hegyi fogaskerek\u0171,est\u00e9re a bab\u00e1mra v\u00e1r.<br \/>\nHogyha lenne h\u0171tlens\u00e9gi verseny Bud\u00e1n,<br \/>\nels\u0151 d\u00edjat nyerne ott az \u00e9n kis bab\u00e1m.<br \/>\nIndul a Sv\u00e1b-hegyi fogaskerek\u0171,est\u00e9re a bab\u00e1mra v\u00e1r.<br \/>\nHogyha lenne h\u0171tlens\u00e9gi verseny Bud\u00e1n,<br \/>\nels\u0151 d\u00edjat nyerne ott az \u00e9n kis bab\u00e1m.<br \/>\nIndul a Sv\u00e1b-hegyi fogaskerek\u0171,est\u00e9re a bab\u00e1mra v\u00e1r.<br \/>\n&#8212;Sz\u00f3l\u00f3&#8212;<br \/>\nCs\u0151,cs\u0151,cs\u0151,a kukoricacs\u0151,ha beleteszik,f\u0151 a faz\u00e9kban.<br \/>\nCs\u0151,cs\u0151,cs\u0151,a kukoricacs\u0151,ha beleteszik,f\u0151 a faz\u00e9kban.<br \/>\n\u00c9n megmondtam,barna kisl\u00e1ny,ne menj arra,<br \/>\nmert bevisz az \u00f6reg cs\u0151sz a kunyh\u00f3j\u00e1ba!<br \/>\nCs\u0151,cs\u0151,cs\u0151,a kukoricacs\u0151,ha beleteszik,f\u0151 a faz\u00e9kban.<br \/>\n\u00c9n megmondtam,barna kisl\u00e1ny,ne menj arra,<br \/>\nmert bevisz az \u00f6reg cs\u0151sz a kunyh\u00f3j\u00e1ba!<br \/>\nCs\u0151,cs\u0151,cs\u0151,a kukoricacs\u0151,ha beleteszik,f\u0151 a faz\u00e9kban.<br \/>\nCs\u0151,cs\u0151,cs\u0151,a kukoricacs\u0151,ha beleteszik,f\u0151 a faz\u00e9kban.<br \/>\nCs\u0151,cs\u0151,cs\u0151,a kukoricacs\u0151,ha beleteszik,f\u0151 a faz\u00e9kban.<br \/>\n\u00c9n megmondtam,barna kisl\u00e1ny,ne menj arra,<br \/>\nmert bevisz az \u00f6reg cs\u0151sz a kunyh\u00f3j\u00e1ba!<br \/>\nCs\u0151,cs\u0151,cs\u0151,a kukoricacs\u0151,ha beleteszik,f\u0151 a faz\u00e9kban.<br \/>\n\u00c9n megmondtam,barna kisl\u00e1ny,ne menj arra,<br \/>\nmert bevisz az \u00f6reg cs\u0151sz a kunyh\u00f3j\u00e1ba!<br \/>\nCs\u0151,cs\u0151,cs\u0151,a kukoricacs\u0151,ha beleteszik,f\u0151 a faz\u00e9kban.<br \/>\n&#8212;V\u00e9ge&#8212;<\/p>\n","protected":false},"featured_media":12989,"template":"","meta":{"site-sidebar-layout":"default","site-content-layout":"default","ast-site-content-layout":"default","site-content-style":"default","site-sidebar-style":"default","ast-global-header-display":"","ast-banner-title-visibility":"","ast-main-header-display":"","ast-hfb-above-header-display":"","ast-hfb-below-header-display":"","ast-hfb-mobile-header-display":"","site-post-title":"","ast-breadcrumbs-content":"","ast-featured-img":"","footer-sml-layout":"","theme-transparent-header-meta":"default","adv-header-id-meta":"","stick-header-meta":"","header-above-stick-meta":"","header-main-stick-meta":"","header-below-stick-meta":"","astra-migrate-meta-layouts":"set","ast-page-background-enabled":"default","ast-page-background-meta":{"desktop":{"background-color":"var(--ast-global-color-4)","background-image":"","background-repeat":"repeat","background-position":"center center","background-size":"auto","background-attachment":"scroll","background-type":"","background-media":"","overlay-type":"","overlay-color":"","overlay-opacity":"","overlay-gradient":""},"tablet":{"background-color":"","background-image":"","background-repeat":"repeat","background-position":"center center","background-size":"auto","background-attachment":"scroll","background-type":"","background-media":"","overlay-type":"","overlay-color":"","overlay-opacity":"","overlay-gradient":""},"mobile":{"background-color":"","background-image":"","background-repeat":"repeat","background-position":"center center","background-size":"auto","background-attachment":"scroll","background-type":"","background-media":"","overlay-type":"","overlay-color":"","overlay-opacity":"","overlay-gradient":""}},"ast-content-background-meta":{"desktop":{"background-color":"var(--ast-global-color-5)","background-image":"","background-repeat":"repeat","background-position":"center center","background-size":"auto","background-attachment":"scroll","background-type":"","background-media":"","overlay-type":"","overlay-color":"","overlay-opacity":"","overlay-gradient":""},"tablet":{"background-color":"var(--ast-global-color-5)","background-image":"","background-repeat":"repeat","background-position":"center center","background-size":"auto","background-attachment":"scroll","background-type":"","background-media":"","overlay-type":"","overlay-color":"","overlay-opacity":"","overlay-gradient":""},"mobile":{"background-color":"var(--ast-global-color-5)","background-image":"","background-repeat":"repeat","background-position":"center center","background-size":"auto","background-attachment":"scroll","background-type":"","background-media":"","overlay-type":"","overlay-color":"","overlay-opacity":"","overlay-gradient":""}}},"product_cat":[48],"product_tag":[],"class_list":["post-5669","product","type-product","status-publish","has-post-thumbnail","hentry","product_cat-sunkaraoke-dalok","desktop-align-left","tablet-align-left","mobile-align-left"],"_links":{"self":[{"href":"https:\/\/www.sunkaraoke.hu\/index.php\/wp-json\/wp\/v2\/product\/5669","targetHints":{"allow":["GET"]}}],"collection":[{"href":"https:\/\/www.sunkaraoke.hu\/index.php\/wp-json\/wp\/v2\/product"}],"about":[{"href":"https:\/\/www.sunkaraoke.hu\/index.php\/wp-json\/wp\/v2\/types\/product"}],"wp:featuredmedia":[{"embeddable":true,"href":"https:\/\/www.sunkaraoke.hu\/index.php\/wp-json\/wp\/v2\/media\/12989"}],"wp:attachment":[{"href":"https:\/\/www.sunkaraoke.hu\/index.php\/wp-json\/wp\/v2\/media?parent=5669"}],"wp:term":[{"taxonomy":"product_cat","embeddable":true,"href":"https:\/\/www.sunkaraoke.hu\/index.php\/wp-json\/wp\/v2\/product_cat?post=5669"},{"taxonomy":"product_tag","embeddable":true,"href":"https:\/\/www.sunkaraoke.hu\/index.php\/wp-json\/wp\/v2\/product_tag?post=5669"}],"curies":[{"name":"wp","href":"https:\/\/api.w.org\/{rel}","templated":true}]}}