{"id":5618,"date":"2022-08-08T20:49:32","date_gmt":"2022-08-08T20:49:32","guid":{"rendered":"https:\/\/www.sunkaraoke.hu\/index.php\/termek\/galamb-jozsef-szurke-eniko-galamb-csardas-mix-01\/"},"modified":"2024-01-16T12:26:37","modified_gmt":"2024-01-16T12:26:37","slug":"galamb-jozsef-szurke-eniko-galamb-csardas-mix-01","status":"publish","type":"product","link":"https:\/\/www.sunkaraoke.hu\/index.php\/termek\/galamb-jozsef-szurke-eniko-galamb-csardas-mix-01\/","title":{"rendered":"<div class=\"wcmp-player-container product-5618\"><audio controlslist=\"nodownload\" data-product=\"5618\"  volume=\"1\"  preload=\"none\" data-lazyloading=\"none\" class=\"wcmp-player track mejs-classic\" ><source src=\"https:\/\/www.sunkaraoke.hu\/wp-content\/uploads\/wcmp\/2202f01dfdc191cda51046d8a24ae1ff.mp3\" type=\"audio\/mp3\" \/><\/audio><\/div>Galamb J\u00f3zsef &#038; Sz\u00fcrke Enik\u00f5 &#8211; Galamb Cs\u00e1rd\u00e1s mix 01."},"content":{"rendered":"<p><strong>09:08<\/strong> | <strong><img loading=\"lazy\" decoding=\"async\" class=\"alignnone size-full wp-image-467\" src=\"https:\/\/www.sunkaraoke.hu\/wp-content\/uploads\/2022\/07\/choir_2-copy.webp\" alt=\"\" width=\"30\" height=\"30\" \/> <\/p>\n","protected":false},"excerpt":{"rendered":"<p><strong>Bits\u0171r\u0171s\u00e9g: <\/strong>196kb\/s<strong><br \/>\n<\/strong><strong>Hossz: <\/strong>09:08<strong><br \/>\n<\/strong><strong style=\"font-size: 16px;\">Vok\u00e1lt tartalmaz: <\/strong>Nem <img loading=\"lazy\" decoding=\"async\" class=\"alignnone size-full wp-image-467\" src=\"http:\/\/www.sunkaraoke.hu\/wp-content\/uploads\/2022\/07\/choir_2-copy.png\" alt=\"\" width=\"30\" height=\"30\" \/><strong style=\"font-size: 16px;\"><br \/>\n<\/strong><\/p>\n<p>&nbsp;<\/p>\n<p>&#8212;Intr\u00f3&#8212;\/\/00:36\/\/<\/p>\n<p>A v\u00edg egri vigad\u00f3ban vigad\u00f3ban sz\u00e9pen sz\u00f3l a magyar n\u00f3ta<br \/>\nViszi a sz\u00e9l, f\u00fajja a sz\u00e9l, le az orosz frontra<br \/>\nMagyar honv\u00e9d sziv\u00e9hez kap, goly\u00f3 sz\u00e1ll bel\u00e9je<br \/>\n\u00c9s a lelk\u00e9t magyar n\u00f3t\u00e1n viszik fel a magas \u00e9gbe<\/p>\n<p>Magyar honv\u00e9d sziv\u00e9hez kap, goly\u00f3 sz\u00e1ll bel\u00e9je<br \/>\n\u00c9s a lelk\u00e9t magyar n\u00f3t\u00e1n viszik fel a magas \u00e9gbe<\/p>\n<p>Hadnagy uram, hadnagy uram, csak egy a k\u00e9r\u00e9sem<br \/>\nH\u00e1rom napi szabads\u00e1got adjon ki \u00e9nn\u00e9kem<br \/>\nLevelem j\u00f6tt, any\u00e1m \u00edrta, az van bele \u00edrva<br \/>\nM\u00e9gsem l\u00e1tlak \u00e9des fiam, letesznek a s\u00f6t\u00e9t s\u00edrba<\/p>\n<p>Levelem j\u00f6tt, any\u00e1m \u00edrta, az van bele \u00edrva<br \/>\nM\u00e9gsem l\u00e1tlak \u00e9des fiam, letesznek a s\u00f6t\u00e9t s\u00edrba<\/p>\n<p>&#8212;Sz\u00f3l\u00f3&#8212;\/\/02:11\/\/<\/p>\n<p>Hadnagy uram, hadnagy uram, szemem k\u00f6nnybe l\u00e1bad<br \/>\nH\u00e1rom napja temett\u00e9k el az \u00e9desany\u00e1mat<br \/>\nNem siratom, nem hullajtom, gy\u00e1szos k\u00f6nnyemet r\u00e1ja<br \/>\nSz\u00fcks\u00e9ge van a haz\u00e1nak minden j\u00f3 anya fi\u00e1ra<\/p>\n<p>Nem siratom, nem hullajtom, gy\u00e1szos k\u00f6nnyemet r\u00e1ja<br \/>\nSz\u00fcks\u00e9ge van a haz\u00e1nak minden j\u00f3 anya fi\u00e1ra<\/p>\n<p>&#8212;Sz\u00f3l\u00f3&#8212;\/\/03:25\/\/<\/p>\n<p>Moln\u00e1r leg\u00e9ny koromban<br \/>\n\u0150r\u00f6ltem a tisz\u00e1nt\u00fali malomban<br \/>\nEg\u00e9sz \u00e1ll\u00f3 h\u00e9ten \u00e1t<br \/>\n\u0150r\u00f6ltem a tisz\u00e1nt\u00fali j\u00f3 b\u00faz\u00e1t<br \/>\nMint a pelyhet, dob\u00e1ltam a neh\u00e9z lisztes zs\u00e1kot<br \/>\n\u0150r\u00f6ltem a kukoric\u00e1t, b\u00faz\u00e1t, meg a m\u00e1kot<br \/>\nMikor j\u00f6tt a vas\u00e1rnap<br \/>\n\u00d6leltem a g\u00f6nd\u00f6rhaj\u00fa bab\u00e1mat<\/p>\n<p>Mint a pelyhet, dob\u00e1ltam a neh\u00e9z lisztes zs\u00e1kot<br \/>\n\u0150r\u00f6ltem a kukoric\u00e1t, b\u00faz\u00e1t, meg a m\u00e1kot<br \/>\nMikor j\u00f6tt a vas\u00e1rnap<br \/>\n\u00d6leltem a g\u00f6nd\u00f6rhaj\u00fa bab\u00e1mat<\/p>\n<p>&#8212;Sz\u00f3l\u00f3&#8212;\/\/04:50\/\/<\/p>\n<p>Mikor j\u00f6ttek cser\u00e9lni<br \/>\nA b\u00faz\u00e1\u00e9rt lisztet adtam cser\u00e9be<br \/>\nK\u00e9rdeztem a menyecsk\u00e9t<br \/>\nMilyet akar, feh\u00e9ret, vagy feket\u00e9t<br \/>\nM\u00edg a paraszt a lov\u00e1r\u00f3l leveszi a h\u00e1mot<br \/>\nAddig \u00e9n a menyecsk\u00e9b\u0151l kiveszem a v\u00e1mot<br \/>\nJ\u00f3lesik a moln\u00e1rnak<br \/>\nHogyha n\u00e9ha feket\u00e9n is dar\u00e1lhat<\/p>\n<p>M\u00edg a paraszt a lov\u00e1r\u00f3l leveszi a h\u00e1mot<br \/>\nAddig \u00e9n a menyecsk\u00e9b\u0151l kiveszem a v\u00e1mot<br \/>\nJ\u00f3lesik a moln\u00e1rnak<br \/>\nHogyha n\u00e9ha feket\u00e9n is dar\u00e1lhat<\/p>\n<p>&#8212;Sz\u00f3l\u00f3&#8212;\/\/06:15\/\/<br \/>\nAz a sz\u00e9p, az a sz\u00e9p, akinek a szeme k\u00e9k<br \/>\nAkinek a szeme k\u00e9k<br \/>\nAz a sz\u00e9p, az a sz\u00e9p, akinek a szeme k\u00e9k<br \/>\nAkinek a szeme k\u00e9k<br \/>\nL\u00e1m az eny\u00e9m, l\u00e1m az eny\u00e9m s\u00f6t\u00e9tk\u00e9k<br \/>\nM\u00e9gse vagyok a bab\u00e1mnak el\u00e9g sz\u00e9p<br \/>\nAz a sz\u00e9p, az a sz\u00e9p, akinek a szeme k\u00e9k<br \/>\nAkinek a szeme k\u00e9k<\/p>\n<p>L\u00e1m az eny\u00e9m, l\u00e1m az eny\u00e9m s\u00f6t\u00e9tk\u00e9k<br \/>\nM\u00e9gse vagyok a bab\u00e1mnak el\u00e9g sz\u00e9p<br \/>\nAz a sz\u00e9p, az a sz\u00e9p, akinek a szeme k\u00e9k<br \/>\nAkinek a szeme k\u00e9k<\/p>\n<p>&#8212;Sz\u00f3l\u00f3&#8212;-\/\/07:39\/\/<\/p>\n<p>Az a stramm, az a stramm, kinek kocka feje van<br \/>\nKinek kocka feje van<br \/>\nAz a stramm, az a stramm, kinek kocka feje van<br \/>\nKinek kocka feje van<br \/>\nL\u00e1m az eny\u00e9m, l\u00e1m az eny\u00e9m ov\u00e1lis<br \/>\nM\u00e9gse vagyok a bab\u00e1mnak norm\u00e1lis<br \/>\nAz a stramm, az a stramm, kinek kocka feje van<br \/>\nKinek kocka feje van<\/p>\n<p>L\u00e1m az eny\u00e9m, l\u00e1m az eny\u00e9m ov\u00e1lis<br \/>\nM\u00e9gse vagyok a bab\u00e1mnak norm\u00e1lis<br \/>\nAz a stramm, az a stramm, kinek kocka feje van<br \/>\nKinek kocka feje van<\/p>\n<p>&#8212;Sz\u00f3l\u00f3&#8212;\/\/08:36\/\/<\/p>\n<p>L\u00e1m az eny\u00e9m, l\u00e1m az eny\u00e9m s\u00f6t\u00e9tk\u00e9k<br \/>\nM\u00e9gse vagyok a bab\u00e1mnak el\u00e9g sz\u00e9p<br \/>\nAz a sz\u00e9p, az a sz\u00e9p, akinek a szeme k\u00e9k<br \/>\nAkinek a szeme k\u00e9k<\/p>\n<p>L\u00e1m az eny\u00e9m, l\u00e1m az eny\u00e9m s\u00f6t\u00e9tk\u00e9k<br \/>\nM\u00e9gse vagyok a bab\u00e1mnak el\u00e9g sz\u00e9p<br \/>\nAz a sz\u00e9p, az a sz\u00e9p, akinek a szeme k\u00e9k<br \/>\nAkinek a szeme k\u00e9k<\/p>\n","protected":false},"featured_media":6363,"template":"","meta":{"site-sidebar-layout":"default","site-content-layout":"default","ast-site-content-layout":"","site-content-style":"default","site-sidebar-style":"default","ast-global-header-display":"","ast-banner-title-visibility":"","ast-main-header-display":"","ast-hfb-above-header-display":"","ast-hfb-below-header-display":"","ast-hfb-mobile-header-display":"","site-post-title":"","ast-breadcrumbs-content":"","ast-featured-img":"","footer-sml-layout":"","theme-transparent-header-meta":"default","adv-header-id-meta":"","stick-header-meta":"","header-above-stick-meta":"","header-main-stick-meta":"","header-below-stick-meta":"","astra-migrate-meta-layouts":"default","ast-page-background-enabled":"default","ast-page-background-meta":{"desktop":{"background-color":"var(--ast-global-color-4)","background-image":"","background-repeat":"repeat","background-position":"center center","background-size":"auto","background-attachment":"scroll","background-type":"","background-media":"","overlay-type":"","overlay-color":"","overlay-opacity":"","overlay-gradient":""},"tablet":{"background-color":"","background-image":"","background-repeat":"repeat","background-position":"center center","background-size":"auto","background-attachment":"scroll","background-type":"","background-media":"","overlay-type":"","overlay-color":"","overlay-opacity":"","overlay-gradient":""},"mobile":{"background-color":"","background-image":"","background-repeat":"repeat","background-position":"center center","background-size":"auto","background-attachment":"scroll","background-type":"","background-media":"","overlay-type":"","overlay-color":"","overlay-opacity":"","overlay-gradient":""}},"ast-content-background-meta":{"desktop":{"background-color":"var(--ast-global-color-5)","background-image":"","background-repeat":"repeat","background-position":"center center","background-size":"auto","background-attachment":"scroll","background-type":"","background-media":"","overlay-type":"","overlay-color":"","overlay-opacity":"","overlay-gradient":""},"tablet":{"background-color":"var(--ast-global-color-5)","background-image":"","background-repeat":"repeat","background-position":"center center","background-size":"auto","background-attachment":"scroll","background-type":"","background-media":"","overlay-type":"","overlay-color":"","overlay-opacity":"","overlay-gradient":""},"mobile":{"background-color":"var(--ast-global-color-5)","background-image":"","background-repeat":"repeat","background-position":"center center","background-size":"auto","background-attachment":"scroll","background-type":"","background-media":"","overlay-type":"","overlay-color":"","overlay-opacity":"","overlay-gradient":""}}},"product_cat":[69],"product_tag":[],"class_list":["post-5618","product","type-product","status-publish","has-post-thumbnail","hentry","product_cat-galamb-joci","desktop-align-left","tablet-align-left","mobile-align-left"],"_links":{"self":[{"href":"https:\/\/www.sunkaraoke.hu\/index.php\/wp-json\/wp\/v2\/product\/5618","targetHints":{"allow":["GET"]}}],"collection":[{"href":"https:\/\/www.sunkaraoke.hu\/index.php\/wp-json\/wp\/v2\/product"}],"about":[{"href":"https:\/\/www.sunkaraoke.hu\/index.php\/wp-json\/wp\/v2\/types\/product"}],"wp:featuredmedia":[{"embeddable":true,"href":"https:\/\/www.sunkaraoke.hu\/index.php\/wp-json\/wp\/v2\/media\/6363"}],"wp:attachment":[{"href":"https:\/\/www.sunkaraoke.hu\/index.php\/wp-json\/wp\/v2\/media?parent=5618"}],"wp:term":[{"taxonomy":"product_cat","embeddable":true,"href":"https:\/\/www.sunkaraoke.hu\/index.php\/wp-json\/wp\/v2\/product_cat?post=5618"},{"taxonomy":"product_tag","embeddable":true,"href":"https:\/\/www.sunkaraoke.hu\/index.php\/wp-json\/wp\/v2\/product_tag?post=5618"}],"curies":[{"name":"wp","href":"https:\/\/api.w.org\/{rel}","templated":true}]}}