{"id":5617,"date":"2022-08-08T20:49:32","date_gmt":"2022-08-08T20:49:32","guid":{"rendered":"https:\/\/www.sunkaraoke.hu\/index.php\/termek\/galamb-jozsef-szurke-eniko-egy-kicsit-szemtelen\/"},"modified":"2026-03-27T07:08:54","modified_gmt":"2026-03-27T05:08:54","slug":"galamb-jozsef-szurke-eniko-egy-kicsit-szemtelen","status":"publish","type":"product","link":"https:\/\/www.sunkaraoke.hu\/index.php\/termek\/galamb-jozsef-szurke-eniko-egy-kicsit-szemtelen\/","title":{"rendered":"<div class=\"wcmp-player-container product-5617\"><audio controlslist=\"nodownload\" data-product=\"5617\"  volume=\"1\"  preload=\"none\" data-lazyloading=\"none\" class=\"wcmp-player track mejs-classic\" data-duration=\"0:33\" data-estimated_duration=\"4\"><source src=\"https:\/\/www.sunkaraoke.hu\/wp-content\/uploads\/2022\/08\/Egy-kicsit-szemtelen-Voc-G.-kdemoo.mp3\" type=\"audio\/mp3\" \/><\/audio><\/div>Galamb J\u00f3zsef &#038; Sz\u00fcrke Enik\u00f5 &#8211; Egy kicsit szemtelen (Original)"},"content":{"rendered":"<p><strong>04:03<\/strong> | <strong><img loading=\"lazy\" decoding=\"async\" class=\"alignnone size-full wp-image-466\" src=\"https:\/\/www.sunkaraoke.hu\/wp-content\/uploads\/2022\/07\/choir_1-copy.webp\" alt=\"\" width=\"30\" height=\"30\" \/> <\/strong><\/p>\n","protected":false},"excerpt":{"rendered":"<h6><strong>Bits\u0171r\u0171s\u00e9g: 320<\/strong>kb\/s<strong><br \/>\n<\/strong><strong>Hossz: <\/strong>04:03<strong><br \/>\n<\/strong><strong style=\"font-size: 16px;\">Vok\u00e1lt tartalmaz: <\/strong>Igen <img loading=\"lazy\" decoding=\"async\" class=\"alignnone size-full wp-image-466\" src=\"http:\/\/www.sunkaraoke.hu\/wp-content\/uploads\/2022\/07\/choir_1-copy.png\" alt=\"\" width=\"30\" height=\"30\" \/><strong style=\"font-size: 16px;\"><br \/>\n<\/strong><\/h6>\n<p>Sunkaraoke mp3 st\u00fadi\u00f3 \/ www.sunkaraoke.hu \/ Inf: Tel: 06 20 4275001<\/p>\n<p>&#8212;Intr\u00f3&#8212;\/\/00:25\/\/<\/p>\n<p>Bom szi, Bom csi csi<br \/>\nBom szi, Bom csi csi<br \/>\nBom szi, Bom csi csi<br \/>\nBom szi, Bom csi csi<\/p>\n<p>&#8212;Sz\u00f3l\u00f3&#8212;\/\/00:36\/\/<\/p>\n<p>L\u00e1t\u00e1sb\u00f3l ismerem, kil\u00f3g a sorb\u00f3l<br \/>\nMosolyg\u00f3s, barna sr\u00e1c<br \/>\n\u0150 soha nem besz\u00e9l, mindig csak b\u00e1mul<br \/>\nEl\u0151ad\u00e1s ut\u00e1n<\/p>\n<p>Egyszer egy sz\u00e9p napon, odaj\u00f6tt hozz\u00e1m<br \/>\nMeglep\u0151 fordulat<br \/>\nH\u00fa\u00fa<br \/>\nSzem\u00e9ben furcsa f\u00e9ny, valamit mondott<br \/>\nMicsoda gondolat<\/p>\n<p>Egy kicsit szemtelen, egy kicsit \u00f6nfej\u0171<br \/>\nFurcsa, hogy \u00e9rdekel<br \/>\nEgy kicsit felkavar, egy kicsit megzavar<br \/>\nNeh\u00e9z az \u00e9letem<\/p>\n<p>Egy kicsi izgalom, de az\u00e9rt v\u00e1llalom<br \/>\nJ\u00f3l esik \u00e9nnekem<br \/>\nEgy kicsit v\u00e1rom is, de az\u00e9rt f\u00e9lek is<br \/>\nNeh\u00e9z az \u00e9letem<\/p>\n<p>&#8212;Sz\u00f3l\u00f3&#8212;\/\/00:49\/\/<\/p>\n<p>Bom szi, Bom csi csi<br \/>\nBom szi, Bom csi csi<br \/>\nBom szi, Bom csi csi<br \/>\nBom szi, Bom csi csi<\/p>\n<p>&#8212;Sz\u00f3l\u00f3&#8212;\/\/02:00\/\/<\/p>\n<p>Telnek a h\u00f3napok, v\u00e9ge a ny\u00e1rnak<br \/>\nElt\u0171nt a barna sr\u00e1c<br \/>\nJ\u00f3 lenne l\u00e1tni \u0151t, j\u00f3 lenne tudni<br \/>\nVajon merre j\u00e1r<\/p>\n<p>Egyszer egy sz\u00e9p napon, megjelent \u00fajra<br \/>\nIzgalmas fordulat<br \/>\nH\u00fa\u00fa<br \/>\nSzem\u00e9ben furcsa f\u00e9ny, valamit mondott<br \/>\n\u0150r\u00fclt egy gondolat<\/p>\n<p>Egy kicsit szemtelen, egy kicsit \u00f6nfej\u0171<br \/>\nFurcsa, hogy \u00e9rdekel<br \/>\nEgy kicsit felkavar, egy kicsit megzavar<br \/>\nNeh\u00e9z az \u00e9letem<\/p>\n<p>Egy kicsi izgalom, de az\u00e9rt v\u00e1llalom<br \/>\nJ\u00f3l esik \u00e9nnekem<br \/>\nEgy kicsit v\u00e1rom is, de az\u00e9rt f\u00e9lek is<br \/>\nNeh\u00e9z az \u00e9letem<\/p>\n<p>Bom szi, Bom csi csi<br \/>\nBom szi, Bom csi csi<br \/>\nNeh\u00e9z az \u00e9letem<\/p>\n<p>Bom szi, Bom csi csi<br \/>\nBom szi, Bom csi csi<br \/>\nNeh\u00e9z az \u00e9letem(Transzpon\u00e1l)<\/p>\n<p>Bom szi, Bom csi csi<br \/>\nBom szi, Bom csi csi<br \/>\nBom szi, Bom csi csi<br \/>\nBom szi, Bom csi csi<\/p>\n<p>Egy kicsit szemtelen, egy kicsit \u00f6nfej\u0171<br \/>\nFurcsa, hogy \u00e9rdekel<br \/>\nEgy kicsit felkavar, egy kicsit megzavar<br \/>\nNeh\u00e9z az \u00e9letem<\/p>\n<p>Egy kicsi izgalom, de az\u00e9rt v\u00e1llalom<br \/>\nJ\u00f3l esik \u00e9nnekem<br \/>\nEgy kicsit v\u00e1rom is, de az\u00e9rt f\u00e9lek is<br \/>\nNeh\u00e9z az \u00e9letem<\/p>\n<p>&#8212;V\u00e9ge&#8212;<\/p>\n","protected":false},"featured_media":6363,"template":"","meta":{"site-sidebar-layout":"default","site-content-layout":"default","ast-site-content-layout":"default","site-content-style":"default","site-sidebar-style":"default","ast-global-header-display":"","ast-banner-title-visibility":"","ast-main-header-display":"","ast-hfb-above-header-display":"","ast-hfb-below-header-display":"","ast-hfb-mobile-header-display":"","site-post-title":"","ast-breadcrumbs-content":"","ast-featured-img":"","footer-sml-layout":"","theme-transparent-header-meta":"default","adv-header-id-meta":"","stick-header-meta":"","header-above-stick-meta":"","header-main-stick-meta":"","header-below-stick-meta":"","astra-migrate-meta-layouts":"set","ast-page-background-enabled":"default","ast-page-background-meta":{"desktop":{"background-color":"var(--ast-global-color-4)","background-image":"","background-repeat":"repeat","background-position":"center center","background-size":"auto","background-attachment":"scroll","background-type":"","background-media":"","overlay-type":"","overlay-color":"","overlay-opacity":"","overlay-gradient":""},"tablet":{"background-color":"","background-image":"","background-repeat":"repeat","background-position":"center center","background-size":"auto","background-attachment":"scroll","background-type":"","background-media":"","overlay-type":"","overlay-color":"","overlay-opacity":"","overlay-gradient":""},"mobile":{"background-color":"","background-image":"","background-repeat":"repeat","background-position":"center center","background-size":"auto","background-attachment":"scroll","background-type":"","background-media":"","overlay-type":"","overlay-color":"","overlay-opacity":"","overlay-gradient":""}},"ast-content-background-meta":{"desktop":{"background-color":"var(--ast-global-color-5)","background-image":"","background-repeat":"repeat","background-position":"center center","background-size":"auto","background-attachment":"scroll","background-type":"","background-media":"","overlay-type":"","overlay-color":"","overlay-opacity":"","overlay-gradient":""},"tablet":{"background-color":"var(--ast-global-color-5)","background-image":"","background-repeat":"repeat","background-position":"center center","background-size":"auto","background-attachment":"scroll","background-type":"","background-media":"","overlay-type":"","overlay-color":"","overlay-opacity":"","overlay-gradient":""},"mobile":{"background-color":"var(--ast-global-color-5)","background-image":"","background-repeat":"repeat","background-position":"center center","background-size":"auto","background-attachment":"scroll","background-type":"","background-media":"","overlay-type":"","overlay-color":"","overlay-opacity":"","overlay-gradient":""}}},"product_cat":[69],"product_tag":[],"class_list":["post-5617","product","type-product","status-publish","has-post-thumbnail","hentry","product_cat-galamb-joci","desktop-align-left","tablet-align-left","mobile-align-left"],"_links":{"self":[{"href":"https:\/\/www.sunkaraoke.hu\/index.php\/wp-json\/wp\/v2\/product\/5617","targetHints":{"allow":["GET"]}}],"collection":[{"href":"https:\/\/www.sunkaraoke.hu\/index.php\/wp-json\/wp\/v2\/product"}],"about":[{"href":"https:\/\/www.sunkaraoke.hu\/index.php\/wp-json\/wp\/v2\/types\/product"}],"wp:featuredmedia":[{"embeddable":true,"href":"https:\/\/www.sunkaraoke.hu\/index.php\/wp-json\/wp\/v2\/media\/6363"}],"wp:attachment":[{"href":"https:\/\/www.sunkaraoke.hu\/index.php\/wp-json\/wp\/v2\/media?parent=5617"}],"wp:term":[{"taxonomy":"product_cat","embeddable":true,"href":"https:\/\/www.sunkaraoke.hu\/index.php\/wp-json\/wp\/v2\/product_cat?post=5617"},{"taxonomy":"product_tag","embeddable":true,"href":"https:\/\/www.sunkaraoke.hu\/index.php\/wp-json\/wp\/v2\/product_tag?post=5617"}],"curies":[{"name":"wp","href":"https:\/\/api.w.org\/{rel}","templated":true}]}}