{"id":5613,"date":"2022-08-08T20:49:31","date_gmt":"2022-08-08T20:49:31","guid":{"rendered":"https:\/\/www.sunkaraoke.hu\/index.php\/termek\/bitto-duo-elmondom-sirva-alszom-at-2019\/"},"modified":"2026-04-18T07:25:19","modified_gmt":"2026-04-18T05:25:19","slug":"bitto-duo-elmondom-sirva-alszom-at-2019","status":"publish","type":"product","link":"https:\/\/www.sunkaraoke.hu\/index.php\/termek\/bitto-duo-elmondom-sirva-alszom-at-2019\/","title":{"rendered":"<div class=\"wcmp-player-container product-5613\"><audio controlslist=\"nodownload\" data-product=\"5613\"  volume=\"1\"  preload=\"none\" data-lazyloading=\"none\" class=\"wcmp-player track mejs-classic\" data-duration=\"0:32\" data-estimated_duration=\"4\"><source src=\"https:\/\/www.sunkaraoke.hu\/wp-content\/uploads\/2022\/08\/Elmondom-sirva-Bitto-2019.-PB.-_demo.mp3\" type=\"audio\/mp3\" \/><\/audio><\/div>Bitt\u00f3 Du\u00f3 &#8211; Elmondom s\u00edrva alszom \u00e1t (Original)"},"content":{"rendered":"<p><strong>04:15<\/strong> | <strong><img loading=\"lazy\" decoding=\"async\" class=\"alignnone size-full wp-image-467\" src=\"https:\/\/www.sunkaraoke.hu\/wp-content\/uploads\/2022\/07\/choir_2-copy.webp\" alt=\"\" width=\"30\" height=\"30\" \/> <\/strong><\/p>\n","protected":false},"excerpt":{"rendered":"<h6>Bits\u0171r\u0171s\u00e9g: 320kb\/s<br \/>\nHossz: 04:15<br \/>\nVok\u00e1lt tartalmaz: Nem <img loading=\"lazy\" decoding=\"async\" class=\"alignnone size-full wp-image-467\" src=\"http:\/\/www.sunkaraoke.hu\/wp-content\/uploads\/2022\/07\/choir_2-copy.png\" alt=\"\" width=\"30\" height=\"30\" \/><strong style=\"font-size: 16px;\"><br \/>\n<\/strong><\/h6>\n<p>Sunkaraoke mp3 st\u00fadi\u00f3 \/ www.sunkaraoke.hu \/ Inf: Tel: 06 20 4275001<\/p>\n<p>&#8212;Intr\u00f3&#8212;<br \/>\nElmondom s\u00edrva alszom \u00e1t az \u00e9jszak\u00e1t,<br \/>\nmajd egyszer elfogynak a k\u00f6nnyeim tal\u00e1n.<br \/>\nMajd egyszer r\u00e1m tal\u00e1l, ki k\u00e9t karj\u00e1ba, k\u00e9t karj\u00e1ba z\u00e1r,<br \/>\ns nem lesz t\u00f6bb\u00e9 k\u00f6nnyes \u00e9jszak\u00e1m.<br \/>\nElmondom s\u00edrva alszom \u00e1t az \u00e9jszak\u00e1t,<br \/>\nmajd egyszer elfogynak a k\u00f6nnyeim tal\u00e1n.<br \/>\nMajd egyszer r\u00e1m tal\u00e1l, ki k\u00e9t karj\u00e1ba, k\u00e9t karj\u00e1ba z\u00e1r,<br \/>\ns nem lesz t\u00f6bb\u00e9 k\u00f6nnyes \u00e9jszak\u00e1m.<\/p>\n<p>Im\u00e1dkozom minden \u00e9jszaka,<br \/>\nhogy \u00e9letemben t\u00f6rt\u00e9njen csoda,<br \/>\nhogy ne tal\u00e1ljon r\u00e1m a szenved\u00e9s,<br \/>\nnekem is j\u00e1rjon egy kis \u00f6lel\u00e9s!<br \/>\nIm\u00e1dkozom minden \u00e9jszaka,<br \/>\nhogy \u00e9letemben t\u00f6rt\u00e9njen csoda,<br \/>\nhogy ne tal\u00e1ljon r\u00e1m a szenved\u00e9s,<br \/>\nnekem is j\u00e1rjon egy kis \u00f6lel\u00e9s!<\/p>\n<p>Elmondom s\u00edrva alszom \u00e1t az \u00e9jszak\u00e1t,<br \/>\nmajd egyszer elfogynak a k\u00f6nnyeim tal\u00e1n.<br \/>\nMajd egyszer r\u00e1m tal\u00e1l, ki k\u00e9t karj\u00e1ba, k\u00e9t karj\u00e1ba z\u00e1r,<br \/>\ns nem lesz t\u00f6bb\u00e9 k\u00f6nnyes \u00e9jszak\u00e1m.<br \/>\nElmondom s\u00edrva alszom \u00e1t az \u00e9jszak\u00e1t,<br \/>\nmajd egyszer elfogynak a k\u00f6nnyeim tal\u00e1n.<br \/>\nMajd egyszer r\u00e1m tal\u00e1l, ki k\u00e9t karj\u00e1ba, k\u00e9t karj\u00e1ba z\u00e1r,<br \/>\ns nem lesz t\u00f6bb\u00e9 k\u00f6nnyes \u00e9jszak\u00e1m.<\/p>\n<p>\u00dagy \u00e9rzem m\u00e1r senki nem szeret,<br \/>\nr\u00e9g elvesztettem m\u00e1r mindenem.<br \/>\nElvesztettem \u00e9n a boldogs\u00e1gom,<br \/>\naz\u00f3ta az \u00e9jszak\u00e1kat j\u00e1rom.<br \/>\n\u00dagy \u00e9rzem m\u00e1r senki nem szeret,<br \/>\nr\u00e9g elvesztettem m\u00e1r mindenem.<br \/>\nElvesztettem \u00e9n a boldogs\u00e1gom,<br \/>\naz\u00f3ta az \u00e9jszak\u00e1kat j\u00e1rom.<br \/>\n&#8212;Sz\u00f3l\u00f3&#8212;<br \/>\nMegtal\u00e1l a boldogs\u00e1g tal\u00e1n,<br \/>\nnem f\u00e1jna a sz\u00edvem t\u00f6bb\u00e9 m\u00e1r.<br \/>\n\u00d6nfeledten kellene nevetni,<br \/>\na m\u00faltat v\u00e9gleg, el k\u00e9ne feledni.<br \/>\nMegtal\u00e1l a boldogs\u00e1g tal\u00e1n,<br \/>\nnem f\u00e1jna a sz\u00edvem, t\u00f6bb\u00e9 m\u00e1r.<br \/>\n\u00d6nfeledten kellene nevetni,<br \/>\na m\u00faltat v\u00e9gleg, el k\u00e9ne feledni.<br \/>\nElmondom s\u00edrva alszom \u00e1t az \u00e9jszak\u00e1t,<br \/>\nmajd egyszer elfogynak a k\u00f6nnyeim tal\u00e1n.<br \/>\nMajd egyszer r\u00e1m tal\u00e1l, ki k\u00e9t karj\u00e1ba, k\u00e9t karj\u00e1ba z\u00e1r,<br \/>\ns nem lesz t\u00f6bb\u00e9 k\u00f6nnyes \u00e9jszak\u00e1m.<br \/>\nElmondom s\u00edrva alszom \u00e1t az \u00e9jszak\u00e1t,<br \/>\nmajd egyszer elfogynak a k\u00f6nnyeim tal\u00e1n.<br \/>\nMajd egyszer r\u00e1m tal\u00e1l, ki k\u00e9t karj\u00e1ba, k\u00e9t karj\u00e1ba z\u00e1r,<br \/>\ns nem lesz t\u00f6bb\u00e9 k\u00f6nnyes \u00e9jszak\u00e1m<br \/>\n&#8212;V\u00e9ge&#8212;<\/p>\n","protected":false},"featured_media":8718,"template":"","meta":{"site-sidebar-layout":"default","site-content-layout":"default","ast-site-content-layout":"default","site-content-style":"default","site-sidebar-style":"default","ast-global-header-display":"","ast-banner-title-visibility":"","ast-main-header-display":"","ast-hfb-above-header-display":"","ast-hfb-below-header-display":"","ast-hfb-mobile-header-display":"","site-post-title":"","ast-breadcrumbs-content":"","ast-featured-img":"","footer-sml-layout":"","theme-transparent-header-meta":"default","adv-header-id-meta":"","stick-header-meta":"","header-above-stick-meta":"","header-main-stick-meta":"","header-below-stick-meta":"","astra-migrate-meta-layouts":"set","ast-page-background-enabled":"default","ast-page-background-meta":{"desktop":{"background-color":"var(--ast-global-color-4)","background-image":"","background-repeat":"repeat","background-position":"center center","background-size":"auto","background-attachment":"scroll","background-type":"","background-media":"","overlay-type":"","overlay-color":"","overlay-opacity":"","overlay-gradient":""},"tablet":{"background-color":"","background-image":"","background-repeat":"repeat","background-position":"center center","background-size":"auto","background-attachment":"scroll","background-type":"","background-media":"","overlay-type":"","overlay-color":"","overlay-opacity":"","overlay-gradient":""},"mobile":{"background-color":"","background-image":"","background-repeat":"repeat","background-position":"center center","background-size":"auto","background-attachment":"scroll","background-type":"","background-media":"","overlay-type":"","overlay-color":"","overlay-opacity":"","overlay-gradient":""}},"ast-content-background-meta":{"desktop":{"background-color":"var(--ast-global-color-5)","background-image":"","background-repeat":"repeat","background-position":"center center","background-size":"auto","background-attachment":"scroll","background-type":"","background-media":"","overlay-type":"","overlay-color":"","overlay-opacity":"","overlay-gradient":""},"tablet":{"background-color":"var(--ast-global-color-5)","background-image":"","background-repeat":"repeat","background-position":"center center","background-size":"auto","background-attachment":"scroll","background-type":"","background-media":"","overlay-type":"","overlay-color":"","overlay-opacity":"","overlay-gradient":""},"mobile":{"background-color":"var(--ast-global-color-5)","background-image":"","background-repeat":"repeat","background-position":"center center","background-size":"auto","background-attachment":"scroll","background-type":"","background-media":"","overlay-type":"","overlay-color":"","overlay-opacity":"","overlay-gradient":""}}},"product_cat":[48],"product_tag":[],"class_list":["post-5613","product","type-product","status-publish","has-post-thumbnail","hentry","product_cat-sunkaraoke-dalok","desktop-align-left","tablet-align-left","mobile-align-left"],"_links":{"self":[{"href":"https:\/\/www.sunkaraoke.hu\/index.php\/wp-json\/wp\/v2\/product\/5613","targetHints":{"allow":["GET"]}}],"collection":[{"href":"https:\/\/www.sunkaraoke.hu\/index.php\/wp-json\/wp\/v2\/product"}],"about":[{"href":"https:\/\/www.sunkaraoke.hu\/index.php\/wp-json\/wp\/v2\/types\/product"}],"wp:featuredmedia":[{"embeddable":true,"href":"https:\/\/www.sunkaraoke.hu\/index.php\/wp-json\/wp\/v2\/media\/8718"}],"wp:attachment":[{"href":"https:\/\/www.sunkaraoke.hu\/index.php\/wp-json\/wp\/v2\/media?parent=5613"}],"wp:term":[{"taxonomy":"product_cat","embeddable":true,"href":"https:\/\/www.sunkaraoke.hu\/index.php\/wp-json\/wp\/v2\/product_cat?post=5613"},{"taxonomy":"product_tag","embeddable":true,"href":"https:\/\/www.sunkaraoke.hu\/index.php\/wp-json\/wp\/v2\/product_tag?post=5613"}],"curies":[{"name":"wp","href":"https:\/\/api.w.org\/{rel}","templated":true}]}}