{"id":5608,"date":"2022-08-08T20:49:31","date_gmt":"2022-08-08T20:49:31","guid":{"rendered":"https:\/\/www.sunkaraoke.hu\/index.php\/termek\/tesok-zakatol-a-szivem\/"},"modified":"2026-03-05T08:58:58","modified_gmt":"2026-03-05T06:58:58","slug":"tesok-zakatol-a-szivem","status":"publish","type":"product","link":"https:\/\/www.sunkaraoke.hu\/index.php\/termek\/tesok-zakatol-a-szivem\/","title":{"rendered":"<div class=\"wcmp-player-container product-5608\"><audio controlslist=\"nodownload\" data-product=\"5608\"  volume=\"1\"  preload=\"none\" data-lazyloading=\"none\" class=\"wcmp-player track mejs-classic\" data-duration=\"0:31\" data-estimated_duration=\"4\"><source src=\"https:\/\/www.sunkaraoke.hu\/wp-content\/uploads\/2022\/08\/Zakatol-a-szivem-Tesok-SB._demo.mp3\" type=\"audio\/mp3\" \/><\/audio><\/div>Tes\u00f3k &#8211; Zakatol a sz\u00edvem (Original)"},"content":{"rendered":"<p><strong>03:18<\/strong> | <strong><img loading=\"lazy\" decoding=\"async\" class=\"alignnone size-full wp-image-467\" src=\"https:\/\/www.sunkaraoke.hu\/wp-content\/uploads\/2022\/07\/choir_2-copy.webp\" alt=\"\" width=\"30\" height=\"30\" \/> <\/strong><\/p>\n","protected":false},"excerpt":{"rendered":"<h6><strong>Bits\u0171r\u0171s\u00e9g: 320 kb\/s<\/strong><br \/>\n<strong>Hossz: 03:18<\/strong><br \/>\n<strong>Vok\u00e1lt tartalmaz: Nem <img loading=\"lazy\" decoding=\"async\" class=\"alignnone size-full wp-image-467\" src=\"http:\/\/www.sunkaraoke.hu\/wp-content\/uploads\/2022\/07\/choir_2-copy.png\" alt=\"\" width=\"30\" height=\"30\" \/><\/strong><strong style=\"font-size: 16px;\"><br \/>\n<\/strong><\/h6>\n<p>Sunkaraoke mp3 st\u00fadi\u00f3 \/ www.sunkaraoke.hu \/ Inf: Tel: 06 20 4275001<\/p>\n<p>&#8212;Intr\u00f3&#8212;<br \/>\nV\u00e9ge lett \u00e9n nem is \u00e9rtettem,<br \/>\nhiszen minden perc\u00e9t \u00e9lveztem,<br \/>\nlehet \u00e9n nem tudtam megadni,<br \/>\namit m\u00e1sn\u00e1l kezdett keresni.<\/p>\n<p>Zakatol a sz\u00edvem r\u00e9g\u00f3ta f\u00e1j,<br \/>\nd\u00fcb\u00f6r\u00f6g \u00e9s \u00fajra v\u00e1laszra v\u00e1r.<br \/>\nOdavagyok \u00e9rte b\u00e1rmit tegyen,<br \/>\n\u0151 van nekem ott az els\u0151 helyen.<br \/>\nZakatol a sz\u00edvem r\u00e9g\u00f3ta f\u00e1j,<br \/>\nd\u00fcb\u00f6r\u00f6g \u00e9s \u00fajra v\u00e1laszra v\u00e1r.<br \/>\nOdavagyok \u00e9rte b\u00e1rmit tegyen,<br \/>\n\u0151 van nekem ott az els\u0151 helyen.<\/p>\n<p>Benne b\u00edztam \u00e9s ezt tudni kell,<br \/>\namit \u00e9rzek m\u00e1r nem m\u00falik el,<br \/>\n\u00e9rte \u00e9lek b\u00e1rmit megteszek,<br \/>\na vil\u00e1g v\u00e9g\u00e9re elmegyek.<\/p>\n<p>Zakatol a sz\u00edvem r\u00e9g\u00f3ta f\u00e1j,<br \/>\nd\u00fcb\u00f6r\u00f6g \u00e9s \u00fajra v\u00e1laszra v\u00e1r.<br \/>\nOdavagyok \u00e9rte b\u00e1rmit tegyen,<br \/>\n\u0151 van nekem ott az els\u0151 helyen.<\/p>\n<p>Zakatol a sz\u00edvem r\u00e9g\u00f3ta f\u00e1j,<br \/>\nd\u00fcb\u00f6r\u00f6g \u00e9s \u00fajra v\u00e1laszra v\u00e1r.<br \/>\nOdavagyok \u00e9rte b\u00e1rmit tegyen,<br \/>\n\u0151 van nekem ott az els\u0151 helyen.<br \/>\n&#8212;Sz\u00f3l\u00f3&#8212;\/\/01:50\/\/<br \/>\nV\u00e9ge lett \u00e9n nem is \u00e9rtettem,<br \/>\nhiszen minden perc\u00e9t \u00e9lveztem,<br \/>\nlehet \u00e9n nem tudtam megadni,<br \/>\namit m\u00e1sn\u00e1l kezdett keresni.<\/p>\n<p>Zakatol a sz\u00edvem r\u00e9g\u00f3ta f\u00e1j,<br \/>\nd\u00fcb\u00f6r\u00f6g \u00e9s \u00fajra v\u00e1laszra v\u00e1r.<br \/>\nOdavagyok \u00e9rte b\u00e1rmit tegyen,<br \/>\n\u0151 van nekem ott az els\u0151 helyen.<\/p>\n<p>Zakatol a sz\u00edvem r\u00e9g\u00f3ta f\u00e1j,<br \/>\nd\u00fcb\u00f6r\u00f6g \u00e9s \u00fajra v\u00e1laszra v\u00e1r.<br \/>\nOdavagyok \u00e9rte b\u00e1rmit tegyen,<br \/>\n\u0151 van nekem ott az els\u0151 helyen.<br \/>\n&#8212;Sz\u00f3l\u00f3&#8212;\/\/02:37\/\/<br \/>\nBenne b\u00edztam \u00e9s ezt tudni kell,<br \/>\namit \u00e9rzek m\u00e1r nem m\u00falik el,<br \/>\n\u00e9rte \u00e9lek b\u00e1rmit megteszek,<br \/>\na vil\u00e1g v\u00e9g\u00e9re elmegyek.<\/p>\n<p>Zakatol a sz\u00edvem r\u00e9g\u00f3ta f\u00e1j,<br \/>\nd\u00fcb\u00f6r\u00f6g \u00e9s \u00fajra v\u00e1laszra v\u00e1r.<br \/>\nOdavagyok \u00e9rte b\u00e1rmit tegyen,<br \/>\n\u0151 van nekem ott az els\u0151 helyen.<\/p>\n<p>Zakatol a sz\u00edvem r\u00e9g\u00f3ta f\u00e1j,<br \/>\nd\u00fcb\u00f6r\u00f6g \u00e9s \u00fajra v\u00e1laszra v\u00e1r.<br \/>\nOdavagyok \u00e9rte b\u00e1rmit tegyen,<br \/>\n\u0151 van nekem ott az els\u0151 helyen.<br \/>\n&#8212;V\u00e9ge&#8212;<\/p>\n","protected":false},"featured_media":8715,"template":"","meta":{"site-sidebar-layout":"default","site-content-layout":"default","ast-site-content-layout":"default","site-content-style":"default","site-sidebar-style":"default","ast-global-header-display":"","ast-banner-title-visibility":"","ast-main-header-display":"","ast-hfb-above-header-display":"","ast-hfb-below-header-display":"","ast-hfb-mobile-header-display":"","site-post-title":"","ast-breadcrumbs-content":"","ast-featured-img":"","footer-sml-layout":"","theme-transparent-header-meta":"default","adv-header-id-meta":"","stick-header-meta":"","header-above-stick-meta":"","header-main-stick-meta":"","header-below-stick-meta":"","astra-migrate-meta-layouts":"set","ast-page-background-enabled":"default","ast-page-background-meta":{"desktop":{"background-color":"var(--ast-global-color-4)","background-image":"","background-repeat":"repeat","background-position":"center center","background-size":"auto","background-attachment":"scroll","background-type":"","background-media":"","overlay-type":"","overlay-color":"","overlay-opacity":"","overlay-gradient":""},"tablet":{"background-color":"","background-image":"","background-repeat":"repeat","background-position":"center center","background-size":"auto","background-attachment":"scroll","background-type":"","background-media":"","overlay-type":"","overlay-color":"","overlay-opacity":"","overlay-gradient":""},"mobile":{"background-color":"","background-image":"","background-repeat":"repeat","background-position":"center center","background-size":"auto","background-attachment":"scroll","background-type":"","background-media":"","overlay-type":"","overlay-color":"","overlay-opacity":"","overlay-gradient":""}},"ast-content-background-meta":{"desktop":{"background-color":"var(--ast-global-color-5)","background-image":"","background-repeat":"repeat","background-position":"center center","background-size":"auto","background-attachment":"scroll","background-type":"","background-media":"","overlay-type":"","overlay-color":"","overlay-opacity":"","overlay-gradient":""},"tablet":{"background-color":"var(--ast-global-color-5)","background-image":"","background-repeat":"repeat","background-position":"center center","background-size":"auto","background-attachment":"scroll","background-type":"","background-media":"","overlay-type":"","overlay-color":"","overlay-opacity":"","overlay-gradient":""},"mobile":{"background-color":"var(--ast-global-color-5)","background-image":"","background-repeat":"repeat","background-position":"center center","background-size":"auto","background-attachment":"scroll","background-type":"","background-media":"","overlay-type":"","overlay-color":"","overlay-opacity":"","overlay-gradient":""}}},"product_cat":[48],"product_tag":[],"class_list":["post-5608","product","type-product","status-publish","has-post-thumbnail","hentry","product_cat-sunkaraoke-dalok","desktop-align-left","tablet-align-left","mobile-align-left"],"_links":{"self":[{"href":"https:\/\/www.sunkaraoke.hu\/index.php\/wp-json\/wp\/v2\/product\/5608","targetHints":{"allow":["GET"]}}],"collection":[{"href":"https:\/\/www.sunkaraoke.hu\/index.php\/wp-json\/wp\/v2\/product"}],"about":[{"href":"https:\/\/www.sunkaraoke.hu\/index.php\/wp-json\/wp\/v2\/types\/product"}],"wp:featuredmedia":[{"embeddable":true,"href":"https:\/\/www.sunkaraoke.hu\/index.php\/wp-json\/wp\/v2\/media\/8715"}],"wp:attachment":[{"href":"https:\/\/www.sunkaraoke.hu\/index.php\/wp-json\/wp\/v2\/media?parent=5608"}],"wp:term":[{"taxonomy":"product_cat","embeddable":true,"href":"https:\/\/www.sunkaraoke.hu\/index.php\/wp-json\/wp\/v2\/product_cat?post=5608"},{"taxonomy":"product_tag","embeddable":true,"href":"https:\/\/www.sunkaraoke.hu\/index.php\/wp-json\/wp\/v2\/product_tag?post=5608"}],"curies":[{"name":"wp","href":"https:\/\/api.w.org\/{rel}","templated":true}]}}