{"id":5564,"date":"2022-08-08T20:49:25","date_gmt":"2022-08-08T20:49:25","guid":{"rendered":"https:\/\/www.sunkaraoke.hu\/index.php\/termek\/piros-bela-piros-mulatos-mix-13\/"},"modified":"2025-04-07T07:29:35","modified_gmt":"2025-04-07T07:29:35","slug":"piros-bela-piros-mulatos-mix-13","status":"publish","type":"product","link":"https:\/\/www.sunkaraoke.hu\/index.php\/termek\/piros-bela-piros-mulatos-mix-13\/","title":{"rendered":"<div class=\"wcmp-player-container product-5564\"><audio controlslist=\"nodownload\" data-product=\"5564\"  volume=\"1\"  preload=\"none\" data-lazyloading=\"none\" class=\"wcmp-player track mejs-classic\" data-duration=\"0:32\" data-estimated_duration=\"4\"><source src=\"https:\/\/www.sunkaraoke.hu\/wp-content\/uploads\/2022\/08\/Piros-Bela-mulatos-mix-13.-kdemoo.mp3\" type=\"audio\/mp3\" \/><\/audio><\/div>Piros B\u00e9la &#8211; Piros Mulat\u00f3s mix 13. (Original)"},"content":{"rendered":"<p><strong>10:11<\/strong> | <strong><img loading=\"lazy\" decoding=\"async\" class=\"alignnone size-full wp-image-467\" src=\"https:\/\/www.sunkaraoke.hu\/wp-content\/uploads\/2022\/07\/choir_2-copy.webp\" alt=\"\" width=\"30\" height=\"30\" \/> <\/strong><\/p>\n","protected":false},"excerpt":{"rendered":"<h6><strong>Bits\u0171r\u0171s\u00e9g: 320<\/strong>kb\/s<strong><br \/>\n<\/strong><strong>Hossz: <\/strong>10:11<strong><br \/>\n<\/strong><strong style=\"font-size: 16px;\">Vok\u00e1lt tartalmaz: <\/strong>Nem <img loading=\"lazy\" decoding=\"async\" class=\"alignnone size-full wp-image-467\" src=\"http:\/\/www.sunkaraoke.hu\/wp-content\/uploads\/2022\/07\/choir_2-copy.png\" alt=\"\" width=\"30\" height=\"30\" \/><strong style=\"font-size: 16px;\"><br \/>\n<\/strong><\/h6>\n<p>Sunkaraoke mp3 st\u00fadi\u00f3 \/ www.sunkaraoke.hu \/ Inf: Tel: 06 20 4275001<\/p>\n<p>&#8212;Intr\u00f3&#8212;\/\/00:16\/\/<br \/>\nEgy gy\u00f6ng\u00e9d \u00f6lel\u00e9s, mely elfeledtet mindent,<br \/>\nmely sz\u00e1momra, meg\u00e9r minden kincset,<br \/>\nel\u00e9g egy cs\u00f3k hogy \u00e9rezd mit gondolok \u00e9n,<br \/>\n\u00fagy f\u00e9lek \u00e9n hogy nem leszel eny\u00e9m.<br \/>\nMert te csak hitegett\u00e9l v\u00e9gig \u00e9s m\u00e1st szerett\u00e9l,<br \/>\nde meg b\u00e1nod majd az isten j\u00f3 fel\u00e9m,<br \/>\na fi\u00f3kban porosodik egy r\u00e9gi aj\u00e1nd\u00e9k,<br \/>\nkit\u0151l is kaphattad de er\u0151d nincs hogy felid\u00e9zd.(Felid\u00e9zd)<\/p>\n<p>\u00c1kelelelele, f\u00e1j m\u00e9g de nem annyira,<br \/>\nmint amikor kimondtad.<br \/>\n\u00c1kelelelele, nem \u00f6lelsz m\u00e1r nem is fogsz,<br \/>\nde m\u00e9g n\u00e9ha r\u00e1m gondolsz.<br \/>\n\u00c1kelelelele, f\u00e1j m\u00e9g de nem annyira,<br \/>\nmint amikor kimondtad.<br \/>\n\u00c1kelelelele, nem \u00f6lelsz m\u00e1r nem is fogsz,<br \/>\nde m\u00e9g n\u00e9ha r\u00e1m gondolsz, n\u00e9ha r\u00e1m gondolsz.<\/p>\n<p>M\u00e1st cs\u00f3kol m\u00e1st szeret \u00e9s karjaiba z\u00e1r,<br \/>\nelm\u00falt minden mint a forr\u00f3 ny\u00e1r.<br \/>\nNe hidd hogy szerelmedet t\u00e9rden \u00e1llva k\u00e9rem,<br \/>\nmert az \u00e9n sz\u00edvem ahhoz nagyon b\u00fcszke.<br \/>\nMert te csak hitegett\u00e9l v\u00e9gig \u00e9s nem szerett\u00e9l,<br \/>\nde meg b\u00e1nod majd az isten j\u00f3 fel\u00e9m,<br \/>\na fi\u00f3kban porosodik egy r\u00e9gi aj\u00e1nd\u00e9k,<br \/>\nkit\u0151l is kaphattad de er\u0151d nincs hogy felid\u00e9zd.(Felid\u00e9zd)<br \/>\n\u00c1kelelelele, f\u00e1j m\u00e9g de nem annyira,<br \/>\nmint amikor kimondtad.<br \/>\n\u00c1kelelelele, nem \u00f6lelsz m\u00e1r nem is fogsz,<br \/>\nde m\u00e9g n\u00e9ha r\u00e1m gondolsz.<br \/>\n\u00c1kelelelele, f\u00e1j m\u00e9g de nem annyira,<br \/>\nmint amikor kimondtad.<br \/>\n\u00c1kelelelele, nem \u00f6lelsz m\u00e1r nem is fogsz,<br \/>\nde m\u00e9g n\u00e9ha r\u00e1m gondolsz, n\u00e9ha r\u00e1m gondolsz.<br \/>\nSokszor hallott r\u00e9gi t\u00f6rt\u00e9net,<br \/>\nap\u00e1m szava csendesebben sz\u00e1ll,<br \/>\nn\u00e9z r\u00e1m a k\u00e1lyha meleg\u00e9vel,<br \/>\na k\u00e1v\u00e9 is lassan kih\u0171l m\u00e1r.<\/p>\n<p>M\u00e1r nem sz\u00e9d\u00fcl\u00f6k a f\u00e9nyben,<br \/>\na poharam f\u00e9lig tele van,<br \/>\nnem a szeszt\u0151l leszek r\u00e9szeg,<br \/>\nannyi legyen, amennyi most van!<\/p>\n<p>A tegnap \u00e1rny\u00e9k\u00e1ban \u00e9lek,<br \/>\npedig ma ragyog r\u00e1m a nap.<br \/>\nMost a l\u00e1nyomnak mes\u00e9lek,<br \/>\negyszer meg\u00e9rti-e majd?<\/p>\n<p>M\u00e1r nem sz\u00e9d\u00fcl\u00f6k a f\u00e9nyben,<br \/>\na poharam f\u00e9lig tele van,<br \/>\nnem a szeszt\u0151l leszek r\u00e9szeg,<br \/>\nannyi legyen, amennyi most van!<\/p>\n<p>Ugyanazt a poros utat j\u00e1rom,<br \/>\nde n\u00e9ha ragyog r\u00e1m a nap,<br \/>\nsz\u00edved k\u00f6r\u00e9 r\u00f3zs\u00e1t muzsik\u00e1lok,<br \/>\nmert ezt teszi egy j\u00f3 cig\u00e1ny zen\u00e9sz.<\/p>\n<p>M\u00e1r nem sz\u00e9d\u00fcl\u00f6k a f\u00e9nyben,<br \/>\na poharam f\u00e9lig tele van,<br \/>\nnem a szeszt\u0151l leszek r\u00e9szeg,<br \/>\nannyi legyen, amennyi most van!<br \/>\n&#8212;Sz\u00f3l\u00f3&#8212;\/\/05:06\/\/<br \/>\nKi l\u00e1tott m\u00e1r, t\u00e9len fecsk\u00e9t,<br \/>\nfeh\u00e9r l\u00e1b\u00fa kismenyecsk\u00e9t de csuhaja,<br \/>\na feh\u00e9r l\u00e1b\u00e1t, a balatonba mossa,<br \/>\nhideg a v\u00edz, de csiklandozza de csuhajja.<br \/>\nA feh\u00e9r l\u00e1b\u00e1t a balatonba mossa,<br \/>\nhideg a v\u00edz, de csiklandozza de csuhajja.<br \/>\nErre erre, most ment erre,<br \/>\nharagosan n\u00e9zett erre, de csuhajja.<br \/>\nHa haragszik, mi\u00e9rt j\u00e1r erre,<br \/>\nmi\u00e9rt j\u00e1r az ellenemre, de csuhajja.<br \/>\nHa haragszik, m\u00e9rt j\u00e1r erre,<br \/>\nm\u00e9rt j\u00e1r az ellenemre, de csuhajja.<br \/>\n&#8212;Sz\u00f3l\u00f3&#8212;\/\/06:40\/\/<br \/>\nCsepereg az es\u0151,<br \/>\nlefolyik az arcomon,<br \/>\nr\u00e9gi bar\u00e1tok,veletek vagyok.<br \/>\nM\u00e1r nagyon nagyon r\u00e9g,<br \/>\nj\u00f3ban rosszban,egy\u00fctt vagyunk,<br \/>\nnem feled\u00fcnk mi, bar\u00e1tok maradunk.<br \/>\nEshet az es\u0151, f\u00fajhat a sz\u00e9l,<br \/>\na sz\u00edv\u00fcnket, nem t\u00f6rte meg semmi m\u00e9g.<br \/>\nN\u00e9ha volt vit\u00e1nk, de sz\u00f3val se b\u00e1ntjuk egym\u00e1st,<br \/>\nb\u00e1rmi legyen is, egy\u00fctt van a sok bar\u00e1t.<br \/>\nCsepereg az es\u0151,<br \/>\nlefolyik az arcomon,<br \/>\nr\u00e9gi bar\u00e1tok,veletek vagyok.<br \/>\nM\u00e1r nagyon nagyon r\u00e9g,<br \/>\nj\u00f3ban rosszban,egy\u00fctt vagyunk,<br \/>\nnem feled\u00fcnk mi, bar\u00e1tok maradunk.<br \/>\nEshet az es\u0151, f\u00fajhat a sz\u00e9l,<br \/>\na sz\u00edv\u00fcnket, nem t\u00f6rte meg semmi m\u00e9g.<br \/>\nN\u00e9ha volt vit\u00e1nk, de sz\u00f3val se b\u00e1ntjuk egym\u00e1st,<br \/>\nb\u00e1rmi legyen is, egy\u00fctt van a sok bar\u00e1t.<br \/>\nEshet az es\u0151, f\u00fajhat a sz\u00e9l,<br \/>\na sz\u00edv\u00fcnket, nem t\u00f6rte meg semmi m\u00e9g.<br \/>\nN\u00e9ha volt vit\u00e1nk, de sz\u00f3val se b\u00e1ntjuk egym\u00e1st,<br \/>\nb\u00e1rmi legyen is, egy\u00fctt van a sok bar\u00e1t.<br \/>\n&#8212;Sz\u00f3l\u00f3&#8212;\/\/08:46\/\/<br \/>\nVettem a piacon egy sz\u00e1jkosarat,<br \/>\npedig nekem kuty\u00e1m se volt.<br \/>\nA feles\u00e9gem sz\u00e1j\u00e1ra r\u00e1tetetem,<br \/>\nhogy ne besz\u00e9ljen vissza nekem.<br \/>\nR\u00e1tetetem, r\u00e1lakatolom,<br \/>\na lakatnak a kulcs\u00e1t a Dun\u00e1ba dobom.<br \/>\nHa leakarja venni a lakatot a n\u0151,<br \/>\nh\u00e1t ugorjon a Dun\u00e1ba \u0151.<br \/>\nR\u00e1tetetem, r\u00e1lakatolom,<br \/>\na lakatnak a kulcs\u00e1t a Dun\u00e1ba dobom.<br \/>\nHa leakarja venni a lakatot a n\u0151,<br \/>\nh\u00e1t ugorjon a Dun\u00e1ba \u0151.<\/p>\n<p>Vettem a piacon egy sz\u00e1jkosarat,<br \/>\npedig nekem kuty\u00e1m se volt.<br \/>\nA feles\u00e9gem sz\u00e1j\u00e1ra r\u00e1tetetem,<br \/>\nhogy ne besz\u00e9ljen vissza nekem.<br \/>\nR\u00e1tetetem, r\u00e1lakatolom,<br \/>\na lakatnak a kulcs\u00e1t a Dun\u00e1ba dobom.<br \/>\nHa leakarja venni a lakatot a n\u0151,<br \/>\nh\u00e1t ugorjon a Dun\u00e1ba \u0151.<br \/>\nR\u00e1tetetem, r\u00e1lakatolom,<br \/>\na lakatnak a kulcs\u00e1t a Dun\u00e1ba dobom.<br \/>\nHa leakarja venni a lakatot a n\u0151,<br \/>\nh\u00e1t ugorjon a Dun\u00e1ba \u0151.<br \/>\nH\u00e1t ugorjon a Dun\u00e1ba \u0151.<br \/>\n&#8212;V\u00e9ge&#8212;<\/p>\n","protected":false},"featured_media":12989,"template":"","meta":{"site-sidebar-layout":"default","site-content-layout":"default","ast-site-content-layout":"default","site-content-style":"default","site-sidebar-style":"default","ast-global-header-display":"","ast-banner-title-visibility":"","ast-main-header-display":"","ast-hfb-above-header-display":"","ast-hfb-below-header-display":"","ast-hfb-mobile-header-display":"","site-post-title":"","ast-breadcrumbs-content":"","ast-featured-img":"","footer-sml-layout":"","theme-transparent-header-meta":"default","adv-header-id-meta":"","stick-header-meta":"","header-above-stick-meta":"","header-main-stick-meta":"","header-below-stick-meta":"","astra-migrate-meta-layouts":"set","ast-page-background-enabled":"default","ast-page-background-meta":{"desktop":{"background-color":"var(--ast-global-color-4)","background-image":"","background-repeat":"repeat","background-position":"center center","background-size":"auto","background-attachment":"scroll","background-type":"","background-media":"","overlay-type":"","overlay-color":"","overlay-opacity":"","overlay-gradient":""},"tablet":{"background-color":"","background-image":"","background-repeat":"repeat","background-position":"center center","background-size":"auto","background-attachment":"scroll","background-type":"","background-media":"","overlay-type":"","overlay-color":"","overlay-opacity":"","overlay-gradient":""},"mobile":{"background-color":"","background-image":"","background-repeat":"repeat","background-position":"center center","background-size":"auto","background-attachment":"scroll","background-type":"","background-media":"","overlay-type":"","overlay-color":"","overlay-opacity":"","overlay-gradient":""}},"ast-content-background-meta":{"desktop":{"background-color":"var(--ast-global-color-5)","background-image":"","background-repeat":"repeat","background-position":"center center","background-size":"auto","background-attachment":"scroll","background-type":"","background-media":"","overlay-type":"","overlay-color":"","overlay-opacity":"","overlay-gradient":""},"tablet":{"background-color":"var(--ast-global-color-5)","background-image":"","background-repeat":"repeat","background-position":"center center","background-size":"auto","background-attachment":"scroll","background-type":"","background-media":"","overlay-type":"","overlay-color":"","overlay-opacity":"","overlay-gradient":""},"mobile":{"background-color":"var(--ast-global-color-5)","background-image":"","background-repeat":"repeat","background-position":"center center","background-size":"auto","background-attachment":"scroll","background-type":"","background-media":"","overlay-type":"","overlay-color":"","overlay-opacity":"","overlay-gradient":""}}},"product_cat":[48],"product_tag":[],"class_list":["post-5564","product","type-product","status-publish","has-post-thumbnail","hentry","product_cat-sunkaraoke-dalok","desktop-align-left","tablet-align-left","mobile-align-left"],"_links":{"self":[{"href":"https:\/\/www.sunkaraoke.hu\/index.php\/wp-json\/wp\/v2\/product\/5564","targetHints":{"allow":["GET"]}}],"collection":[{"href":"https:\/\/www.sunkaraoke.hu\/index.php\/wp-json\/wp\/v2\/product"}],"about":[{"href":"https:\/\/www.sunkaraoke.hu\/index.php\/wp-json\/wp\/v2\/types\/product"}],"wp:featuredmedia":[{"embeddable":true,"href":"https:\/\/www.sunkaraoke.hu\/index.php\/wp-json\/wp\/v2\/media\/12989"}],"wp:attachment":[{"href":"https:\/\/www.sunkaraoke.hu\/index.php\/wp-json\/wp\/v2\/media?parent=5564"}],"wp:term":[{"taxonomy":"product_cat","embeddable":true,"href":"https:\/\/www.sunkaraoke.hu\/index.php\/wp-json\/wp\/v2\/product_cat?post=5564"},{"taxonomy":"product_tag","embeddable":true,"href":"https:\/\/www.sunkaraoke.hu\/index.php\/wp-json\/wp\/v2\/product_tag?post=5564"}],"curies":[{"name":"wp","href":"https:\/\/api.w.org\/{rel}","templated":true}]}}