{"id":5499,"date":"2022-08-08T22:49:18","date_gmt":"2022-08-08T20:49:18","guid":{"rendered":"https:\/\/www.sunkaraoke.hu\/index.php\/termek\/didi-es-gabriella-tuzpiros-rozsaszal\/"},"modified":"2025-08-31T07:01:13","modified_gmt":"2025-08-31T05:01:13","slug":"didi-es-gabriella-tuzpiros-rozsaszal","status":"publish","type":"product","link":"https:\/\/www.sunkaraoke.hu\/index.php\/termek\/didi-es-gabriella-tuzpiros-rozsaszal\/","title":{"rendered":"<div class=\"wcmp-player-container product-5499\"><audio controlslist=\"nodownload\" data-product=\"5499\"  volume=\"1\"  preload=\"none\" data-lazyloading=\"none\" class=\"wcmp-player track mejs-classic\" data-duration=\"0:33\" data-estimated_duration=\"4\"><source src=\"https:\/\/www.sunkaraoke.hu\/wp-content\/uploads\/2022\/08\/Tuzpiros-rozsaszal-Didi-S.-demooo.mp3\" type=\"audio\/mp3\" \/><\/audio><\/div>Didi \u00e9s Gabriella &#8211; T\u0171zpiros r\u00f3zsasz\u00e1l (Original)"},"content":{"rendered":"<p><strong>03:28<\/strong> | <strong><img loading=\"lazy\" decoding=\"async\" class=\"alignnone size-full wp-image-467\" src=\"https:\/\/www.sunkaraoke.hu\/wp-content\/uploads\/2022\/07\/choir_2-copy.webp\" alt=\"\" width=\"30\" height=\"30\" \/> <\/strong><\/p>\n","protected":false},"excerpt":{"rendered":"<h6><strong>Bits\u0171r\u0171s\u00e9g: 320<\/strong>kb\/s<strong><br \/>\n<\/strong><strong>Hossz: <\/strong>03:28<strong><br \/>\n<\/strong><strong style=\"font-size: 16px;\">Vok\u00e1lt tartalmaz: <\/strong>Nem <img loading=\"lazy\" decoding=\"async\" class=\"alignnone size-full wp-image-467\" src=\"http:\/\/www.sunkaraoke.hu\/wp-content\/uploads\/2022\/07\/choir_2-copy.png\" alt=\"\" width=\"30\" height=\"30\" \/><strong style=\"font-size: 16px;\"><br \/>\n<\/strong><\/h6>\n<p>Sunkaraoke mp3 st\u00fadi\u00f3 \/ www.sunkaraoke.hu \/ Inf: Tel: 06 20 4275001<\/p>\n<p>&#8212;Intr\u00f3&#8212;<br \/>\nSzeretlek, szeretni, veled lenni,<br \/>\nmindig oly csod\u00e1s.<br \/>\nBoldog a sz\u00edvem boldog a lelkem,<br \/>\nhogyha szemem l\u00e1t.<br \/>\nSzerelmes \u00e9jjel, szemed t\u00fcz\u00e9ben,<br \/>\nf\u00fcrdik a holdsug\u00e1r,<br \/>\nvir\u00e1got t\u00e9ptem s az esti sz\u00e9lben,<br \/>\nillata messze sz\u00e1l\u00e9t.<\/p>\n<p>T\u0171zpiros r\u00f3zsasz\u00e1l, illatos gy\u00f6ngyvir\u00e1g,<br \/>\neml\u00e9k\u00fcl kaptad t\u0151lem, hogy gondolj n\u00e9ha r\u00e1m.<br \/>\nT\u0171zpiros r\u00f3zsasz\u00e1l, illatos gy\u00f6ngyvir\u00e1g,<br \/>\neml\u00e9k\u00fcl kaptad t\u0151lem, hogy gondolj n\u00e9ha r\u00e1m.<\/p>\n<p>Szeretlek, szeretni, veled lenni,<br \/>\nmindig oly csod\u00e1s.<br \/>\nBoldog a sz\u00edvem boldog a lelkem,<br \/>\nhogyha szemem l\u00e1t.<br \/>\nSzerelmes \u00e9jjel, szemed t\u00fcz\u00e9ben,<br \/>\nf\u00fcrdik a holdsug\u00e1r,<br \/>\nvir\u00e1got t\u00e9ptem s az esti sz\u00e9lben,<br \/>\nillata messze sz\u00e1llt.<\/p>\n<p>T\u0171zpiros r\u00f3zsasz\u00e1l, illatos gy\u00f6ngyvir\u00e1g,<br \/>\neml\u00e9k\u00fcl kaptad t\u0151lem, hogy gondolj n\u00e9ha r\u00e1m.<br \/>\nT\u0171zpiros r\u00f3zsasz\u00e1l, illatos gy\u00f6ngyvir\u00e1g,<br \/>\neml\u00e9k\u00fcl kaptad t\u0151lem, hogy gondolj n\u00e9ha r\u00e1m.<br \/>\nT\u0171zpiros r\u00f3zsasz\u00e1l, illatos gy\u00f6ngyvir\u00e1g,<br \/>\neml\u00e9k\u00fcl kaptad t\u0151lem, hogy gondolj n\u00e9ha r\u00e1m.<br \/>\nT\u0171zpiros r\u00f3zsasz\u00e1l, illatos gy\u00f6ngyvir\u00e1g,<br \/>\neml\u00e9k\u00fcl kaptad t\u0151lem, hogy gondol<br \/>\n&#8212;Sz\u00f3l\u00f3&#8212;<br \/>\nT\u0171zpiros r\u00f3zsasz\u00e1l, illatos gy\u00f6ngyvir\u00e1g,<br \/>\neml\u00e9k\u00fcl kaptad t\u0151lem, hogy gondolj n\u00e9ha r\u00e1m.<br \/>\nT\u0171zpiros r\u00f3zsasz\u00e1l, illatos gy\u00f6ngyvir\u00e1g,<br \/>\neml\u00e9k\u00fcl kaptad t\u0151lem, hogy gondolj n\u00e9ha r\u00e1m.<br \/>\n&#8212;V\u00e9ge&#8212;<\/p>\n","protected":false},"featured_media":721,"template":"","meta":{"site-sidebar-layout":"default","site-content-layout":"default","ast-site-content-layout":"default","site-content-style":"default","site-sidebar-style":"default","ast-global-header-display":"","ast-banner-title-visibility":"","ast-main-header-display":"","ast-hfb-above-header-display":"","ast-hfb-below-header-display":"","ast-hfb-mobile-header-display":"","site-post-title":"","ast-breadcrumbs-content":"","ast-featured-img":"","footer-sml-layout":"","theme-transparent-header-meta":"default","adv-header-id-meta":"","stick-header-meta":"","header-above-stick-meta":"","header-main-stick-meta":"","header-below-stick-meta":"","astra-migrate-meta-layouts":"set","ast-page-background-enabled":"default","ast-page-background-meta":{"desktop":{"background-color":"var(--ast-global-color-4)","background-image":"","background-repeat":"repeat","background-position":"center center","background-size":"auto","background-attachment":"scroll","background-type":"","background-media":"","overlay-type":"","overlay-color":"","overlay-opacity":"","overlay-gradient":""},"tablet":{"background-color":"","background-image":"","background-repeat":"repeat","background-position":"center center","background-size":"auto","background-attachment":"scroll","background-type":"","background-media":"","overlay-type":"","overlay-color":"","overlay-opacity":"","overlay-gradient":""},"mobile":{"background-color":"","background-image":"","background-repeat":"repeat","background-position":"center center","background-size":"auto","background-attachment":"scroll","background-type":"","background-media":"","overlay-type":"","overlay-color":"","overlay-opacity":"","overlay-gradient":""}},"ast-content-background-meta":{"desktop":{"background-color":"var(--ast-global-color-5)","background-image":"","background-repeat":"repeat","background-position":"center center","background-size":"auto","background-attachment":"scroll","background-type":"","background-media":"","overlay-type":"","overlay-color":"","overlay-opacity":"","overlay-gradient":""},"tablet":{"background-color":"var(--ast-global-color-5)","background-image":"","background-repeat":"repeat","background-position":"center center","background-size":"auto","background-attachment":"scroll","background-type":"","background-media":"","overlay-type":"","overlay-color":"","overlay-opacity":"","overlay-gradient":""},"mobile":{"background-color":"var(--ast-global-color-5)","background-image":"","background-repeat":"repeat","background-position":"center center","background-size":"auto","background-attachment":"scroll","background-type":"","background-media":"","overlay-type":"","overlay-color":"","overlay-opacity":"","overlay-gradient":""}}},"product_cat":[46],"product_tag":[],"class_list":["post-5499","product","type-product","status-publish","has-post-thumbnail","hentry","product_cat-eredeti-karaoke-dalok","desktop-align-left","tablet-align-left","mobile-align-left"],"_links":{"self":[{"href":"https:\/\/www.sunkaraoke.hu\/index.php\/wp-json\/wp\/v2\/product\/5499","targetHints":{"allow":["GET"]}}],"collection":[{"href":"https:\/\/www.sunkaraoke.hu\/index.php\/wp-json\/wp\/v2\/product"}],"about":[{"href":"https:\/\/www.sunkaraoke.hu\/index.php\/wp-json\/wp\/v2\/types\/product"}],"wp:featuredmedia":[{"embeddable":true,"href":"https:\/\/www.sunkaraoke.hu\/index.php\/wp-json\/wp\/v2\/media\/721"}],"wp:attachment":[{"href":"https:\/\/www.sunkaraoke.hu\/index.php\/wp-json\/wp\/v2\/media?parent=5499"}],"wp:term":[{"taxonomy":"product_cat","embeddable":true,"href":"https:\/\/www.sunkaraoke.hu\/index.php\/wp-json\/wp\/v2\/product_cat?post=5499"},{"taxonomy":"product_tag","embeddable":true,"href":"https:\/\/www.sunkaraoke.hu\/index.php\/wp-json\/wp\/v2\/product_tag?post=5499"}],"curies":[{"name":"wp","href":"https:\/\/api.w.org\/{rel}","templated":true}]}}