{"id":5403,"date":"2022-08-08T20:49:08","date_gmt":"2022-08-08T20:49:08","guid":{"rendered":"https:\/\/www.sunkaraoke.hu\/index.php\/termek\/piros-bela-piros-mulatos-mix-07\/"},"modified":"2026-04-18T07:27:30","modified_gmt":"2026-04-18T05:27:30","slug":"piros-bela-piros-mulatos-mix-07","status":"publish","type":"product","link":"https:\/\/www.sunkaraoke.hu\/index.php\/termek\/piros-bela-piros-mulatos-mix-07\/","title":{"rendered":"<div class=\"wcmp-player-container product-5403\"><audio controlslist=\"nodownload\" data-product=\"5403\"  volume=\"1\"  preload=\"none\" data-lazyloading=\"none\" class=\"wcmp-player track mejs-classic\" data-duration=\"0:31\" data-estimated_duration=\"4\"><source src=\"https:\/\/www.sunkaraoke.hu\/wp-content\/uploads\/2022\/08\/Piros-Bela-Mulatos-mix-07.-demooo.mp3\" type=\"audio\/mp3\" \/><\/audio><\/div>Piros B\u00e9la &#8211; Piros Mulat\u00f3s mix 07. (Original)"},"content":{"rendered":"<p><strong>11:10<\/strong> | <strong><img loading=\"lazy\" decoding=\"async\" class=\"alignnone size-full wp-image-467\" src=\"https:\/\/www.sunkaraoke.hu\/wp-content\/uploads\/2022\/07\/choir_2-copy.webp\" alt=\"\" width=\"30\" height=\"30\" \/> <\/strong><\/p>\n","protected":false},"excerpt":{"rendered":"<h6><strong>Bits\u0171r\u0171s\u00e9g: 320<\/strong>kb\/s<strong><br \/>\n<\/strong><strong>Hossz: <\/strong>11:10<strong><br \/>\n<\/strong><strong style=\"font-size: 16px;\">Vok\u00e1lt tartalmaz: <\/strong>Nem <img loading=\"lazy\" decoding=\"async\" class=\"alignnone size-full wp-image-467\" src=\"http:\/\/www.sunkaraoke.hu\/wp-content\/uploads\/2022\/07\/choir_2-copy.png\" alt=\"\" width=\"30\" height=\"30\" \/><strong style=\"font-size: 16px;\"><br \/>\n<\/strong><\/h6>\n<p>Sunkaraoke mp3 st\u00fadi\u00f3 \/ www.sunkaraoke.hu \/ Inf: Tel: 06 20 4275001<\/p>\n<p>&#8212;Intr\u00f3&#8212;<br \/>\nZsebkend\u0151m n\u00e9gy sarka sim\u00e1ra van vasalva.<br \/>\nMind a n\u00e9gy sark\u00e1ba a bab\u00e1m neve van varrva.<br \/>\nEgyik sz\u0151ke,a m\u00e1sik barna,a harmadik csudasz\u00e9p.<br \/>\nMeg\u00e1llj,te csudasz\u00e9p,majd eszedbe jutok m\u00e9g!<br \/>\nEgyik sz\u0151ke,a m\u00e1sik barna,a harmadik csudasz\u00e9p.<br \/>\nMeg\u00e1llj,te csudasz\u00e9p,majd eszedbe jutok m\u00e9g!<\/p>\n<p>Zsebkend\u0151m n\u00e9gy sarka sim\u00e1ra van vasalva.<br \/>\nMind a n\u00e9gy sark\u00e1ba a bab\u00e1m neve van varrva.<br \/>\nEgyik sz\u0151ke,a m\u00e1sik barna,a harmadik csudasz\u00e9p.<br \/>\nMeg\u00e1llj,te csudasz\u00e9p,majd eszedbe jutok m\u00e9g!<br \/>\nMajd eszedbe jutok,bab\u00e1m,de m\u00e1r akkor k\u00e9s\u0151 lesz,<br \/>\nMikor majd a sz\u00edvem nem a ti\u00e9d,a m\u00e1s\u00e9 lesz!<br \/>\n&#8212;Sz\u00f3l\u00f3&#8212;<br \/>\nAlma a fa alatt,ny\u00e1ri,piros alma,engem gyal\u00e1z a szeret\u0151m \u00e9desanyja.<br \/>\nEngem gyal\u00e1z,engem tesz a,vesz a sz\u00f3ra.Szeretem a l\u00e1ny\u00e1t,nem tehetek r\u00f3la.<br \/>\nEngem gyal\u00e1z,engem tesz a,vesz a sz\u00f3ra.Szeretem a l\u00e1ny\u00e1t,nem tehetek r\u00f3la.<\/p>\n<p>Aranyos B\u00f6zsik\u00e9m,fogsz te \u00e9rtem s\u00edrni,fogsz te \u00e9rtem gy\u00e1szos leveleket \u00edrni.<br \/>\nElb\u00facs\u00fazom t\u0151led egy vas\u00e1rnap este.Aranyos B\u00f6zsik\u00e9m,jutok m\u00e9g eszedbe.<br \/>\nElb\u00facs\u00fazom t\u0151led egy vas\u00e1rnap este.Aranyos B\u00f6zsik\u00e9m,jutok m\u00e9g eszedbe.<\/p>\n<p>Ez a kis barna l\u00e1ny,ha bemegy a boltba,megk\u00e9rdi,hogy van-e v\u0151leg\u00e9nybokr\u00e9ta?<br \/>\nA boltos \u00far,sej-haj,azt feleli n\u00e9ki:T\u00e1n a szeret\u0151je el akarja venni?<br \/>\nA boltos \u00far,sej-haj,azt feleli n\u00e9ki:T\u00e1n a szeret\u0151je el akarja venni?<br \/>\n&#8212;Sz\u00f3l\u00f3&#8212;<br \/>\nEsteledik a faluban,haza k\u00e9ne menni.<br \/>\nAtt\u00f3l f\u00e9lek,a leg\u00e9nyek el akarnak verni.<br \/>\nNe b\u00e1ntsatok,j\u00f3 pajt\u00e1sok,nem vagyok az oka,<br \/>\nszeretek egy barna kisl\u00e1nyt,nem hagyom el soha.<br \/>\nNe b\u00e1ntsatok,j\u00f3 pajt\u00e1sok,nem vagyok az oka,<br \/>\nszeretek egy barna kisl\u00e1nyt,nem hagyom el soha.<\/p>\n<p>Barna kisl\u00e1ny ablak\u00e1ban j\u00f3 est\u00e9t,j\u00f3 est\u00e9t!<br \/>\nSz\u00e1ll\u00e1st k\u00e9rni j\u00f6ttem hozz\u00e1d,ha beereszten\u00e9l.<br \/>\nMindenf\u00e9le csavarg\u00f3nak sz\u00e1ll\u00e1st nem adhatok.<br \/>\nNincs itthon az \u00e9desany\u00e1m,csak egyed\u00fcl vagyok.<br \/>\nMindenf\u00e9le csavarg\u00f3nak sz\u00e1ll\u00e1st nem adhatok.<br \/>\nNincs itthon az \u00e9desany\u00e1m,csak egyed\u00fcl vagyok.<\/p>\n<p>Nem az\u00e9rt a k\u00e9t szemed\u00e9rt t\u00e9ged beeresztlek,<br \/>\ncsipk\u00e9s sz\u00e9l\u0171 nyoszoly\u00e1ba sz\u00e9pen lefektetlek.<br \/>\nCsipk\u00e9s sz\u00e9l\u0171 nyoszoly\u00e1ban sz\u00e9pen betakarlak.<br \/>\nK\u00e9t karommal \u00e1t\u00f6lellek,reggelig cs\u00f3kollak.<br \/>\nCsipk\u00e9s sz\u00e9l\u0171 nyoszoly\u00e1ban sz\u00e9pen betakarlak.<br \/>\nK\u00e9t karommal \u00e1t\u00f6lellek,reggelig cs\u00f3kollak.<br \/>\n&#8212;Sz\u00f3l\u00f3&#8212;-<br \/>\nDomboldalon \u00e1ll egy \u00f6reg ny\u00e1rfa,ny\u00e1rfa alatt \u00e9desany\u00e1m h\u00e1za.<br \/>\n\u00c9desany\u00e1m feh\u00e9r fejkend\u0151ben cip\u00f3t dagaszt ny\u00e1rfateken\u0151ben.<br \/>\n\u00c9desany\u00e1m feh\u00e9r fejkend\u0151ben cip\u00f3t dagaszt ny\u00e1rfateken\u0151ben.<\/p>\n<p>\u00c9desany\u00e1m,de messzire mentem,feh\u00e9r cip\u00f3t,jaj,de r\u00e9gen ettem.<br \/>\nA b\u00faz\u00e1ban de r\u00e9g v\u00e1gtam rendet,Isten tudja,l\u00e1tom-e m\u00e9g kendet?<br \/>\nA b\u00faz\u00e1ban de r\u00e9g v\u00e1gtam rendet,Isten tudja,l\u00e1tom-e m\u00e9g kendet.<br \/>\n&#8212;Sz\u00f3l\u00f3&#8212;<br \/>\nR\u00e9ten r\u00e9ten,kinn a faluv\u00e9gi r\u00e9ten elvesztettem a zsebbe val\u00f3 k\u00e9sem.<br \/>\nK\u00e9sem ut\u00e1n a karikagy\u0171r\u0171met,azt sajn\u00e1lom,nem a r\u00e9gi szeret\u0151met.<br \/>\nK\u00e9sem ut\u00e1n a karikagy\u0171r\u0171met,azt sajn\u00e1lom,nem a r\u00e9gi szeret\u0151met.<\/p>\n<p>Este,este,sej,este akar lenni,ez a kisl\u00e1ny haza akar menni.<br \/>\nHazamenne,de nincs kis\u00e9r\u0151je,elk\u00eds\u00e9rem,leszek \u00e9n a szeret\u0151je.<br \/>\nHazamenne,de nincs kis\u00e9r\u0151je,elk\u00eds\u00e9rem,leszek \u00e9n a szeret\u0151je.<\/p>\n<p>Este,este,sej,este akar lenni,ez a kisl\u00e1ny nem tud elaludni.<br \/>\nAludj,bab\u00e1m,nem j\u00e1rok m\u00e1r hozz\u00e1d,legyal\u00e1zott m\u00e1r az eg\u00e9sz vil\u00e1g.<br \/>\nAludj,bab\u00e1m,nem j\u00e1rok m\u00e1r hozz\u00e1d,legyal\u00e1zott m\u00e1r az eg\u00e9sz vil\u00e1g.<br \/>\n&#8212;Sz\u00f3l\u00f3&#8212;<br \/>\nMinek a sz\u0151ke \u00e9nnekem,mikor a barn\u00e1t szeretem?<br \/>\nNeki a F\u00f6ld\u00f6n p\u00e1rja nincs,de m\u00e9g a mennyorsz\u00e1gban sincs.<br \/>\nEszem a szemed mindenit,ne n\u00e9zz re\u00e1m,mert megvak\u00edt!<br \/>\nHa pici sz\u00e1dat cs\u00f3kolom,az \u00e9gbe sz\u00e1llok,angyalom.<br \/>\nEszem a szemed mindenit,ne n\u00e9zz re\u00e1m,mert megvak\u00edt!<br \/>\nHa pici sz\u00e1dat cs\u00f3kolom,az \u00e9gbe sz\u00e1llok,angyalom.<\/p>\n<p>Tavasszal nyit az ibolya,k\u00e9s\u0151n hervad el a r\u00f3zsa.<br \/>\nNem hervad el a barna l\u00e1ny,nem hervad el ilyen kor\u00e1n.<br \/>\nNe mondj\u00e1k,hogy a sz\u0151ke sz\u00e9p!Tagadom azt \u00e9n mindenk\u00e9pp,<br \/>\nMert a barn\u00e1nak p\u00e1rja nincs,de m\u00e9g a mennyorsz\u00e1gban sincs.<br \/>\nNe mondj\u00e1k,hogy a sz\u0151ke sz\u00e9p!Tagadom azt \u00e9n mindenk\u00e9pp,<br \/>\nMert a barn\u00e1nak p\u00e1rja nincs,de m\u00e9g a mennyorsz\u00e1gban sincs.<br \/>\nDe m\u00e9g a mennyorsz\u00e1gban sincs.<br \/>\n&#8212;V\u00e9ge&#8212;<\/p>\n","protected":false},"featured_media":12989,"template":"","meta":{"site-sidebar-layout":"default","site-content-layout":"default","ast-site-content-layout":"default","site-content-style":"default","site-sidebar-style":"default","ast-global-header-display":"","ast-banner-title-visibility":"","ast-main-header-display":"","ast-hfb-above-header-display":"","ast-hfb-below-header-display":"","ast-hfb-mobile-header-display":"","site-post-title":"","ast-breadcrumbs-content":"","ast-featured-img":"","footer-sml-layout":"","theme-transparent-header-meta":"default","adv-header-id-meta":"","stick-header-meta":"","header-above-stick-meta":"","header-main-stick-meta":"","header-below-stick-meta":"","astra-migrate-meta-layouts":"set","ast-page-background-enabled":"default","ast-page-background-meta":{"desktop":{"background-color":"var(--ast-global-color-4)","background-image":"","background-repeat":"repeat","background-position":"center center","background-size":"auto","background-attachment":"scroll","background-type":"","background-media":"","overlay-type":"","overlay-color":"","overlay-opacity":"","overlay-gradient":""},"tablet":{"background-color":"","background-image":"","background-repeat":"repeat","background-position":"center center","background-size":"auto","background-attachment":"scroll","background-type":"","background-media":"","overlay-type":"","overlay-color":"","overlay-opacity":"","overlay-gradient":""},"mobile":{"background-color":"","background-image":"","background-repeat":"repeat","background-position":"center center","background-size":"auto","background-attachment":"scroll","background-type":"","background-media":"","overlay-type":"","overlay-color":"","overlay-opacity":"","overlay-gradient":""}},"ast-content-background-meta":{"desktop":{"background-color":"var(--ast-global-color-5)","background-image":"","background-repeat":"repeat","background-position":"center center","background-size":"auto","background-attachment":"scroll","background-type":"","background-media":"","overlay-type":"","overlay-color":"","overlay-opacity":"","overlay-gradient":""},"tablet":{"background-color":"var(--ast-global-color-5)","background-image":"","background-repeat":"repeat","background-position":"center center","background-size":"auto","background-attachment":"scroll","background-type":"","background-media":"","overlay-type":"","overlay-color":"","overlay-opacity":"","overlay-gradient":""},"mobile":{"background-color":"var(--ast-global-color-5)","background-image":"","background-repeat":"repeat","background-position":"center center","background-size":"auto","background-attachment":"scroll","background-type":"","background-media":"","overlay-type":"","overlay-color":"","overlay-opacity":"","overlay-gradient":""}}},"product_cat":[48],"product_tag":[],"class_list":["post-5403","product","type-product","status-publish","has-post-thumbnail","hentry","product_cat-sunkaraoke-dalok","desktop-align-left","tablet-align-left","mobile-align-left"],"_links":{"self":[{"href":"https:\/\/www.sunkaraoke.hu\/index.php\/wp-json\/wp\/v2\/product\/5403","targetHints":{"allow":["GET"]}}],"collection":[{"href":"https:\/\/www.sunkaraoke.hu\/index.php\/wp-json\/wp\/v2\/product"}],"about":[{"href":"https:\/\/www.sunkaraoke.hu\/index.php\/wp-json\/wp\/v2\/types\/product"}],"wp:featuredmedia":[{"embeddable":true,"href":"https:\/\/www.sunkaraoke.hu\/index.php\/wp-json\/wp\/v2\/media\/12989"}],"wp:attachment":[{"href":"https:\/\/www.sunkaraoke.hu\/index.php\/wp-json\/wp\/v2\/media?parent=5403"}],"wp:term":[{"taxonomy":"product_cat","embeddable":true,"href":"https:\/\/www.sunkaraoke.hu\/index.php\/wp-json\/wp\/v2\/product_cat?post=5403"},{"taxonomy":"product_tag","embeddable":true,"href":"https:\/\/www.sunkaraoke.hu\/index.php\/wp-json\/wp\/v2\/product_tag?post=5403"}],"curies":[{"name":"wp","href":"https:\/\/api.w.org\/{rel}","templated":true}]}}

<div class="wcmp-player-container product-5403"><audio controlslist="nodownload" data-product="5403"  volume="1"  preload="none" data-lazyloading="none" class="wcmp-player track mejs-classic" data-duration="0:31" data-estimated_duration="4"><source src="https://www.sunkaraoke.hu/wp-content/uploads/2022/08/Piros-Bela-Mulatos-mix-07.-demooo.mp3" type="audio/mp3" /></audio></div>Piros Béla &#8211; Piros Mulatós mix 07. (Original)

<h6><strong>Bitsűrűség: 320</strong>kb/s<strong><br />
</strong><strong>Hossz: </strong>11:10<strong><br />
</strong><strong style="font-size: 16px;">Vokált tartalmaz: </strong>Nem <img loading="lazy" decoding="async" class="alignnone size-full wp-image-467" src="http://www.sunkaraoke.hu/wp-content/uploads/2022/07/choir_2-copy.png" alt="" width="30" height="30" /><strong style="font-size: 16px;"><br />
</strong></h6>
<p>Sunkaraoke mp3 stúdió / www.sunkaraoke.hu / Inf: Tel: 06 20 4275001</p>
<p>&#8212;Intró&#8212;<br />
Zsebkendőm négy sarka simára van vasalva.<br />
Mind a négy sarkába a babám neve van varrva.<br />
Egyik szőke,a másik barna,a harmadik csudaszép.<br />
Megállj,te csudaszép,majd eszedbe jutok még!<br />
Egyik szőke,a másik barna,a harmadik csudaszép.<br />
Megállj,te csudaszép,majd eszedbe jutok még!</p>
<p>Zsebkendőm négy sarka simára van vasalva.<br />
Mind a négy sarkába a babám neve van varrva.<br />
Egyik szőke,a másik barna,a harmadik csudaszép.<br />
Megállj,te csudaszép,majd eszedbe jutok még!<br />
Majd eszedbe jutok,babám,de már akkor késő lesz,<br />
Mikor majd a szívem nem a tiéd,a másé lesz!<br />
&#8212;Szóló&#8212;<br />
Alma a fa alatt,nyári,piros alma,engem gyaláz a szeretőm édesanyja.<br />
Engem gyaláz,engem tesz a,vesz a szóra.Szeretem a lányát,nem tehetek róla.<br />
Engem gyaláz,engem tesz a,vesz a szóra.Szeretem a lányát,nem tehetek róla.</p>
<p>Aranyos Bözsikém,fogsz te értem sírni,fogsz te értem gyászos leveleket írni.<br />
Elbúcsúzom tőled egy vasárnap este.Aranyos Bözsikém,jutok még eszedbe.<br />
Elbúcsúzom tőled egy vasárnap este.Aranyos Bözsikém,jutok még eszedbe.</p>
<p>Ez a kis barna lány,ha bemegy a boltba,megkérdi,hogy van-e vőlegénybokréta?<br />
A boltos úr,sej-haj,azt feleli néki:Tán a szeretője el akarja venni?<br />
A boltos úr,sej-haj,azt feleli néki:Tán a szeretője el akarja venni?<br />
&#8212;Szóló&#8212;<br />
Esteledik a faluban,haza kéne menni.<br />
Attól félek,a legények el akarnak verni.<br />
Ne bántsatok,jó pajtások,nem vagyok az oka,<br />
szeretek egy barna kislányt,nem hagyom el soha.<br />
Ne bántsatok,jó pajtások,nem vagyok az oka,<br />
szeretek egy barna kislányt,nem hagyom el soha.</p>
<p>Barna kislány ablakában jó estét,jó estét!<br />
Szállást kérni jöttem hozzád,ha beeresztenél.<br />
Mindenféle csavargónak szállást nem adhatok.<br />
Nincs itthon az édesanyám,csak egyedül vagyok.<br />
Mindenféle csavargónak szállást nem adhatok.<br />
Nincs itthon az édesanyám,csak egyedül vagyok.</p>
<p>Nem azért a két szemedért téged beeresztlek,<br />
csipkés szélű nyoszolyába szépen lefektetlek.<br />
Csipkés szélű nyoszolyában szépen betakarlak.<br />
Két karommal átölellek,reggelig csókollak.<br />
Csipkés szélű nyoszolyában szépen betakarlak.<br />
Két karommal átölellek,reggelig csókollak.<br />
&#8212;Szóló&#8212;-<br />
Domboldalon áll egy öreg nyárfa,nyárfa alatt édesanyám háza.<br />
Édesanyám fehér fejkendőben cipót dagaszt nyárfatekenőben.<br />
Édesanyám fehér fejkendőben cipót dagaszt nyárfatekenőben.</p>
<p>Édesanyám,de messzire mentem,fehér cipót,jaj,de régen ettem.<br />
A búzában de rég vágtam rendet,Isten tudja,látom-e még kendet?<br />
A búzában de rég vágtam rendet,Isten tudja,látom-e még kendet.<br />
&#8212;Szóló&#8212;<br />
Réten réten,kinn a faluvégi réten elvesztettem a zsebbe való késem.<br />
Késem után a karikagyűrűmet,azt sajnálom,nem a régi szeretőmet.<br />
Késem után a karikagyűrűmet,azt sajnálom,nem a régi szeretőmet.</p>
<p>Este,este,sej,este akar lenni,ez a kislány haza akar menni.<br />
Hazamenne,de nincs kisérője,elkísérem,leszek én a szeretője.<br />
Hazamenne,de nincs kisérője,elkísérem,leszek én a szeretője.</p>
<p>Este,este,sej,este akar lenni,ez a kislány nem tud elaludni.<br />
Aludj,babám,nem járok már hozzád,legyalázott már az egész világ.<br />
Aludj,babám,nem járok már hozzád,legyalázott már az egész világ.<br />
&#8212;Szóló&#8212;<br />
Minek a szőke énnekem,mikor a barnát szeretem?<br />
Neki a Földön párja nincs,de még a mennyországban sincs.<br />
Eszem a szemed mindenit,ne nézz reám,mert megvakít!<br />
Ha pici szádat csókolom,az égbe szállok,angyalom.<br />
Eszem a szemed mindenit,ne nézz reám,mert megvakít!<br />
Ha pici szádat csókolom,az égbe szállok,angyalom.</p>
<p>Tavasszal nyit az ibolya,későn hervad el a rózsa.<br />
Nem hervad el a barna lány,nem hervad el ilyen korán.<br />
Ne mondják,hogy a szőke szép!Tagadom azt én mindenképp,<br />
Mert a barnának párja nincs,de még a mennyországban sincs.<br />
Ne mondják,hogy a szőke szép!Tagadom azt én mindenképp,<br />
Mert a barnának párja nincs,de még a mennyországban sincs.<br />
De még a mennyországban sincs.<br />
&#8212;Vége&#8212;</p>
