{"id":5384,"date":"2022-08-08T20:49:05","date_gmt":"2022-08-08T20:49:05","guid":{"rendered":"https:\/\/www.sunkaraoke.hu\/index.php\/termek\/ruzsa-magdolna-legzes\/"},"modified":"2025-09-28T07:37:04","modified_gmt":"2025-09-28T05:37:04","slug":"ruzsa-magdolna-legzes","status":"publish","type":"product","link":"https:\/\/www.sunkaraoke.hu\/index.php\/termek\/ruzsa-magdolna-legzes\/","title":{"rendered":"<div class=\"wcmp-player-container product-5384\"><audio controlslist=\"nodownload\" data-product=\"5384\"  volume=\"1\"  preload=\"none\" data-lazyloading=\"none\" class=\"wcmp-player track mejs-classic\" data-duration=\"0:33\" data-estimated_duration=\"4\"><source src=\"https:\/\/www.sunkaraoke.hu\/wp-content\/uploads\/2022\/08\/Legzes-Orig-Ruzsa.-SBdemo.mp3\" type=\"audio\/mp3\" \/><\/audio><\/div>R\u00fazsa Magdi &#8211; L\u00e9gz\u00e9s (Original)"},"content":{"rendered":"<p><strong>03:08<\/strong> | <strong><img loading=\"lazy\" decoding=\"async\" class=\"alignnone size-full wp-image-467\" src=\"https:\/\/www.sunkaraoke.hu\/wp-content\/uploads\/2022\/07\/choir_2-copy.webp\" alt=\"\" width=\"30\" height=\"30\" \/> <\/strong><\/p>\n","protected":false},"excerpt":{"rendered":"<h6><strong>Bits\u0171r\u0171s\u00e9g: 320<\/strong>kb\/s<strong><br \/>\n<\/strong><strong>Hossz: <\/strong>03:08<strong><br \/>\n<\/strong><strong style=\"font-size: 16px;\">Vok\u00e1lt tartalmaz: <\/strong>Nem <img loading=\"lazy\" decoding=\"async\" class=\"alignnone size-full wp-image-467\" src=\"http:\/\/www.sunkaraoke.hu\/wp-content\/uploads\/2022\/07\/choir_2-copy.png\" alt=\"\" width=\"30\" height=\"30\" \/><strong style=\"font-size: 16px;\"><br \/>\n<\/strong><\/h6>\n<p>Sunkaraoke mp3 st\u00fadi\u00f3 \/ www.sunkaraoke.hu \/ Inf: Tel: 06 20 4275001<\/p>\n<p>&#8212;Intr\u00f3&#8212;<br \/>\nVetk\u0151z\u00e9s random ,ruh\u00e1k a parton,<br \/>\nkezed a sz\u00e1mon, hajadban m\u00e1mor,<br \/>\ntest a testben,hull\u00e1mzik csendben,<br \/>\nismer\u0151s illat, holnapig itt vagy.<\/p>\n<p>Ez az \u00e9rz\u00e9s, mint a l\u00e9gz\u00e9s,<br \/>\naz \u00e9g \u00f6l\u00e9ben holdvil\u00e1g,<br \/>\nmi meg csendben, itt a mennyben,<br \/>\nf\u00fcrt\u00f6s angyal trombit\u00e1l.<\/p>\n<p>Nekem minden porcik\u00e1m,<br \/>\nveled egy ritmusra j\u00e1r,<br \/>\nveled \u00e1tutazn\u00e9k,minden \u00e1ldott f\u00f6ldi \u00e9jszak\u00e1t.<br \/>\nNekem minden porcik\u00e1m,<br \/>\nveled egy ritmusra j\u00e1r,<br \/>\nveled egy ritmusra j\u00e1r.<\/p>\n<p>Besz\u00edvlak m\u00e9lyen, kif\u00fajlak lassan,<br \/>\n\u00e9des m\u00e9rged, v\u00e9remben \u00e9bred.<br \/>\nVonagl\u00f3 sz\u00edvem, torkomban \u00e9rzem,<br \/>\nt\u00f3 viz\u00e9n vir\u00e1g, mi\u00e9nk a vil\u00e1g.<\/p>\n<p>Ez az \u00e9rz\u00e9s, mint a l\u00e9gz\u00e9s,<br \/>\naz \u00e9g \u00f6l\u00e9ben holdvil\u00e1g,<br \/>\nmi meg csendben,itt a mennyben,<br \/>\nf\u00fcrt\u00f6s angyal trombit\u00e1l.<\/p>\n<p>Nekem minden porcik\u00e1m,<br \/>\nveled egy ritmusra j\u00e1r,<br \/>\nveled \u00e1tutazn\u00e9k,minden \u00e1ldott f\u00f6ldi \u00e9jszak\u00e1t.<br \/>\nNekem minden porcik\u00e1m,<br \/>\nveled egy ritmusra j\u00e1r.<br \/>\nA mindens\u00e9g tavasz\u00e1n&#8230;<br \/>\nA mindens\u00e9g tavasz\u00e1n&#8230;<br \/>\nA mindens\u00e9g tavasz\u00e1n..<\/p>\n<p>Ez az \u00e9rz\u00e9s, mint a l\u00e9gz\u00e9s,<br \/>\naz \u00e9g \u00f6l\u00e9ben holdvil\u00e1g,<br \/>\nmi meg csendben, itt a mennyben,<br \/>\nf\u00fcrt\u00f6s angyal trombit\u00e1l.<\/p>\n<p>Nekem minden porcik\u00e1m,<br \/>\nveled egy ritmusra j\u00e1r,<br \/>\nveled \u00e1tutazn\u00e9k,minden \u00e1ldott f\u00f6ldi \u00e9jszak\u00e1t,<br \/>\nNekem minden porcik\u00e1m,<br \/>\nveled egy ritmusra j\u00e1r,<br \/>\nveled egy ritmusra j\u00e1r.<br \/>\n&#8212;V\u00e9ge&#8212;<\/p>\n","protected":false},"featured_media":8717,"template":"","meta":{"site-sidebar-layout":"default","site-content-layout":"default","ast-site-content-layout":"default","site-content-style":"default","site-sidebar-style":"default","ast-global-header-display":"","ast-banner-title-visibility":"","ast-main-header-display":"","ast-hfb-above-header-display":"","ast-hfb-below-header-display":"","ast-hfb-mobile-header-display":"","site-post-title":"","ast-breadcrumbs-content":"","ast-featured-img":"","footer-sml-layout":"","theme-transparent-header-meta":"default","adv-header-id-meta":"","stick-header-meta":"","header-above-stick-meta":"","header-main-stick-meta":"","header-below-stick-meta":"","astra-migrate-meta-layouts":"set","ast-page-background-enabled":"default","ast-page-background-meta":{"desktop":{"background-color":"var(--ast-global-color-4)","background-image":"","background-repeat":"repeat","background-position":"center center","background-size":"auto","background-attachment":"scroll","background-type":"","background-media":"","overlay-type":"","overlay-color":"","overlay-opacity":"","overlay-gradient":""},"tablet":{"background-color":"","background-image":"","background-repeat":"repeat","background-position":"center center","background-size":"auto","background-attachment":"scroll","background-type":"","background-media":"","overlay-type":"","overlay-color":"","overlay-opacity":"","overlay-gradient":""},"mobile":{"background-color":"","background-image":"","background-repeat":"repeat","background-position":"center center","background-size":"auto","background-attachment":"scroll","background-type":"","background-media":"","overlay-type":"","overlay-color":"","overlay-opacity":"","overlay-gradient":""}},"ast-content-background-meta":{"desktop":{"background-color":"var(--ast-global-color-5)","background-image":"","background-repeat":"repeat","background-position":"center center","background-size":"auto","background-attachment":"scroll","background-type":"","background-media":"","overlay-type":"","overlay-color":"","overlay-opacity":"","overlay-gradient":""},"tablet":{"background-color":"var(--ast-global-color-5)","background-image":"","background-repeat":"repeat","background-position":"center center","background-size":"auto","background-attachment":"scroll","background-type":"","background-media":"","overlay-type":"","overlay-color":"","overlay-opacity":"","overlay-gradient":""},"mobile":{"background-color":"var(--ast-global-color-5)","background-image":"","background-repeat":"repeat","background-position":"center center","background-size":"auto","background-attachment":"scroll","background-type":"","background-media":"","overlay-type":"","overlay-color":"","overlay-opacity":"","overlay-gradient":""}}},"product_cat":[48],"product_tag":[],"class_list":["post-5384","product","type-product","status-publish","has-post-thumbnail","hentry","product_cat-sunkaraoke-dalok","desktop-align-left","tablet-align-left","mobile-align-left"],"_links":{"self":[{"href":"https:\/\/www.sunkaraoke.hu\/index.php\/wp-json\/wp\/v2\/product\/5384","targetHints":{"allow":["GET"]}}],"collection":[{"href":"https:\/\/www.sunkaraoke.hu\/index.php\/wp-json\/wp\/v2\/product"}],"about":[{"href":"https:\/\/www.sunkaraoke.hu\/index.php\/wp-json\/wp\/v2\/types\/product"}],"wp:featuredmedia":[{"embeddable":true,"href":"https:\/\/www.sunkaraoke.hu\/index.php\/wp-json\/wp\/v2\/media\/8717"}],"wp:attachment":[{"href":"https:\/\/www.sunkaraoke.hu\/index.php\/wp-json\/wp\/v2\/media?parent=5384"}],"wp:term":[{"taxonomy":"product_cat","embeddable":true,"href":"https:\/\/www.sunkaraoke.hu\/index.php\/wp-json\/wp\/v2\/product_cat?post=5384"},{"taxonomy":"product_tag","embeddable":true,"href":"https:\/\/www.sunkaraoke.hu\/index.php\/wp-json\/wp\/v2\/product_tag?post=5384"}],"curies":[{"name":"wp","href":"https:\/\/api.w.org\/{rel}","templated":true}]}}