{"id":5377,"date":"2022-08-08T20:49:05","date_gmt":"2022-08-08T20:49:05","guid":{"rendered":"https:\/\/www.sunkaraoke.hu\/index.php\/termek\/orokzold-szerenad-2018\/"},"modified":"2026-04-18T07:27:30","modified_gmt":"2026-04-18T05:27:30","slug":"orokzold-szerenad-2018","status":"publish","type":"product","link":"https:\/\/www.sunkaraoke.hu\/index.php\/termek\/orokzold-szerenad-2018\/","title":{"rendered":"<div class=\"wcmp-player-container product-5377\"><audio controlslist=\"nodownload\" data-product=\"5377\"  volume=\"1\"  preload=\"none\" data-lazyloading=\"none\" class=\"wcmp-player track mejs-classic\" data-duration=\"0:33\" data-estimated_duration=\"4\"><source src=\"https:\/\/www.sunkaraoke.hu\/wp-content\/uploads\/2022\/08\/Szerenad-lassu-2018.-PB.-demooo.mp3\" type=\"audio\/mp3\" \/><\/audio><\/div>\u00d6r\u00f6kz\u00f6ld &#8211; Szeren\u00e1d (Original)"},"content":{"rendered":"<p><strong>04:59<\/strong> | <strong><img loading=\"lazy\" decoding=\"async\" class=\"alignnone size-full wp-image-467\" src=\"https:\/\/www.sunkaraoke.hu\/wp-content\/uploads\/2022\/07\/choir_2-copy.webp\" alt=\"\" width=\"30\" height=\"30\" \/> <\/strong><\/p>\n","protected":false},"excerpt":{"rendered":"<h6><strong>Bits\u0171r\u0171s\u00e9g: 320<\/strong>kb\/s<strong><br \/>\n<\/strong><strong>Hossz: <\/strong>04:59<strong><br \/>\n<\/strong><strong style=\"font-size: 16px;\">Vok\u00e1lt tartalmaz: <\/strong>Nem <img loading=\"lazy\" decoding=\"async\" class=\"alignnone size-full wp-image-467\" src=\"http:\/\/www.sunkaraoke.hu\/wp-content\/uploads\/2022\/07\/choir_2-copy.png\" alt=\"\" width=\"30\" height=\"30\" \/><strong style=\"font-size: 16px;\"><br \/>\n<\/strong><\/h6>\n<p>Sunkaraoke mp3 st\u00fadi\u00f3 \/ www.sunkaraoke.hu \/ Inf: Tel: 06 20 4275001<\/p>\n<p>&#8212;Intr\u00f3&#8211;<br \/>\nVan egy n\u00f3ta,nem dalolja senki,<br \/>\nelfelejtett, kopott kis reg\u00e9ny.<br \/>\nBarna kisl\u00e1ny fekete szem\u00e9be<br \/>\nszerelmes lett egy sz\u0151ke leg\u00e9ny.<br \/>\nNy\u00e1ri este h\u00edvja halkan, csendben<br \/>\negy musk\u00e1tlis kis ablak alatt.<br \/>\nS\u00edrt a leg\u00e9ny, zokogott a lelke,<br \/>\nkacagott a kisl\u00e1ny ezalatt.<br \/>\nSz\u00e1llj, sz\u00e1llj, szeren\u00e1d,<br \/>\negy holdvil\u00e1gos \u00e9jen \u00e1t!<br \/>\nBarna kisl\u00e1ny azt dalolja,<br \/>\nablak\u00e1ban nem sz\u00f3l t\u00f6bb\u00e9 szeren\u00e1d.<br \/>\n&#8212;Sz\u00f3l\u00f3&#8212;<br \/>\nHalk roppan\u00e1s, eln\u00e9mult a n\u00f3ta,<br \/>\ndarabokra t\u00f6rt a heged\u0171,<br \/>\n\u0151 az\u00f3ta a vil\u00e1got j\u00e1rja,<br \/>\nkez\u00e9ben a t\u00f6r\u00f6tt heged\u0171.<br \/>\nOdaj\u00e1r \u0151 minden \u00e1ldott este,<br \/>\nhov\u00e1 sz\u00edve v\u00e1gya kergeti,<br \/>\n\u00e9s amikor nem l\u00e1tja \u0151t senki,<br \/>\nezt a kis dalt \u00e9nekelgeti.<br \/>\nSz\u00e1llj, sz\u00e1llj, szeren\u00e1d,<br \/>\negy holdvil\u00e1gos \u00e9jen \u00e1t!<br \/>\nBarna kisl\u00e1ny azt dalolja,<br \/>\nablak\u00e1ban nem sz\u00f3l t\u00f6bb\u00e9 szeren\u00e1d.<br \/>\n&#8212;-Sz\u00f3l\u00f3&#8212;-<br \/>\nSz\u00e1llj, sz\u00e1llj, szeren\u00e1d, egy holdvil\u00e1gos \u00e9jen \u00e1t!<br \/>\nBarna kisl\u00e1ny azt dalolja,<br \/>\nablak\u00e1ban nem sz\u00f3l t\u00f6bb\u00e9 szeren\u00e1d.<br \/>\nSz\u00e1llj, sz\u00e1llj, szeren\u00e1d,<br \/>\negy holdvil\u00e1gos \u00e9jen \u00e1t!<br \/>\nBarna kisl\u00e1ny azt dalolja,<br \/>\nablak\u00e1ban nem sz\u00f3l t\u00f6bb\u00e9 szeren\u00e1d.<br \/>\n&#8212;V\u00e9ge&#8212;<\/p>\n","protected":false},"featured_media":18327,"template":"","meta":{"site-sidebar-layout":"default","site-content-layout":"default","ast-site-content-layout":"default","site-content-style":"default","site-sidebar-style":"default","ast-global-header-display":"","ast-banner-title-visibility":"","ast-main-header-display":"","ast-hfb-above-header-display":"","ast-hfb-below-header-display":"","ast-hfb-mobile-header-display":"","site-post-title":"","ast-breadcrumbs-content":"","ast-featured-img":"","footer-sml-layout":"","theme-transparent-header-meta":"default","adv-header-id-meta":"","stick-header-meta":"","header-above-stick-meta":"","header-main-stick-meta":"","header-below-stick-meta":"","astra-migrate-meta-layouts":"set","ast-page-background-enabled":"default","ast-page-background-meta":{"desktop":{"background-color":"var(--ast-global-color-4)","background-image":"","background-repeat":"repeat","background-position":"center center","background-size":"auto","background-attachment":"scroll","background-type":"","background-media":"","overlay-type":"","overlay-color":"","overlay-opacity":"","overlay-gradient":""},"tablet":{"background-color":"","background-image":"","background-repeat":"repeat","background-position":"center center","background-size":"auto","background-attachment":"scroll","background-type":"","background-media":"","overlay-type":"","overlay-color":"","overlay-opacity":"","overlay-gradient":""},"mobile":{"background-color":"","background-image":"","background-repeat":"repeat","background-position":"center center","background-size":"auto","background-attachment":"scroll","background-type":"","background-media":"","overlay-type":"","overlay-color":"","overlay-opacity":"","overlay-gradient":""}},"ast-content-background-meta":{"desktop":{"background-color":"var(--ast-global-color-5)","background-image":"","background-repeat":"repeat","background-position":"center center","background-size":"auto","background-attachment":"scroll","background-type":"","background-media":"","overlay-type":"","overlay-color":"","overlay-opacity":"","overlay-gradient":""},"tablet":{"background-color":"var(--ast-global-color-5)","background-image":"","background-repeat":"repeat","background-position":"center center","background-size":"auto","background-attachment":"scroll","background-type":"","background-media":"","overlay-type":"","overlay-color":"","overlay-opacity":"","overlay-gradient":""},"mobile":{"background-color":"var(--ast-global-color-5)","background-image":"","background-repeat":"repeat","background-position":"center center","background-size":"auto","background-attachment":"scroll","background-type":"","background-media":"","overlay-type":"","overlay-color":"","overlay-opacity":"","overlay-gradient":""}}},"product_cat":[48],"product_tag":[],"class_list":["post-5377","product","type-product","status-publish","has-post-thumbnail","hentry","product_cat-sunkaraoke-dalok","desktop-align-left","tablet-align-left","mobile-align-left"],"_links":{"self":[{"href":"https:\/\/www.sunkaraoke.hu\/index.php\/wp-json\/wp\/v2\/product\/5377","targetHints":{"allow":["GET"]}}],"collection":[{"href":"https:\/\/www.sunkaraoke.hu\/index.php\/wp-json\/wp\/v2\/product"}],"about":[{"href":"https:\/\/www.sunkaraoke.hu\/index.php\/wp-json\/wp\/v2\/types\/product"}],"wp:featuredmedia":[{"embeddable":true,"href":"https:\/\/www.sunkaraoke.hu\/index.php\/wp-json\/wp\/v2\/media\/18327"}],"wp:attachment":[{"href":"https:\/\/www.sunkaraoke.hu\/index.php\/wp-json\/wp\/v2\/media?parent=5377"}],"wp:term":[{"taxonomy":"product_cat","embeddable":true,"href":"https:\/\/www.sunkaraoke.hu\/index.php\/wp-json\/wp\/v2\/product_cat?post=5377"},{"taxonomy":"product_tag","embeddable":true,"href":"https:\/\/www.sunkaraoke.hu\/index.php\/wp-json\/wp\/v2\/product_tag?post=5377"}],"curies":[{"name":"wp","href":"https:\/\/api.w.org\/{rel}","templated":true}]}}