{"id":5358,"date":"2022-08-08T20:49:03","date_gmt":"2022-08-08T20:49:03","guid":{"rendered":"https:\/\/www.sunkaraoke.hu\/index.php\/termek\/farao-tuzvarazslo-2018-remix\/"},"modified":"2025-08-03T07:44:55","modified_gmt":"2025-08-03T05:44:55","slug":"farao-tuzvarazslo-2018-remix","status":"publish","type":"product","link":"https:\/\/www.sunkaraoke.hu\/index.php\/termek\/farao-tuzvarazslo-2018-remix\/","title":{"rendered":"<div class=\"wcmp-player-container product-5358\"><audio controlslist=\"nodownload\" data-product=\"5358\"  volume=\"1\"  preload=\"none\" data-lazyloading=\"none\" class=\"wcmp-player track mejs-classic\" data-duration=\"0:34\" data-estimated_duration=\"4\"><source src=\"https:\/\/www.sunkaraoke.hu\/wp-content\/uploads\/2022\/08\/Tuzvarazslo-2018.-Farao-Remix.-SB.-kdemoo.mp3\" type=\"audio\/mp3\" \/><\/audio><\/div>F\u00e1ra\u00f3 &#8211; T\u0171zvar\u00e1zsl\u00f3 (Original SB. Edition)"},"content":{"rendered":"<p><strong>03:19<\/strong> | <strong><img loading=\"lazy\" decoding=\"async\" class=\"alignnone size-full wp-image-467\" src=\"https:\/\/www.sunkaraoke.hu\/wp-content\/uploads\/2022\/07\/choir_2-copy.webp\" alt=\"\" width=\"30\" height=\"30\" \/> <\/strong><\/p>\n","protected":false},"excerpt":{"rendered":"<h6><strong>Bits\u0171r\u0171s\u00e9g: 320<\/strong>kb\/s<strong><br \/>\n<\/strong><strong>Hossz: <\/strong>03:19<strong><br \/>\n<\/strong><strong style=\"font-size: 16px;\">Vok\u00e1lt tartalmaz: <\/strong>Nem <img loading=\"lazy\" decoding=\"async\" class=\"alignnone size-full wp-image-467\" src=\"http:\/\/www.sunkaraoke.hu\/wp-content\/uploads\/2022\/07\/choir_2-copy.png\" alt=\"\" width=\"30\" height=\"30\" \/><strong style=\"font-size: 16px;\"><br \/>\n<\/strong><\/h6>\n<p>Sunkaraoke mp3 st\u00fadi\u00f3 \/ www.sunkaraoke.hu \/ Inf: Tel: 06 20 4275001<\/p>\n<p>&#8212;Intr\u00f3&#8212;<br \/>\nAkkor m\u00e9g,olyan volt nekem,<br \/>\nmint b\u00e1rki m\u00e1s.<br \/>\nNem t\u0171nt fel sosem,az a l\u00e1ny.<br \/>\nNem is \u00e9rdekelt,m\u00e9rt hazudn\u00e1m.<br \/>\nHideg \u00e9j, hideg nappal,<br \/>\n\u00e9s j\u00e9ghideg \u00e1gy,ezek v\u00e1rtak r\u00e1m,<br \/>\nde egyszer csak elj\u00f6tt,\u00e9s t\u0171zbe borult a vil\u00e1g.<\/p>\n<p>T\u0171zvar\u00e1zsl\u00f3,k\u00e9k szemeddel,<br \/>\n\u00e9gess el, \u00e9gess el,vagy engedj el.<br \/>\nT\u0171zvar\u00e1zsl\u00f3,k\u00e9k szemeddel,<br \/>\n\u00e9gess el, \u00e9gess el,vagy engedj el.<br \/>\n&#8212;Sz\u00f3l\u00f3&#8212;<br \/>\nEzut\u00e1n,\u00fajra elt\u0171nt az a t\u0171zszem\u0171 l\u00e1ny,<br \/>\negyik hajnal ut\u00e1n,s valahol t\u00e1vol l\u00e1ttam,<br \/>\n\u00fajra lobban egy l\u00e1ng.<br \/>\nEzut\u00e1n,mindig v\u00e1gytam m\u00e1r a t\u00fcze ut\u00e1n,<br \/>\n\u00fajra elj\u00f6n t\u00e1n,\u00fajra meg\u00e9get,<br \/>\ns a f\u00f6ld \u00e9s az \u00e9g velem \u00e9g.<\/p>\n<p>T\u0171zvar\u00e1zsl\u00f3,k\u00e9k szemeddel,<br \/>\n\u00e9gess el, \u00e9gess el,ne hagyj\u00e1l el.<br \/>\nT\u0171zvar\u00e1zsl\u00f3,k\u00e9k szemeddel,<br \/>\n\u00e9gess el, \u00e9gess el,ne hagyj\u00e1l el.<br \/>\n&#8212;Sz\u00f3l\u00f3&#8212;<br \/>\nT\u0171zvar\u00e1zsl\u00f3,k\u00e9k szemeddel,<br \/>\n\u00e9gess el, \u00e9gess el,ne hagyj\u00e1l el.<br \/>\nT\u0171zvar\u00e1zsl\u00f3,k\u00e9k szemeddel,<br \/>\n\u00e9gess el,lelk\u00fcnk \u00fagysem \u00e9ghet el.<br \/>\nT\u0171zvar\u00e1zsl\u00f3, k\u00e9k szemeddel&#8230;<br \/>\nT\u0171zvar\u00e1zsl\u00f3, k\u00e9k szemeddel&#8230;.<br \/>\nT\u0171zvar\u00e1zsl\u00f3, k\u00e9k szemeddel..<br \/>\nT\u0171zvar\u00e1zsl\u00f3, k\u00e9k szemeddel&#8230;.<br \/>\n&#8212;V\u00e9ge&#8212;<\/p>\n","protected":false},"featured_media":9691,"template":"","meta":{"site-sidebar-layout":"default","site-content-layout":"default","ast-site-content-layout":"default","site-content-style":"default","site-sidebar-style":"default","ast-global-header-display":"","ast-banner-title-visibility":"","ast-main-header-display":"","ast-hfb-above-header-display":"","ast-hfb-below-header-display":"","ast-hfb-mobile-header-display":"","site-post-title":"","ast-breadcrumbs-content":"","ast-featured-img":"","footer-sml-layout":"","theme-transparent-header-meta":"default","adv-header-id-meta":"","stick-header-meta":"","header-above-stick-meta":"","header-main-stick-meta":"","header-below-stick-meta":"","astra-migrate-meta-layouts":"set","ast-page-background-enabled":"default","ast-page-background-meta":{"desktop":{"background-color":"var(--ast-global-color-4)","background-image":"","background-repeat":"repeat","background-position":"center center","background-size":"auto","background-attachment":"scroll","background-type":"","background-media":"","overlay-type":"","overlay-color":"","overlay-opacity":"","overlay-gradient":""},"tablet":{"background-color":"","background-image":"","background-repeat":"repeat","background-position":"center center","background-size":"auto","background-attachment":"scroll","background-type":"","background-media":"","overlay-type":"","overlay-color":"","overlay-opacity":"","overlay-gradient":""},"mobile":{"background-color":"","background-image":"","background-repeat":"repeat","background-position":"center center","background-size":"auto","background-attachment":"scroll","background-type":"","background-media":"","overlay-type":"","overlay-color":"","overlay-opacity":"","overlay-gradient":""}},"ast-content-background-meta":{"desktop":{"background-color":"var(--ast-global-color-5)","background-image":"","background-repeat":"repeat","background-position":"center center","background-size":"auto","background-attachment":"scroll","background-type":"","background-media":"","overlay-type":"","overlay-color":"","overlay-opacity":"","overlay-gradient":""},"tablet":{"background-color":"var(--ast-global-color-5)","background-image":"","background-repeat":"repeat","background-position":"center center","background-size":"auto","background-attachment":"scroll","background-type":"","background-media":"","overlay-type":"","overlay-color":"","overlay-opacity":"","overlay-gradient":""},"mobile":{"background-color":"var(--ast-global-color-5)","background-image":"","background-repeat":"repeat","background-position":"center center","background-size":"auto","background-attachment":"scroll","background-type":"","background-media":"","overlay-type":"","overlay-color":"","overlay-opacity":"","overlay-gradient":""}}},"product_cat":[48],"product_tag":[],"class_list":["post-5358","product","type-product","status-publish","has-post-thumbnail","hentry","product_cat-sunkaraoke-dalok","desktop-align-left","tablet-align-left","mobile-align-left"],"_links":{"self":[{"href":"https:\/\/www.sunkaraoke.hu\/index.php\/wp-json\/wp\/v2\/product\/5358","targetHints":{"allow":["GET"]}}],"collection":[{"href":"https:\/\/www.sunkaraoke.hu\/index.php\/wp-json\/wp\/v2\/product"}],"about":[{"href":"https:\/\/www.sunkaraoke.hu\/index.php\/wp-json\/wp\/v2\/types\/product"}],"wp:featuredmedia":[{"embeddable":true,"href":"https:\/\/www.sunkaraoke.hu\/index.php\/wp-json\/wp\/v2\/media\/9691"}],"wp:attachment":[{"href":"https:\/\/www.sunkaraoke.hu\/index.php\/wp-json\/wp\/v2\/media?parent=5358"}],"wp:term":[{"taxonomy":"product_cat","embeddable":true,"href":"https:\/\/www.sunkaraoke.hu\/index.php\/wp-json\/wp\/v2\/product_cat?post=5358"},{"taxonomy":"product_tag","embeddable":true,"href":"https:\/\/www.sunkaraoke.hu\/index.php\/wp-json\/wp\/v2\/product_tag?post=5358"}],"curies":[{"name":"wp","href":"https:\/\/api.w.org\/{rel}","templated":true}]}}