{"id":5335,"date":"2022-08-08T20:49:00","date_gmt":"2022-08-08T20:49:00","guid":{"rendered":"https:\/\/www.sunkaraoke.hu\/index.php\/termek\/suzy-almat-eszem-2018-transzp-v\/"},"modified":"2025-12-21T17:37:38","modified_gmt":"2025-12-21T15:37:38","slug":"suzy-almat-eszem-2018-transzp-v","status":"publish","type":"product","link":"https:\/\/www.sunkaraoke.hu\/index.php\/termek\/suzy-almat-eszem-2018-transzp-v\/","title":{"rendered":"<div class=\"wcmp-player-container product-5335\"><audio controlslist=\"nodownload\" data-product=\"5335\"  volume=\"1\"  preload=\"none\" data-lazyloading=\"none\" class=\"wcmp-player track mejs-classic\" data-duration=\"0:32\" data-estimated_duration=\"4\"><source src=\"https:\/\/www.sunkaraoke.hu\/wp-content\/uploads\/2022\/08\/Almat-eszem-Suzy-Orig-2018.-.-kdemoo.mp3\" type=\"audio\/mp3\" \/><\/audio><\/div>Suzy &#8211; Alm\u00e1t eszem (Original)"},"content":{"rendered":"<p><strong>03:09<\/strong> | <strong><img loading=\"lazy\" decoding=\"async\" class=\"alignnone size-full wp-image-467\" src=\"https:\/\/www.sunkaraoke.hu\/wp-content\/uploads\/2022\/07\/choir_2-copy.webp\" alt=\"\" width=\"30\" height=\"30\" \/> <strong> | <img loading=\"lazy\" decoding=\"async\" class=\"alignnone size-full wp-image-613\" src=\"https:\/\/www.sunkaraoke.hu\/wp-content\/uploads\/2022\/07\/transzponalas.webp\" alt=\"\" width=\"30\" height=\"30\" \/> <\/strong><strong>0<\/strong><\/strong><\/p>\n","protected":false},"excerpt":{"rendered":"<h6><strong>Bits\u0171r\u0171s\u00e9g: 320<\/strong>kb\/s<strong><br \/>\n<\/strong><strong>Hossz: <\/strong>03:09<strong><br \/>\n<\/strong><strong style=\"font-size: 16px;\">Vok\u00e1lt tartalmaz: <\/strong>Nem <img loading=\"lazy\" decoding=\"async\" class=\"alignnone size-full wp-image-467\" src=\"http:\/\/www.sunkaraoke.hu\/wp-content\/uploads\/2022\/07\/choir_2-copy.png\" alt=\"\" width=\"30\" height=\"30\" \/><strong style=\"font-size: 16px;\"><br \/>\n<\/strong><\/h6>\n<p>Sunkaraoke mp3 st\u00fadi\u00f3 \/ www.sunkaraoke.hu \/ Inf: Tel: 06 20 4275001<\/p>\n<p>&#8212;Intr\u00f3&#8212;<br \/>\nAlm\u00e1t eszem, ropog a fogam alatt,<br \/>\nnem j\u00f6tt\u00e9l el neked egy se maradt,<br \/>\nm\u00e1ssal volt\u00e1l, ki\u00fcr\u00fclt a kos\u00e1r.<\/p>\n<p>Alm\u00e1t eszem, szerelm\u00fcnk sz\u00e9jjel szakadt,<br \/>\nnem j\u00f6tt\u00e9l el, csak a csutka maradt,<br \/>\nelm\u00falt minden, n\u00e1lam semmi se v\u00e1r.<\/p>\n<p>V\u00e1rtalak, k\u00e9s\u0151 estig a szob\u00e1mban,<br \/>\nj\u00e1rk\u00e1ltam mint megkerg\u00fclt sz\u00fa a f\u00e1ban.<br \/>\nJ\u00f3t nevettek az alm\u00e1k \u00e9nm\u00f6g\u00f6ttem,<br \/>\nm\u00e9rges lettem, gyorsan mind megettem,<br \/>\nelfeledlek ne gyere soha m\u00e1r.<br \/>\n&#8212;Sz\u00f3l\u00f3&#8212;<br \/>\nAlm\u00e1t eszem, ropog a fogam alatt,<br \/>\nnem j\u00f6tt\u00e9l el neked egy se maradt,<br \/>\nm\u00e1ssal volt\u00e1l, ki\u00fcr\u00fclt a kos\u00e1r.<br \/>\nAlm\u00e1t eszem, szerelm\u00fcnk sz\u00e9jjel szakadt,<br \/>\nnem j\u00f6tt\u00e9l el, csak a csutka maradt,<br \/>\nelm\u00falt minden, n\u00e1lam semmi se v\u00e1r.<\/p>\n<p>V\u00e1rtalak, k\u00e9s\u0151 estig a szob\u00e1mban,<br \/>\nj\u00e1rk\u00e1ltam, mint megkerg\u00fclt sz\u00fa a f\u00e1ban.<br \/>\nJ\u00f3t nevettek az alm\u00e1k \u00e9nm\u00f6g\u00f6ttem,<br \/>\nm\u00e9rges lettem, gyorsan mind megettem,<br \/>\nelfeledlek, ne gyere soha m\u00e1r.<br \/>\n&#8212;Sz\u00f3l\u00f3&#8212;<br \/>\nV\u00e1rtalak, k\u00e9s\u0151 estig a szob\u00e1mban,<br \/>\nj\u00e1rk\u00e1ltam, mint megkerg\u00fclt sz\u00fa a f\u00e1ban.<br \/>\nJ\u00f3t nevettek az alm\u00e1k \u00e9nm\u00f6g\u00f6ttem,<br \/>\nm\u00e9rges lettem, gyorsan mind megettem.<br \/>\nElfeledlek, ne gyere soha m\u00e1r!<br \/>\n&#8212;V\u00e9ge&#8212;<\/p>\n","protected":false},"featured_media":9887,"template":"","meta":{"site-sidebar-layout":"default","site-content-layout":"default","ast-site-content-layout":"default","site-content-style":"default","site-sidebar-style":"default","ast-global-header-display":"","ast-banner-title-visibility":"","ast-main-header-display":"","ast-hfb-above-header-display":"","ast-hfb-below-header-display":"","ast-hfb-mobile-header-display":"","site-post-title":"","ast-breadcrumbs-content":"","ast-featured-img":"","footer-sml-layout":"","theme-transparent-header-meta":"default","adv-header-id-meta":"","stick-header-meta":"","header-above-stick-meta":"","header-main-stick-meta":"","header-below-stick-meta":"","astra-migrate-meta-layouts":"set","ast-page-background-enabled":"default","ast-page-background-meta":{"desktop":{"background-color":"var(--ast-global-color-4)","background-image":"","background-repeat":"repeat","background-position":"center center","background-size":"auto","background-attachment":"scroll","background-type":"","background-media":"","overlay-type":"","overlay-color":"","overlay-opacity":"","overlay-gradient":""},"tablet":{"background-color":"","background-image":"","background-repeat":"repeat","background-position":"center center","background-size":"auto","background-attachment":"scroll","background-type":"","background-media":"","overlay-type":"","overlay-color":"","overlay-opacity":"","overlay-gradient":""},"mobile":{"background-color":"","background-image":"","background-repeat":"repeat","background-position":"center center","background-size":"auto","background-attachment":"scroll","background-type":"","background-media":"","overlay-type":"","overlay-color":"","overlay-opacity":"","overlay-gradient":""}},"ast-content-background-meta":{"desktop":{"background-color":"var(--ast-global-color-5)","background-image":"","background-repeat":"repeat","background-position":"center center","background-size":"auto","background-attachment":"scroll","background-type":"","background-media":"","overlay-type":"","overlay-color":"","overlay-opacity":"","overlay-gradient":""},"tablet":{"background-color":"var(--ast-global-color-5)","background-image":"","background-repeat":"repeat","background-position":"center center","background-size":"auto","background-attachment":"scroll","background-type":"","background-media":"","overlay-type":"","overlay-color":"","overlay-opacity":"","overlay-gradient":""},"mobile":{"background-color":"var(--ast-global-color-5)","background-image":"","background-repeat":"repeat","background-position":"center center","background-size":"auto","background-attachment":"scroll","background-type":"","background-media":"","overlay-type":"","overlay-color":"","overlay-opacity":"","overlay-gradient":""}}},"product_cat":[48],"product_tag":[],"class_list":["post-5335","product","type-product","status-publish","has-post-thumbnail","hentry","product_cat-sunkaraoke-dalok","desktop-align-left","tablet-align-left","mobile-align-left"],"_links":{"self":[{"href":"https:\/\/www.sunkaraoke.hu\/index.php\/wp-json\/wp\/v2\/product\/5335","targetHints":{"allow":["GET"]}}],"collection":[{"href":"https:\/\/www.sunkaraoke.hu\/index.php\/wp-json\/wp\/v2\/product"}],"about":[{"href":"https:\/\/www.sunkaraoke.hu\/index.php\/wp-json\/wp\/v2\/types\/product"}],"wp:featuredmedia":[{"embeddable":true,"href":"https:\/\/www.sunkaraoke.hu\/index.php\/wp-json\/wp\/v2\/media\/9887"}],"wp:attachment":[{"href":"https:\/\/www.sunkaraoke.hu\/index.php\/wp-json\/wp\/v2\/media?parent=5335"}],"wp:term":[{"taxonomy":"product_cat","embeddable":true,"href":"https:\/\/www.sunkaraoke.hu\/index.php\/wp-json\/wp\/v2\/product_cat?post=5335"},{"taxonomy":"product_tag","embeddable":true,"href":"https:\/\/www.sunkaraoke.hu\/index.php\/wp-json\/wp\/v2\/product_tag?post=5335"}],"curies":[{"name":"wp","href":"https:\/\/api.w.org\/{rel}","templated":true}]}}