{"id":5297,"date":"2022-08-08T20:48:56","date_gmt":"2022-08-08T20:48:56","guid":{"rendered":"https:\/\/www.sunkaraoke.hu\/index.php\/termek\/marta-joco-homokba-irtam-a-nevedet\/"},"modified":"2025-04-12T09:12:23","modified_gmt":"2025-04-12T09:12:23","slug":"marta-joco-homokba-irtam-a-nevedet","status":"publish","type":"product","link":"https:\/\/www.sunkaraoke.hu\/index.php\/termek\/marta-joco-homokba-irtam-a-nevedet\/","title":{"rendered":"<div class=\"wcmp-player-container product-5297\"><audio controlslist=\"nodownload\" data-product=\"5297\"  volume=\"1\"  preload=\"none\" data-lazyloading=\"none\" class=\"wcmp-player track mejs-classic\" data-duration=\"0:34\" data-estimated_duration=\"4\"><source src=\"https:\/\/www.sunkaraoke.hu\/wp-content\/uploads\/2022\/08\/Homokba-irtam-a-nevedet-Marta.-kademoo.mp3\" type=\"audio\/mp3\" \/><\/audio><\/div>M\u00e1rta Joc\u00f3 &#8211; Homokba \u00edrtam a nevedet (Original)"},"content":{"rendered":"<p><strong>03:57<\/strong> | <strong><img loading=\"lazy\" decoding=\"async\" class=\"alignnone size-full wp-image-467\" src=\"https:\/\/www.sunkaraoke.hu\/wp-content\/uploads\/2022\/07\/choir_2-copy.webp\" alt=\"\" width=\"30\" height=\"30\" \/> <\/strong><\/p>\n","protected":false},"excerpt":{"rendered":"<h6><strong>Bits\u0171r\u0171s\u00e9g: 320<\/strong>kb\/s<strong><br \/>\n<\/strong><strong>Hossz: <\/strong>03:57<strong><br \/>\n<\/strong><strong style=\"font-size: 16px;\">Vok\u00e1lt tartalmaz: <\/strong>Nem <img loading=\"lazy\" decoding=\"async\" class=\"alignnone size-full wp-image-467\" src=\"http:\/\/www.sunkaraoke.hu\/wp-content\/uploads\/2022\/07\/choir_2-copy.png\" alt=\"\" width=\"30\" height=\"30\" \/><strong style=\"font-size: 16px;\"><br \/>\n<\/strong><\/h6>\n<p>Sunkaraoke mp3 st\u00fadi\u00f3 \/ www.sunkaraoke.hu \/ Inf: Tel: 06 20 4275001<\/p>\n<p>&#8212;Intro&#8212;<\/p>\n<p>Egy \u00e1lom volt csup\u00e1n, ahogy hozz\u00e1m \u00e9rt a sz\u00e1d,<br \/>\n\u00c9n nem felejtem el sosem azt az \u00e9jszak\u00e1t.<br \/>\nAhogy gy\u00f6ng\u00e9n \u00f6lelt\u00e9l, \u00e9reztem szerett\u00e9l,<br \/>\n\u00c9s b\u00e1r mit mondtam elhitted, nagyokat nevett\u00e9l.<\/p>\n<p>\u00d6sszet\u00f6rted minden \u00e1lmom, nem haragszom r\u00e1d,<br \/>\nValahol a messzi t\u00e1volb\u00f3l s\u00edr egy spanyol git\u00e1r.<\/p>\n<p>\u00c9n a homokba \u00edrtam a nevedet, a sz\u00edv\u00fcnk annyira remegett,<br \/>\nB\u00e1r ki mondta nem hittem el, hogy egyszer v\u00e9get \u00e9r.<br \/>\nCsak egy \u00e1lom volt ami ott maradt, hol van a sz\u00edv ami fogva tart,<br \/>\nElsz\u00e1llt, elf\u00fajta a sz\u00e9l.<\/p>\n<p>\u00c9n a homokba \u00edrtam a nevedet, a sz\u00edv\u00fcnk annyira remegett,<br \/>\nB\u00e1r ki mondta nem hittem el, hogy egyszer v\u00e9get \u00e9r.<br \/>\nCsak egy \u00e1lom volt ami ott maradt, hol van a sz\u00edv ami fogva tart,<br \/>\nElsz\u00e1llt, elf\u00fajta a sz\u00e9l.<\/p>\n<p>Csak a szemembe s\u00fct a f\u00e9ny, az nem k\u00f6nnycsepp ne f\u00e9lj,<br \/>\nA f\u00f6ld\u00f6n volt egy sz\u00e1l vir\u00e1g, amikor elment\u00e9l.<br \/>\nEgy \u00e1lom v\u00e9get \u00e9r, m\u00edg \u00e9lek elk\u00eds\u00e9r,<br \/>\n\u00c9n nem tudom hogy mi t\u00f6rt\u00e9nt, azt mondtad hogy szerett\u00e9l.<\/p>\n<p>\u00d6sszet\u00f6rted minden \u00e1lmom, nem haragszom r\u00e1d,<br \/>\nValahol a messzi t\u00e1volb\u00f3l s\u00edr egy spanyol git\u00e1r.<\/p>\n<p>\u00c9n a homokba \u00edrtam a nevedet, a sz\u00edv\u00fcnk annyira remegett,<br \/>\nB\u00e1r ki mondta nem hittem el, hogy egyszer v\u00e9get \u00e9r.<br \/>\nCsak egy \u00e1lom volt ami ott maradt, hol van a sz\u00edv ami fogva tart,<br \/>\nElsz\u00e1llt, elf\u00fajta a sz\u00e9l.<\/p>\n<p>\u00c9n homokba \u00edrtam a nevedet, a sz\u00edv\u00fcnk annyira remegett,<br \/>\nB\u00e1r ki mondta nem hittem el, hogy egyszer v\u00e9get \u00e9r.<br \/>\nCsak egy \u00e1lom volt ami ott maradt, hol van a sz\u00edv ami fogva tart,<br \/>\nElsz\u00e1llt, elf\u00fajta a sz\u00e9l.<\/p>\n<p>&#8212;Solo&#8212;<\/p>\n<p>\u00c1lom arc\u00fa l\u00e1ny, m\u00e1r nem haragszom r\u00e1d,<br \/>\nA sok sz\u00e9p eml\u00e9k megmaradt, mint f\u00e9nyben a napsug\u00e1r.<br \/>\nEgy \u00e1lom volt csup\u00e1n, ahogy hozz\u00e1m \u00e9rt a sz\u00e1d,<br \/>\n\u00c9n nem felejtem el sosem azt az \u00e9jszak\u00e1t.<\/p>\n<p>\u00d6sszet\u00f6rted minden \u00e1lmom, nem haragszom r\u00e1d,<br \/>\nValahol a messzi t\u00e1volb\u00f3l s\u00edr egy spanyol git\u00e1r.<\/p>\n<p>\u00c9n homokba \u00edrtam a nevedet, a sz\u00edv\u00fcnk annyira remegett,<br \/>\nB\u00e1r ki mondta nem hittem el, hogy egyszer v\u00e9get \u00e9r.<br \/>\nCsak egy \u00e1lom volt ami ott maradt, hol van a sz\u00edv ami fogva tart,<br \/>\nElsz\u00e1llt, elf\u00fajta a sz\u00e9l.<\/p>\n<p>\u00c9n homokba \u00edrtam a nevedet, a sz\u00edv\u00fcnk annyira remegett,<br \/>\nB\u00e1r ki mondta nem hittem el, hogy egyszer v\u00e9get \u00e9r.<br \/>\nCsak egy \u00e1lom volt ami ott maradt, hol van a sz\u00edv ami fogva tart,<br \/>\nElsz\u00e1llt, elf\u00fajta a sz\u00e9l.<\/p>\n","protected":false},"featured_media":8752,"template":"","meta":{"site-sidebar-layout":"default","site-content-layout":"default","ast-site-content-layout":"default","site-content-style":"default","site-sidebar-style":"default","ast-global-header-display":"","ast-banner-title-visibility":"","ast-main-header-display":"","ast-hfb-above-header-display":"","ast-hfb-below-header-display":"","ast-hfb-mobile-header-display":"","site-post-title":"","ast-breadcrumbs-content":"","ast-featured-img":"","footer-sml-layout":"","theme-transparent-header-meta":"default","adv-header-id-meta":"","stick-header-meta":"","header-above-stick-meta":"","header-main-stick-meta":"","header-below-stick-meta":"","astra-migrate-meta-layouts":"set","ast-page-background-enabled":"default","ast-page-background-meta":{"desktop":{"background-color":"var(--ast-global-color-4)","background-image":"","background-repeat":"repeat","background-position":"center center","background-size":"auto","background-attachment":"scroll","background-type":"","background-media":"","overlay-type":"","overlay-color":"","overlay-opacity":"","overlay-gradient":""},"tablet":{"background-color":"","background-image":"","background-repeat":"repeat","background-position":"center center","background-size":"auto","background-attachment":"scroll","background-type":"","background-media":"","overlay-type":"","overlay-color":"","overlay-opacity":"","overlay-gradient":""},"mobile":{"background-color":"","background-image":"","background-repeat":"repeat","background-position":"center center","background-size":"auto","background-attachment":"scroll","background-type":"","background-media":"","overlay-type":"","overlay-color":"","overlay-opacity":"","overlay-gradient":""}},"ast-content-background-meta":{"desktop":{"background-color":"var(--ast-global-color-5)","background-image":"","background-repeat":"repeat","background-position":"center center","background-size":"auto","background-attachment":"scroll","background-type":"","background-media":"","overlay-type":"","overlay-color":"","overlay-opacity":"","overlay-gradient":""},"tablet":{"background-color":"var(--ast-global-color-5)","background-image":"","background-repeat":"repeat","background-position":"center center","background-size":"auto","background-attachment":"scroll","background-type":"","background-media":"","overlay-type":"","overlay-color":"","overlay-opacity":"","overlay-gradient":""},"mobile":{"background-color":"var(--ast-global-color-5)","background-image":"","background-repeat":"repeat","background-position":"center center","background-size":"auto","background-attachment":"scroll","background-type":"","background-media":"","overlay-type":"","overlay-color":"","overlay-opacity":"","overlay-gradient":""}}},"product_cat":[46],"product_tag":[],"class_list":["post-5297","product","type-product","status-publish","has-post-thumbnail","hentry","product_cat-eredeti-karaoke-dalok","desktop-align-left","tablet-align-left","mobile-align-left"],"_links":{"self":[{"href":"https:\/\/www.sunkaraoke.hu\/index.php\/wp-json\/wp\/v2\/product\/5297","targetHints":{"allow":["GET"]}}],"collection":[{"href":"https:\/\/www.sunkaraoke.hu\/index.php\/wp-json\/wp\/v2\/product"}],"about":[{"href":"https:\/\/www.sunkaraoke.hu\/index.php\/wp-json\/wp\/v2\/types\/product"}],"wp:featuredmedia":[{"embeddable":true,"href":"https:\/\/www.sunkaraoke.hu\/index.php\/wp-json\/wp\/v2\/media\/8752"}],"wp:attachment":[{"href":"https:\/\/www.sunkaraoke.hu\/index.php\/wp-json\/wp\/v2\/media?parent=5297"}],"wp:term":[{"taxonomy":"product_cat","embeddable":true,"href":"https:\/\/www.sunkaraoke.hu\/index.php\/wp-json\/wp\/v2\/product_cat?post=5297"},{"taxonomy":"product_tag","embeddable":true,"href":"https:\/\/www.sunkaraoke.hu\/index.php\/wp-json\/wp\/v2\/product_tag?post=5297"}],"curies":[{"name":"wp","href":"https:\/\/api.w.org\/{rel}","templated":true}]}}