{"id":5186,"date":"2022-08-08T20:48:45","date_gmt":"2022-08-08T20:48:45","guid":{"rendered":"https:\/\/www.sunkaraoke.hu\/index.php\/termek\/mario-homokora\/"},"modified":"2025-04-12T07:24:27","modified_gmt":"2025-04-12T07:24:27","slug":"mario-homokora","status":"publish","type":"product","link":"https:\/\/www.sunkaraoke.hu\/index.php\/termek\/mario-homokora\/","title":{"rendered":"<div class=\"wcmp-player-container product-5186\"><audio controlslist=\"nodownload\" data-product=\"5186\"  volume=\"1\"  preload=\"none\" data-lazyloading=\"none\" class=\"wcmp-player track mejs-classic\" data-duration=\"0:37\" data-estimated_duration=\"4\"><source src=\"https:\/\/www.sunkaraoke.hu\/wp-content\/uploads\/2022\/08\/Homokora-Mario-SB.-demoo.mp3\" type=\"audio\/mp3\" \/><\/audio><\/div>M\u00e1ri\u00f3 &#8211; Homok\u00f3ra (Original)"},"content":{"rendered":"<p><strong>04:31<\/strong> | <strong><img loading=\"lazy\" decoding=\"async\" class=\"alignnone size-full wp-image-467\" src=\"https:\/\/www.sunkaraoke.hu\/wp-content\/uploads\/2022\/07\/choir_2-copy.webp\" alt=\"\" width=\"30\" height=\"30\" \/> <\/strong><\/p>\n","protected":false},"excerpt":{"rendered":"<h6><strong>Bits\u0171r\u0171s\u00e9g: 320<\/strong>kb\/s<strong><br \/>\n<\/strong><strong>Hossz: <\/strong>04:31<strong><br \/>\n<\/strong><strong style=\"font-size: 16px;\">Vok\u00e1lt tartalmaz: <\/strong>Nem <img loading=\"lazy\" decoding=\"async\" class=\"alignnone size-full wp-image-467\" src=\"http:\/\/www.sunkaraoke.hu\/wp-content\/uploads\/2022\/07\/choir_2-copy.png\" alt=\"\" width=\"30\" height=\"30\" \/><strong style=\"font-size: 16px;\"><br \/>\n<\/strong><\/h6>\n<p>Sunkaraoke mp3 st\u00fadi\u00f3 \/ www.sunkaraoke.hu \/ Inf: Tel: 06 20 4275001<\/p>\n<p>&#8212;Intr\u00f3&#8212;<br \/>\n\u00dcl\u00f6k a szob\u00e1mban b\u00fasan egyed\u00fcl,<br \/>\n\u00e9s a f\u00e1j\u00f3 m\u00faltra gondolok.<br \/>\nOdak\u00fcnn az utc\u00e1n lassan f\u00e9ny dereng,<br \/>\n\u00e9s az \u00f3r\u00e1n pereg a homok.<br \/>\nSzeretn\u00e9m a homok\u00f3r\u00e1t meg\u00e1ll\u00edtani,<br \/>\nszeretn\u00e9m az eml\u00e9keit elfelejteni.<br \/>\nDe a homok\u00f3ra csak pereg, pereg,<br \/>\n\u00edgy h\u00e1t kedves tov\u00e1bb szenvedek.<br \/>\nNem tudom hogy elhiszed-e m\u00e9g,<br \/>\nhogy f\u00e1j\u00f3 sz\u00edvem \u00f6r\u00f6kk\u00e9 ti\u00e9d.<br \/>\n\u00c1lmaimban t\u00e9ged l\u00e1tlak,<br \/>\nk\u00e9t karomba t\u00e9ged z\u00e1rlak,<br \/>\nnem tudom hogy elhiszed-e m\u00e9g?<br \/>\nHa majd egyszer dr\u00e1g\u00e1m, nem b\u00edrom tov\u00e1bb,<br \/>\nezt a f\u00e1j\u00f3, b\u00fas eml\u00e9kez\u00e9st.<br \/>\nElmegyek \u00e9n akkor, s tov\u00e1bb \u00e1llok \u00e9n,<br \/>\nmert a sz\u00edvem mag\u00e1nyos szeg\u00e9ny.<br \/>\nElviszem \u00e9n magammal az eml\u00e9keidet,<br \/>\nhogy ne l\u00e1ssam a lassan perg\u0151 homokszemeket.<br \/>\nS utolj\u00e1ra dr\u00e1g\u00e1m, azt k\u00edv\u00e1nom \u00e9n,<br \/>\nhogy te m\u00e1ssal nagyon boldog l\u00e9gy.<br \/>\n&#8212;Sz\u00f3l\u00f3&#8212;<br \/>\n\u00dcl\u00f6k a szob\u00e1mban b\u00fasan egyed\u00fcl,<br \/>\n\u00e9s a f\u00e1j\u00f3 m\u00faltra gondolok.<br \/>\nOdak\u00fcnn az utc\u00e1n lassan f\u00e9ny dereng,<br \/>\n\u00e9s az \u00f3r\u00e1n pereg a homok.<br \/>\nSzeretn\u00e9m a homok\u00f3r\u00e1t meg\u00e1ll\u00edtani,<br \/>\nszeretn\u00e9m az eml\u00e9keit elfelejteni.<br \/>\nDe a homok\u00f3ra csak pereg, pereg,<br \/>\n\u00edgy h\u00e1t kedves tov\u00e1bb szenvedek.<br \/>\nNem tudom hogy elhiszed-e m\u00e9g,<br \/>\nhogy f\u00e1j\u00f3 sz\u00edvem \u00f6r\u00f6kk\u00e9 ti\u00e9d.<br \/>\n\u00c1lmaimban t\u00e9ged l\u00e1tlak,<br \/>\nk\u00e9t karomba t\u00e9ged z\u00e1rlak,<br \/>\nnem tudom hogy elhiszed-e m\u00e9g?<br \/>\nHa majd egyszer dr\u00e1g\u00e1m, nem b\u00edrom tov\u00e1bb,<br \/>\nezt a f\u00e1j\u00f3, b\u00fas eml\u00e9kez\u00e9st.<br \/>\nElmegyek \u00e9n akkor, s tov\u00e1bb \u00e1llok \u00e9n,<br \/>\nmert a sz\u00edvem mag\u00e1nyos szeg\u00e9ny.<br \/>\nElviszem \u00e9n magammal az eml\u00e9keidet,<br \/>\nhogy ne l\u00e1ssam a lassan perg\u0151 homokszemeket.<br \/>\nS utolj\u00e1ra dr\u00e1g\u00e1m, azt k\u00edv\u00e1nom \u00e9n,<br \/>\nhogy te m\u00e1ssal nagyon boldog l\u00e9gy.<br \/>\n&#8212;V\u00e9ge&#8212;<\/p>\n","protected":false},"featured_media":10392,"template":"","meta":{"site-sidebar-layout":"default","site-content-layout":"default","ast-site-content-layout":"default","site-content-style":"default","site-sidebar-style":"default","ast-global-header-display":"","ast-banner-title-visibility":"","ast-main-header-display":"","ast-hfb-above-header-display":"","ast-hfb-below-header-display":"","ast-hfb-mobile-header-display":"","site-post-title":"","ast-breadcrumbs-content":"","ast-featured-img":"","footer-sml-layout":"","theme-transparent-header-meta":"default","adv-header-id-meta":"","stick-header-meta":"","header-above-stick-meta":"","header-main-stick-meta":"","header-below-stick-meta":"","astra-migrate-meta-layouts":"set","ast-page-background-enabled":"default","ast-page-background-meta":{"desktop":{"background-color":"var(--ast-global-color-4)","background-image":"","background-repeat":"repeat","background-position":"center center","background-size":"auto","background-attachment":"scroll","background-type":"","background-media":"","overlay-type":"","overlay-color":"","overlay-opacity":"","overlay-gradient":""},"tablet":{"background-color":"","background-image":"","background-repeat":"repeat","background-position":"center center","background-size":"auto","background-attachment":"scroll","background-type":"","background-media":"","overlay-type":"","overlay-color":"","overlay-opacity":"","overlay-gradient":""},"mobile":{"background-color":"","background-image":"","background-repeat":"repeat","background-position":"center center","background-size":"auto","background-attachment":"scroll","background-type":"","background-media":"","overlay-type":"","overlay-color":"","overlay-opacity":"","overlay-gradient":""}},"ast-content-background-meta":{"desktop":{"background-color":"var(--ast-global-color-5)","background-image":"","background-repeat":"repeat","background-position":"center center","background-size":"auto","background-attachment":"scroll","background-type":"","background-media":"","overlay-type":"","overlay-color":"","overlay-opacity":"","overlay-gradient":""},"tablet":{"background-color":"var(--ast-global-color-5)","background-image":"","background-repeat":"repeat","background-position":"center center","background-size":"auto","background-attachment":"scroll","background-type":"","background-media":"","overlay-type":"","overlay-color":"","overlay-opacity":"","overlay-gradient":""},"mobile":{"background-color":"var(--ast-global-color-5)","background-image":"","background-repeat":"repeat","background-position":"center center","background-size":"auto","background-attachment":"scroll","background-type":"","background-media":"","overlay-type":"","overlay-color":"","overlay-opacity":"","overlay-gradient":""}}},"product_cat":[48],"product_tag":[],"class_list":["post-5186","product","type-product","status-publish","has-post-thumbnail","hentry","product_cat-sunkaraoke-dalok","desktop-align-left","tablet-align-left","mobile-align-left"],"_links":{"self":[{"href":"https:\/\/www.sunkaraoke.hu\/index.php\/wp-json\/wp\/v2\/product\/5186","targetHints":{"allow":["GET"]}}],"collection":[{"href":"https:\/\/www.sunkaraoke.hu\/index.php\/wp-json\/wp\/v2\/product"}],"about":[{"href":"https:\/\/www.sunkaraoke.hu\/index.php\/wp-json\/wp\/v2\/types\/product"}],"wp:featuredmedia":[{"embeddable":true,"href":"https:\/\/www.sunkaraoke.hu\/index.php\/wp-json\/wp\/v2\/media\/10392"}],"wp:attachment":[{"href":"https:\/\/www.sunkaraoke.hu\/index.php\/wp-json\/wp\/v2\/media?parent=5186"}],"wp:term":[{"taxonomy":"product_cat","embeddable":true,"href":"https:\/\/www.sunkaraoke.hu\/index.php\/wp-json\/wp\/v2\/product_cat?post=5186"},{"taxonomy":"product_tag","embeddable":true,"href":"https:\/\/www.sunkaraoke.hu\/index.php\/wp-json\/wp\/v2\/product_tag?post=5186"}],"curies":[{"name":"wp","href":"https:\/\/api.w.org\/{rel}","templated":true}]}}