{"id":5169,"date":"2022-08-08T20:48:43","date_gmt":"2022-08-08T20:48:43","guid":{"rendered":"https:\/\/www.sunkaraoke.hu\/index.php\/termek\/didi-lamour-kis-falumba-ket-uton-kell\/"},"modified":"2025-09-28T07:37:05","modified_gmt":"2025-09-28T05:37:05","slug":"didi-lamour-kis-falumba-ket-uton-kell","status":"publish","type":"product","link":"https:\/\/www.sunkaraoke.hu\/index.php\/termek\/didi-lamour-kis-falumba-ket-uton-kell\/","title":{"rendered":"<div class=\"wcmp-player-container product-5169\"><audio controlslist=\"nodownload\" data-product=\"5169\"  volume=\"1\"  preload=\"none\" data-lazyloading=\"none\" class=\"wcmp-player track mejs-classic\" data-duration=\"0:31\" data-estimated_duration=\"4\"><source src=\"https:\/\/www.sunkaraoke.hu\/wp-content\/uploads\/2022\/08\/Kis-falumba-ket-Vok-Didi.-demoo.mp3\" type=\"audio\/mp3\" \/><\/audio><\/div>Didi Lamour &#8211; Kis falumba k\u00e9t \u00faton kell (Original)"},"content":{"rendered":"<p><strong>03:39<\/strong> | <strong><img loading=\"lazy\" decoding=\"async\" class=\"alignnone size-full wp-image-466\" src=\"https:\/\/www.sunkaraoke.hu\/wp-content\/uploads\/2022\/07\/choir_1-copy.webp\" alt=\"\" width=\"30\" height=\"30\" \/> <\/strong><\/p>\n","protected":false},"excerpt":{"rendered":"<h6><strong>Bits\u0171r\u0171s\u00e9g: 320<\/strong>kb\/s<strong><br \/>\n<\/strong><strong>Hossz: <\/strong>03:39<strong><br \/>\n<\/strong><strong style=\"font-size: 16px;\">Vok\u00e1lt tartalmaz: <\/strong>Igen <img loading=\"lazy\" decoding=\"async\" class=\"alignnone size-full wp-image-466\" src=\"http:\/\/www.sunkaraoke.hu\/wp-content\/uploads\/2022\/07\/choir_1-copy.png\" alt=\"\" width=\"30\" height=\"30\" \/><strong style=\"font-size: 16px;\"><br \/>\n<\/strong><\/h6>\n<p>Sunkaraoke mp3 st\u00fadi\u00f3 \/ www.sunkaraoke.hu \/ Inf: Tel: 06 20 4275001<\/p>\n<p>&#8212;Intr\u00f3&#8212;<br \/>\nKisfalumba k\u00e9t \u00faton kell bemenni,<br \/>\nde szeretn\u00e9k a r\u00f3zs\u00e1mmal besz\u00e9lni,<br \/>\nt\u00e9len ny\u00e1ron rozmaringos, a r\u00e1csos ablaka,<br \/>\njajj de sokat \u00e1ztam f\u00e1ztam alatta.<br \/>\nT\u00e9len ny\u00e1ron rozmaringos, a r\u00e1csos ablaka,<br \/>\njajj de sokat \u00e1ztam f\u00e1ztam alatta.<\/p>\n<p>K\u00e9k a k\u00f6k\u00e9ny ha meg\u00e9rik fekete,<br \/>\n\u00e9n ut\u00e1nam barna kisl\u00e1ny ne gyere.<br \/>\nK\u00e1r volna m\u00e9g engemet f\u00e9rjhez adni,<br \/>\nr\u00f3zsa helyett bimb\u00f3t leszakajtani.<br \/>\nK\u00e1r volna m\u00e9g engemet f\u00e9rjhez adni,<br \/>\nr\u00f3zsa helyett bimb\u00f3t leszakajtani.<br \/>\n&#8212;Sz\u00f3l\u00f3&#8212;<br \/>\nR\u00e9test ettem meg\u00e9gette a sz\u00e1mat,<br \/>\nm\u00e1s \u00f6leli az \u00e9n kedves bab\u00e1mat.<br \/>\nM\u00e1s \u00f6leli, m\u00e1snak \u00fcl az \u00f6l\u00e9be,<br \/>\nm\u00e1s kacsingat a vil\u00e1gosk\u00e9k szem\u00e9be.<br \/>\nM\u00e1s \u00f6leli, m\u00e1snak \u00fcl az \u00f6l\u00e9be,<br \/>\nm\u00e1s kacsingat a vil\u00e1gosk\u00e9k szem\u00e9be.<\/p>\n<p>S\u00e1rga szeme van a kukoric\u00e1nak,<br \/>\narany sz\u00edne van a kedves bab\u00e1mnak,<br \/>\nArany sz\u00edv\u00e9t nekem adta nem m\u00e1snak,<br \/>\nk\u00f6sz\u00f6n\u00f6m hogy elfogadott p\u00e1rj\u00e1nak.<br \/>\nArany sz\u00edv\u00e9t nekem adta nem m\u00e1snak,<br \/>\nk\u00f6sz\u00f6n\u00f6m hogy elfogadott p\u00e1rj\u00e1nak.<br \/>\n&#8212;Sz\u00f3l\u00f3&#8212;<br \/>\nKisfalumba k\u00e9t \u00faton kell bemenni,<br \/>\nde szeretn\u00e9k a r\u00f3zs\u00e1mmal besz\u00e9lni,<br \/>\nt\u00e9len ny\u00e1ron rozmaringos, a r\u00e1csos ablaka,<br \/>\njajj de sokat \u00e1ztam f\u00e1ztam alatta.<br \/>\nT\u00e9len ny\u00e1ron rozmaringos, a r\u00e1csos ablaka,<br \/>\njajj de sokat \u00e1ztam f\u00e1ztam alatta.<br \/>\nT\u00e9len ny\u00e1ron rozmaringos, a r\u00e1csos ablaka,<br \/>\njajj de sokat \u00e1ztam f\u00e1ztam alatta.<br \/>\nT\u00e9len ny\u00e1ron rozmaringos, a r\u00e1csos ablaka,<br \/>\njajj de sokat \u00e1ztam f\u00e1ztam alatta.<br \/>\n&#8212;V\u00e9ge&#8212;<\/p>\n","protected":false},"featured_media":721,"template":"","meta":{"site-sidebar-layout":"default","site-content-layout":"default","ast-site-content-layout":"default","site-content-style":"default","site-sidebar-style":"default","ast-global-header-display":"","ast-banner-title-visibility":"","ast-main-header-display":"","ast-hfb-above-header-display":"","ast-hfb-below-header-display":"","ast-hfb-mobile-header-display":"","site-post-title":"","ast-breadcrumbs-content":"","ast-featured-img":"","footer-sml-layout":"","theme-transparent-header-meta":"default","adv-header-id-meta":"","stick-header-meta":"","header-above-stick-meta":"","header-main-stick-meta":"","header-below-stick-meta":"","astra-migrate-meta-layouts":"set","ast-page-background-enabled":"default","ast-page-background-meta":{"desktop":{"background-color":"var(--ast-global-color-4)","background-image":"","background-repeat":"repeat","background-position":"center center","background-size":"auto","background-attachment":"scroll","background-type":"","background-media":"","overlay-type":"","overlay-color":"","overlay-opacity":"","overlay-gradient":""},"tablet":{"background-color":"","background-image":"","background-repeat":"repeat","background-position":"center center","background-size":"auto","background-attachment":"scroll","background-type":"","background-media":"","overlay-type":"","overlay-color":"","overlay-opacity":"","overlay-gradient":""},"mobile":{"background-color":"","background-image":"","background-repeat":"repeat","background-position":"center center","background-size":"auto","background-attachment":"scroll","background-type":"","background-media":"","overlay-type":"","overlay-color":"","overlay-opacity":"","overlay-gradient":""}},"ast-content-background-meta":{"desktop":{"background-color":"var(--ast-global-color-5)","background-image":"","background-repeat":"repeat","background-position":"center center","background-size":"auto","background-attachment":"scroll","background-type":"","background-media":"","overlay-type":"","overlay-color":"","overlay-opacity":"","overlay-gradient":""},"tablet":{"background-color":"var(--ast-global-color-5)","background-image":"","background-repeat":"repeat","background-position":"center center","background-size":"auto","background-attachment":"scroll","background-type":"","background-media":"","overlay-type":"","overlay-color":"","overlay-opacity":"","overlay-gradient":""},"mobile":{"background-color":"var(--ast-global-color-5)","background-image":"","background-repeat":"repeat","background-position":"center center","background-size":"auto","background-attachment":"scroll","background-type":"","background-media":"","overlay-type":"","overlay-color":"","overlay-opacity":"","overlay-gradient":""}}},"product_cat":[46],"product_tag":[],"class_list":["post-5169","product","type-product","status-publish","has-post-thumbnail","hentry","product_cat-eredeti-karaoke-dalok","desktop-align-left","tablet-align-left","mobile-align-left"],"_links":{"self":[{"href":"https:\/\/www.sunkaraoke.hu\/index.php\/wp-json\/wp\/v2\/product\/5169","targetHints":{"allow":["GET"]}}],"collection":[{"href":"https:\/\/www.sunkaraoke.hu\/index.php\/wp-json\/wp\/v2\/product"}],"about":[{"href":"https:\/\/www.sunkaraoke.hu\/index.php\/wp-json\/wp\/v2\/types\/product"}],"wp:featuredmedia":[{"embeddable":true,"href":"https:\/\/www.sunkaraoke.hu\/index.php\/wp-json\/wp\/v2\/media\/721"}],"wp:attachment":[{"href":"https:\/\/www.sunkaraoke.hu\/index.php\/wp-json\/wp\/v2\/media?parent=5169"}],"wp:term":[{"taxonomy":"product_cat","embeddable":true,"href":"https:\/\/www.sunkaraoke.hu\/index.php\/wp-json\/wp\/v2\/product_cat?post=5169"},{"taxonomy":"product_tag","embeddable":true,"href":"https:\/\/www.sunkaraoke.hu\/index.php\/wp-json\/wp\/v2\/product_tag?post=5169"}],"curies":[{"name":"wp","href":"https:\/\/api.w.org\/{rel}","templated":true}]}}