{"id":5149,"date":"2022-08-08T20:48:41","date_gmt":"2022-08-08T20:48:41","guid":{"rendered":"https:\/\/www.sunkaraoke.hu\/index.php\/termek\/bodrogi-gyula-voith-agi-jamaikai-trombitas-2017\/"},"modified":"2026-01-06T10:39:14","modified_gmt":"2026-01-06T08:39:14","slug":"bodrogi-gyula-voith-agi-jamaikai-trombitas-2017","status":"publish","type":"product","link":"https:\/\/www.sunkaraoke.hu\/index.php\/termek\/bodrogi-gyula-voith-agi-jamaikai-trombitas-2017\/","title":{"rendered":"<div class=\"wcmp-player-container product-5149\"><audio controlslist=\"nodownload\" data-product=\"5149\"  volume=\"1\"  preload=\"none\" data-lazyloading=\"none\" class=\"wcmp-player track mejs-classic\" data-duration=\"0:36\" data-estimated_duration=\"4\"><source src=\"https:\/\/www.sunkaraoke.hu\/wp-content\/uploads\/2022\/08\/Jamaikai-trombitas-2017-SB.-demoo.mp3\" type=\"audio\/mp3\" \/><\/audio><\/div>Bodrogi Gyula &#038; Voith \u00c1gi &#8211; Jamaikai trombit\u00e1s (Original SB Edition)"},"content":{"rendered":"<p><strong>02:53<\/strong> | <strong><img loading=\"lazy\" decoding=\"async\" class=\"alignnone size-full wp-image-467\" src=\"https:\/\/www.sunkaraoke.hu\/wp-content\/uploads\/2022\/07\/choir_2-copy.webp\" alt=\"\" width=\"30\" height=\"30\" \/> <\/strong><\/p>\n","protected":false},"excerpt":{"rendered":"<h6><strong>Bits\u0171r\u0171s\u00e9g: 320<\/strong>kb\/s<strong><br \/>\n<\/strong><strong>Hossz: <\/strong>02:53<strong><br \/>\n<\/strong><strong style=\"font-size: 16px;\">Vok\u00e1lt tartalmaz: <\/strong>Nem <img loading=\"lazy\" decoding=\"async\" class=\"alignnone size-full wp-image-467\" src=\"http:\/\/www.sunkaraoke.hu\/wp-content\/uploads\/2022\/07\/choir_2-copy.png\" alt=\"\" width=\"30\" height=\"30\" \/><strong style=\"font-size: 16px;\"><br \/>\n<\/strong><\/h6>\n<p>Sunkaraoke mp3 st\u00fadi\u00f3 \/ www.sunkaraoke.hu \/ Inf: Tel: 06 20 4275001<\/p>\n<p>&#8212;Intr\u00f3&#8212;<br \/>\nF\u00fclemben hallom m\u00e9g az \u00fcstdobot,<br \/>\na sz\u00e1mban \u00e9rzem m\u00e9g a vermutot,<br \/>\nfejemben \u00e9rzem m\u00e9g az \u00e9jszak\u00e1t,<br \/>\naz \u00e9jszak\u00e1nak minden m\u00e1mor\u00e1t,<br \/>\n\u00e9s aki muzsik\u00e1l, sz\u00edvembe beletal\u00e1l.<br \/>\nAz a jamaikai trombit\u00e1s,<br \/>\negy j\u00f3 fej, nem vit\u00e1s,<br \/>\nhogy f\u00e9r egy trombit\u00e1ba ennyi l\u00e1z,<br \/>\n\u00fagy nem f\u00faj senki m\u00e1s.<br \/>\n\u00dagy h\u00edvj\u00e1k, aranysz\u00e1j\u00fa trombit\u00e1s,<br \/>\na foga \u00fagy vak\u00edt, ak\u00e1r a h\u00f3,<br \/>\nzen\u00e9je egzotikus cs\u00e1b\u00edt\u00e1s,<br \/>\negyszerre andal\u00edt, \u00e9s l\u00e1z\u00edt\u00f3.<br \/>\nEl\u0151kel\u0151, ak\u00e1r egy britt nasz\u00e1d de \u0151 a l\u00e1ngol\u00e1s,<br \/>\nJamaikaiban is ritkas\u00e1g<br \/>\negy ilyen pomp\u00e1s trombit\u00e1s.<br \/>\nAz a jamaikai trombit\u00e1s,<br \/>\negy j\u00f3 fej, nem vit\u00e1s,<br \/>\nhogy f\u00e9r egy trombit\u00e1ba ennyi l\u00e1z,<br \/>\n\u00fagy nem f\u00faj senki m\u00e1s.<br \/>\n\u00dagy h\u00edvj\u00e1k, aranysz\u00e1j\u00fa trombit\u00e1s,<br \/>\na foga \u00fagy vak\u00edt, ak\u00e1r a h\u00f3,<br \/>\nzen\u00e9je egzotikus cs\u00e1b\u00edt\u00e1s,<br \/>\negyszerre andal\u00edt, \u00e9s l\u00e1z\u00edt\u00f3.<br \/>\nEl\u0151kel\u0151, ak\u00e1r egy britt nasz\u00e1d, de \u0151 a l\u00e1ngol\u00e1s<br \/>\nJamaikaiban is ritkas\u00e1g,<br \/>\negy ilyen pomp\u00e1s trombit\u00e1s.<br \/>\n&#8212;V\u00e9ge&#8212;<\/p>\n","protected":false},"featured_media":18531,"template":"","meta":{"site-sidebar-layout":"default","site-content-layout":"default","ast-site-content-layout":"default","site-content-style":"default","site-sidebar-style":"default","ast-global-header-display":"","ast-banner-title-visibility":"","ast-main-header-display":"","ast-hfb-above-header-display":"","ast-hfb-below-header-display":"","ast-hfb-mobile-header-display":"","site-post-title":"","ast-breadcrumbs-content":"","ast-featured-img":"","footer-sml-layout":"","theme-transparent-header-meta":"default","adv-header-id-meta":"","stick-header-meta":"","header-above-stick-meta":"","header-main-stick-meta":"","header-below-stick-meta":"","astra-migrate-meta-layouts":"set","ast-page-background-enabled":"default","ast-page-background-meta":{"desktop":{"background-color":"var(--ast-global-color-4)","background-image":"","background-repeat":"repeat","background-position":"center center","background-size":"auto","background-attachment":"scroll","background-type":"","background-media":"","overlay-type":"","overlay-color":"","overlay-opacity":"","overlay-gradient":""},"tablet":{"background-color":"","background-image":"","background-repeat":"repeat","background-position":"center center","background-size":"auto","background-attachment":"scroll","background-type":"","background-media":"","overlay-type":"","overlay-color":"","overlay-opacity":"","overlay-gradient":""},"mobile":{"background-color":"","background-image":"","background-repeat":"repeat","background-position":"center center","background-size":"auto","background-attachment":"scroll","background-type":"","background-media":"","overlay-type":"","overlay-color":"","overlay-opacity":"","overlay-gradient":""}},"ast-content-background-meta":{"desktop":{"background-color":"var(--ast-global-color-5)","background-image":"","background-repeat":"repeat","background-position":"center center","background-size":"auto","background-attachment":"scroll","background-type":"","background-media":"","overlay-type":"","overlay-color":"","overlay-opacity":"","overlay-gradient":""},"tablet":{"background-color":"var(--ast-global-color-5)","background-image":"","background-repeat":"repeat","background-position":"center center","background-size":"auto","background-attachment":"scroll","background-type":"","background-media":"","overlay-type":"","overlay-color":"","overlay-opacity":"","overlay-gradient":""},"mobile":{"background-color":"var(--ast-global-color-5)","background-image":"","background-repeat":"repeat","background-position":"center center","background-size":"auto","background-attachment":"scroll","background-type":"","background-media":"","overlay-type":"","overlay-color":"","overlay-opacity":"","overlay-gradient":""}}},"product_cat":[48],"product_tag":[],"class_list":["post-5149","product","type-product","status-publish","has-post-thumbnail","hentry","product_cat-sunkaraoke-dalok","desktop-align-left","tablet-align-left","mobile-align-left"],"_links":{"self":[{"href":"https:\/\/www.sunkaraoke.hu\/index.php\/wp-json\/wp\/v2\/product\/5149","targetHints":{"allow":["GET"]}}],"collection":[{"href":"https:\/\/www.sunkaraoke.hu\/index.php\/wp-json\/wp\/v2\/product"}],"about":[{"href":"https:\/\/www.sunkaraoke.hu\/index.php\/wp-json\/wp\/v2\/types\/product"}],"wp:featuredmedia":[{"embeddable":true,"href":"https:\/\/www.sunkaraoke.hu\/index.php\/wp-json\/wp\/v2\/media\/18531"}],"wp:attachment":[{"href":"https:\/\/www.sunkaraoke.hu\/index.php\/wp-json\/wp\/v2\/media?parent=5149"}],"wp:term":[{"taxonomy":"product_cat","embeddable":true,"href":"https:\/\/www.sunkaraoke.hu\/index.php\/wp-json\/wp\/v2\/product_cat?post=5149"},{"taxonomy":"product_tag","embeddable":true,"href":"https:\/\/www.sunkaraoke.hu\/index.php\/wp-json\/wp\/v2\/product_tag?post=5149"}],"curies":[{"name":"wp","href":"https:\/\/api.w.org\/{rel}","templated":true}]}}