{"id":5143,"date":"2022-08-08T20:48:40","date_gmt":"2022-08-08T20:48:40","guid":{"rendered":"https:\/\/www.sunkaraoke.hu\/index.php\/termek\/zambo-jimmy-mit-akarsz-a-boldogsagtol-2017-transzp-v-2\/"},"modified":"2026-01-06T10:39:15","modified_gmt":"2026-01-06T08:39:15","slug":"zambo-jimmy-mit-akarsz-a-boldogsagtol-2017-transzp-v-2","status":"publish","type":"product","link":"https:\/\/www.sunkaraoke.hu\/index.php\/termek\/zambo-jimmy-mit-akarsz-a-boldogsagtol-2017-transzp-v-2\/","title":{"rendered":"<div class=\"wcmp-player-container product-5143\"><audio controlslist=\"nodownload\" data-product=\"5143\"  volume=\"1\"  preload=\"none\" data-lazyloading=\"none\" class=\"wcmp-player track mejs-classic\" data-duration=\"0:34\" data-estimated_duration=\"4\"><source src=\"https:\/\/www.sunkaraoke.hu\/wp-content\/uploads\/2022\/08\/Mit-akarsz-a-boldogsagtol-transz-Voc.-SB.-demooo.mp3\" type=\"audio\/mp3\" \/><\/audio><\/div>Z\u00e1mb\u00f3 Jimmy &#8211; Mit akarsz a boldogs\u00e1gt\u00f3l (SB. Edition)"},"content":{"rendered":"<p><strong>04:03<\/strong> | <strong><img loading=\"lazy\" decoding=\"async\" class=\"alignnone size-full wp-image-466\" src=\"https:\/\/www.sunkaraoke.hu\/wp-content\/uploads\/2022\/07\/choir_1-copy.webp\" alt=\"\" width=\"30\" height=\"30\" \/> <strong> | <img loading=\"lazy\" decoding=\"async\" class=\"alignnone size-full wp-image-613\" src=\"https:\/\/www.sunkaraoke.hu\/wp-content\/uploads\/2022\/07\/transzponalas.webp\" alt=\"\" width=\"30\" height=\"30\" \/> <\/strong><strong>-3<\/strong><\/strong><\/p>\n","protected":false},"excerpt":{"rendered":"<h6><strong>Bits\u0171r\u0171s\u00e9g: 320<\/strong>kb\/s<strong><br \/>\n<\/strong><strong>Hossz: <\/strong>04:03<strong><br \/>\n<\/strong><strong style=\"font-size: 16px;\">Vok\u00e1lt tartalmaz: <\/strong>Igen <img loading=\"lazy\" decoding=\"async\" class=\"alignnone size-full wp-image-466\" src=\"http:\/\/www.sunkaraoke.hu\/wp-content\/uploads\/2022\/07\/choir_1-copy.png\" alt=\"\" width=\"30\" height=\"30\" \/><strong style=\"font-size: 16px;\"><br \/>\n<\/strong><strong>Transzpon\u00e1l\u00e1s: <\/strong><img loading=\"lazy\" decoding=\"async\" class=\"alignnone size-full wp-image-613\" src=\"http:\/\/www.sunkaraoke.hu\/wp-content\/uploads\/2022\/07\/transzponalas.png\" alt=\"\" width=\"30\" height=\"30\" \/> -3<\/h6>\n<p>Sunkaraoke mp3 st\u00fadi\u00f3 \/ www.sunkaraoke.hu \/ Inf: Tel: 06 20 4275001<\/p>\n<p>&#8212;Intr\u00f3&#8212;<br \/>\nM\u00edg \u00f6r\u00f6k a v\u00e1gy,m\u00edg \u00f6r\u00f6k a ny\u00e1r.<br \/>\nm\u00edg valakit h\u00edvsz,kit valaki v\u00e1r.<br \/>\nA k\u00e9pzelet sz\u00e1ll valami\u00e9rt,<br \/>\n\u00e9s dobog a sz\u00edv majd valaki\u00e9rt.<br \/>\nMit akarsz a boldogs\u00e1gt\u00f3l,mi\u00e9rt v\u00e1rod \u00fagy,<br \/>\nmi\u00e9rt v\u00e1rod \u00fagy,hogy majd el\u00e9r?<br \/>\nMit akarsz a boldogs\u00e1gt\u00f3l,nem \u00e9ln\u00e9d t\u00fal,<br \/>\nnem \u00e9ln\u00e9d t\u00fal,ha v\u00e9get \u00e9r.<br \/>\n&#8212;Sz\u00f3l\u00f3&#8212;\/\/01:21\/\/<br \/>\nM\u00edg \u00f6r\u00f6k a v\u00e1gy,m\u00edg \u00f6r\u00f6k a ny\u00e1r.<br \/>\nm\u00edg valakit h\u00edvsz,kit valaki v\u00e1r.<br \/>\nA k\u00e9pzelet sz\u00e1ll valami\u00e9rt,<br \/>\n\u00e9s dobog a sz\u00edv majd valaki\u00e9rt.<br \/>\nMit akarsz a boldogs\u00e1gt\u00f3l,mi\u00e9rt v\u00e1rod \u00fagy,<br \/>\nmi\u00e9rt v\u00e1rod \u00fagy,hogy majd el\u00e9r?<br \/>\nMit akarsz a boldogs\u00e1gt\u00f3l,nem \u00e9ln\u00e9d t\u00fal,<br \/>\nnem \u00e9ln\u00e9d t\u00fal,ha v\u00e9get \u00e9r.<br \/>\nMit akarsz a boldogs\u00e1gt\u00f3l,mi\u00e9rt v\u00e1rod \u00fagy,<br \/>\nmi\u00e9rt v\u00e1rod \u00fagy,hogy majd el\u00e9r?<br \/>\nMit akarsz a boldogs\u00e1gt\u00f3l,nem \u00e9ln\u00e9d t\u00fal,<br \/>\nnem \u00e9ln\u00e9d t\u00fal,ha v\u00e9get \u00e9r.<br \/>\n&#8212;Sz\u00f3l\u00f3&#8212;<br \/>\nMit akarsz a boldogs\u00e1gt\u00f3l,mi\u00e9rt v\u00e1rod \u00fagy,<br \/>\nmi\u00e9rt v\u00e1rod \u00fagy,hogy majd el\u00e9r?<br \/>\nMit akarsz a boldogs\u00e1gt\u00f3l,nem \u00e9ln\u00e9d t\u00fal,<br \/>\nnem \u00e9ln\u00e9d t\u00fal,ha v\u00e9get \u00e9r.<br \/>\nMit akarsz a boldogs\u00e1gt\u00f3l,mi\u00e9rt v\u00e1rod \u00fagy,<br \/>\nmi\u00e9rt v\u00e1rod \u00fagy,hogy majd el\u00e9r?<br \/>\nMit akarsz a boldogs\u00e1gt\u00f3l,nem \u00e9ln\u00e9d t\u00fal,<br \/>\nnem \u00e9ln\u00e9d t\u00fal,ha v\u00e9get \u00e9r.<br \/>\n&#8212;V\u00e9ge&#8212;<\/p>\n","protected":false},"featured_media":9274,"template":"","meta":{"site-sidebar-layout":"default","site-content-layout":"default","ast-site-content-layout":"default","site-content-style":"default","site-sidebar-style":"default","ast-global-header-display":"","ast-banner-title-visibility":"","ast-main-header-display":"","ast-hfb-above-header-display":"","ast-hfb-below-header-display":"","ast-hfb-mobile-header-display":"","site-post-title":"","ast-breadcrumbs-content":"","ast-featured-img":"","footer-sml-layout":"","theme-transparent-header-meta":"default","adv-header-id-meta":"","stick-header-meta":"","header-above-stick-meta":"","header-main-stick-meta":"","header-below-stick-meta":"","astra-migrate-meta-layouts":"set","ast-page-background-enabled":"default","ast-page-background-meta":{"desktop":{"background-color":"var(--ast-global-color-4)","background-image":"","background-repeat":"repeat","background-position":"center center","background-size":"auto","background-attachment":"scroll","background-type":"","background-media":"","overlay-type":"","overlay-color":"","overlay-opacity":"","overlay-gradient":""},"tablet":{"background-color":"","background-image":"","background-repeat":"repeat","background-position":"center center","background-size":"auto","background-attachment":"scroll","background-type":"","background-media":"","overlay-type":"","overlay-color":"","overlay-opacity":"","overlay-gradient":""},"mobile":{"background-color":"","background-image":"","background-repeat":"repeat","background-position":"center center","background-size":"auto","background-attachment":"scroll","background-type":"","background-media":"","overlay-type":"","overlay-color":"","overlay-opacity":"","overlay-gradient":""}},"ast-content-background-meta":{"desktop":{"background-color":"var(--ast-global-color-5)","background-image":"","background-repeat":"repeat","background-position":"center center","background-size":"auto","background-attachment":"scroll","background-type":"","background-media":"","overlay-type":"","overlay-color":"","overlay-opacity":"","overlay-gradient":""},"tablet":{"background-color":"var(--ast-global-color-5)","background-image":"","background-repeat":"repeat","background-position":"center center","background-size":"auto","background-attachment":"scroll","background-type":"","background-media":"","overlay-type":"","overlay-color":"","overlay-opacity":"","overlay-gradient":""},"mobile":{"background-color":"var(--ast-global-color-5)","background-image":"","background-repeat":"repeat","background-position":"center center","background-size":"auto","background-attachment":"scroll","background-type":"","background-media":"","overlay-type":"","overlay-color":"","overlay-opacity":"","overlay-gradient":""}}},"product_cat":[48],"product_tag":[],"class_list":["post-5143","product","type-product","status-publish","has-post-thumbnail","hentry","product_cat-sunkaraoke-dalok","desktop-align-left","tablet-align-left","mobile-align-left"],"_links":{"self":[{"href":"https:\/\/www.sunkaraoke.hu\/index.php\/wp-json\/wp\/v2\/product\/5143","targetHints":{"allow":["GET"]}}],"collection":[{"href":"https:\/\/www.sunkaraoke.hu\/index.php\/wp-json\/wp\/v2\/product"}],"about":[{"href":"https:\/\/www.sunkaraoke.hu\/index.php\/wp-json\/wp\/v2\/types\/product"}],"wp:featuredmedia":[{"embeddable":true,"href":"https:\/\/www.sunkaraoke.hu\/index.php\/wp-json\/wp\/v2\/media\/9274"}],"wp:attachment":[{"href":"https:\/\/www.sunkaraoke.hu\/index.php\/wp-json\/wp\/v2\/media?parent=5143"}],"wp:term":[{"taxonomy":"product_cat","embeddable":true,"href":"https:\/\/www.sunkaraoke.hu\/index.php\/wp-json\/wp\/v2\/product_cat?post=5143"},{"taxonomy":"product_tag","embeddable":true,"href":"https:\/\/www.sunkaraoke.hu\/index.php\/wp-json\/wp\/v2\/product_tag?post=5143"}],"curies":[{"name":"wp","href":"https:\/\/api.w.org\/{rel}","templated":true}]}}