{"id":5097,"date":"2022-08-08T20:48:36","date_gmt":"2022-08-08T20:48:36","guid":{"rendered":"https:\/\/www.sunkaraoke.hu\/index.php\/termek\/dolly-roll-karacsonyi-kepeslap\/"},"modified":"2025-04-12T04:29:03","modified_gmt":"2025-04-12T04:29:03","slug":"dolly-roll-karacsonyi-kepeslap","status":"publish","type":"product","link":"https:\/\/www.sunkaraoke.hu\/index.php\/termek\/dolly-roll-karacsonyi-kepeslap\/","title":{"rendered":"<div class=\"wcmp-player-container product-5097\"><audio controlslist=\"nodownload\" data-product=\"5097\"  volume=\"1\"  preload=\"none\" data-lazyloading=\"none\" class=\"wcmp-player track mejs-classic\" data-duration=\"0:34\" data-estimated_duration=\"4\"><source src=\"https:\/\/www.sunkaraoke.hu\/wp-content\/uploads\/2022\/08\/Karacsonyi-kepeslap-Dolly-SB.-kdemioo.mp3\" type=\"audio\/mp3\" \/><\/audio><\/div>Dolly Roll &#8211; Kar\u00e1csonyi k\u00e9peslap (Original)"},"content":{"rendered":"<p><strong>02:46<\/strong> | <strong><img loading=\"lazy\" decoding=\"async\" class=\"alignnone size-full wp-image-467\" src=\"https:\/\/www.sunkaraoke.hu\/wp-content\/uploads\/2022\/07\/choir_2-copy.webp\" alt=\"\" width=\"30\" height=\"30\" \/> <\/strong><\/p>\n","protected":false},"excerpt":{"rendered":"<h6><strong>Bits\u0171r\u0171s\u00e9g: 320<\/strong>kb\/s<strong><br \/>\n<\/strong><strong>Hossz: <\/strong>02:46<strong><br \/>\n<\/strong><strong style=\"font-size: 16px;\">Vok\u00e1lt tartalmaz: <\/strong>Nem <img loading=\"lazy\" decoding=\"async\" class=\"alignnone size-full wp-image-467\" src=\"http:\/\/www.sunkaraoke.hu\/wp-content\/uploads\/2022\/07\/choir_2-copy.png\" alt=\"\" width=\"30\" height=\"30\" \/><strong style=\"font-size: 16px;\"><br \/>\n<\/strong><\/h6>\n<p>Sunkaraoke mp3 st\u00fadi\u00f3 \/ www.sunkaraoke.hu \/ Inf: Tel: 06 20 4275001<\/p>\n<p>&#8212;Intr\u00f3&#8212;<br \/>\nH\u00f3feh\u00e9r j\u00e1szol \u00e9s csengetty\u0171s sz\u00e1n,<br \/>\naz ablakn\u00e1l h\u00f3ember \u00e1ll,<br \/>\nsz\u00e1z feh\u00e9r angyalka k\u00f6rt\u00e1ncot j\u00e1r,<br \/>\na szob\u00e1dban aj\u00e1nd\u00e9k v\u00e1r.<br \/>\nSzikr\u00e1z\u00f3n csillog az \u00e1gon a l\u00e1ng,<br \/>\nkigy\u00falt az \u00fcnnepi f\u00e9ny.<br \/>\nD\u00edsz\u00edts\u00fck egy\u00fctt fel ma d\u00e9lut\u00e1n,<br \/>\na mi f\u00e1nkat te meg \u00e9n.<\/p>\n<p>Szemedben \u00e9g a gyertyaf\u00e9ny,<br \/>\ngondolj r\u00e1m kar\u00e1csony \u00fcnnep\u00e9n,<br \/>\nha majd a dallam v\u00e9get \u00e9r,<br \/>\neml\u00e9ke mindig benned \u00e9l.<br \/>\nha majd a dallam v\u00e9get \u00e9r,<br \/>\neml\u00e9ke mindig benned \u00e9l.<\/p>\n<p>T\u0151lem nem tudj\u00e1k elvenni ,azt a hitet,<br \/>\nhogy a rossz ut\u00e1n,csak j\u00f3 j\u00f6het,<br \/>\nminden bar\u00e1tra gondolni kell,<br \/>\na k\u00e9peslap \u00e9nekel.<br \/>\nSzemedben \u00e9g a gyertyaf\u00e9ny,<br \/>\ngondolj r\u00e1m kar\u00e1csony \u00fcnnep\u00e9n,<br \/>\nha majd a dallam v\u00e9get \u00e9r,<br \/>\neml\u00e9ke mindig benned \u00e9l.<br \/>\nL\u00e9pj h\u00e1t be!<br \/>\nSzemedben \u00e9g a gyertyaf\u00e9ny,<br \/>\ngondolj r\u00e1m kar\u00e1csony \u00fcnnep\u00e9n,<br \/>\nha majd a dallam v\u00e9get \u00e9r,<br \/>\neml\u00e9ke mindig benned \u00e9l.<br \/>\nEml\u00e9ke mindig benned \u00e9l&#8230;.<br \/>\nEml\u00e9ke \u00f6r\u00f6kre benned \u00e9l&#8230;..<br \/>\n&#8212;V\u00e9ge&#8212;<\/p>\n","protected":false},"featured_media":9300,"template":"","meta":{"site-sidebar-layout":"default","site-content-layout":"default","ast-site-content-layout":"default","site-content-style":"default","site-sidebar-style":"default","ast-global-header-display":"","ast-banner-title-visibility":"","ast-main-header-display":"","ast-hfb-above-header-display":"","ast-hfb-below-header-display":"","ast-hfb-mobile-header-display":"","site-post-title":"","ast-breadcrumbs-content":"","ast-featured-img":"","footer-sml-layout":"","theme-transparent-header-meta":"default","adv-header-id-meta":"","stick-header-meta":"","header-above-stick-meta":"","header-main-stick-meta":"","header-below-stick-meta":"","astra-migrate-meta-layouts":"set","ast-page-background-enabled":"default","ast-page-background-meta":{"desktop":{"background-color":"var(--ast-global-color-4)","background-image":"","background-repeat":"repeat","background-position":"center center","background-size":"auto","background-attachment":"scroll","background-type":"","background-media":"","overlay-type":"","overlay-color":"","overlay-opacity":"","overlay-gradient":""},"tablet":{"background-color":"","background-image":"","background-repeat":"repeat","background-position":"center center","background-size":"auto","background-attachment":"scroll","background-type":"","background-media":"","overlay-type":"","overlay-color":"","overlay-opacity":"","overlay-gradient":""},"mobile":{"background-color":"","background-image":"","background-repeat":"repeat","background-position":"center center","background-size":"auto","background-attachment":"scroll","background-type":"","background-media":"","overlay-type":"","overlay-color":"","overlay-opacity":"","overlay-gradient":""}},"ast-content-background-meta":{"desktop":{"background-color":"var(--ast-global-color-5)","background-image":"","background-repeat":"repeat","background-position":"center center","background-size":"auto","background-attachment":"scroll","background-type":"","background-media":"","overlay-type":"","overlay-color":"","overlay-opacity":"","overlay-gradient":""},"tablet":{"background-color":"var(--ast-global-color-5)","background-image":"","background-repeat":"repeat","background-position":"center center","background-size":"auto","background-attachment":"scroll","background-type":"","background-media":"","overlay-type":"","overlay-color":"","overlay-opacity":"","overlay-gradient":""},"mobile":{"background-color":"var(--ast-global-color-5)","background-image":"","background-repeat":"repeat","background-position":"center center","background-size":"auto","background-attachment":"scroll","background-type":"","background-media":"","overlay-type":"","overlay-color":"","overlay-opacity":"","overlay-gradient":""}}},"product_cat":[48],"product_tag":[],"class_list":["post-5097","product","type-product","status-publish","has-post-thumbnail","hentry","product_cat-sunkaraoke-dalok","desktop-align-left","tablet-align-left","mobile-align-left"],"_links":{"self":[{"href":"https:\/\/www.sunkaraoke.hu\/index.php\/wp-json\/wp\/v2\/product\/5097","targetHints":{"allow":["GET"]}}],"collection":[{"href":"https:\/\/www.sunkaraoke.hu\/index.php\/wp-json\/wp\/v2\/product"}],"about":[{"href":"https:\/\/www.sunkaraoke.hu\/index.php\/wp-json\/wp\/v2\/types\/product"}],"wp:featuredmedia":[{"embeddable":true,"href":"https:\/\/www.sunkaraoke.hu\/index.php\/wp-json\/wp\/v2\/media\/9300"}],"wp:attachment":[{"href":"https:\/\/www.sunkaraoke.hu\/index.php\/wp-json\/wp\/v2\/media?parent=5097"}],"wp:term":[{"taxonomy":"product_cat","embeddable":true,"href":"https:\/\/www.sunkaraoke.hu\/index.php\/wp-json\/wp\/v2\/product_cat?post=5097"},{"taxonomy":"product_tag","embeddable":true,"href":"https:\/\/www.sunkaraoke.hu\/index.php\/wp-json\/wp\/v2\/product_tag?post=5097"}],"curies":[{"name":"wp","href":"https:\/\/api.w.org\/{rel}","templated":true}]}}