{"id":4998,"date":"2022-08-08T20:48:27","date_gmt":"2022-08-08T20:48:27","guid":{"rendered":"https:\/\/www.sunkaraoke.hu\/index.php\/termek\/marta-joco-ezeregy-eve\/"},"modified":"2025-04-11T14:19:45","modified_gmt":"2025-04-11T14:19:45","slug":"marta-joco-ezeregy-eve","status":"publish","type":"product","link":"https:\/\/www.sunkaraoke.hu\/index.php\/termek\/marta-joco-ezeregy-eve\/","title":{"rendered":"<div class=\"wcmp-player-container product-4998\"><audio controlslist=\"nodownload\" data-product=\"4998\"  volume=\"1\"  preload=\"none\" data-lazyloading=\"none\" class=\"wcmp-player track mejs-classic\" data-duration=\"0:33\" data-estimated_duration=\"4\"><source src=\"https:\/\/www.sunkaraoke.hu\/wp-content\/uploads\/2022\/08\/Ezeregy-eve-M.-kdemooo.mp3\" type=\"audio\/mp3\" \/><\/audio><\/div>M\u00e1rta Joc\u00f3 &#8211; Ezeregy \u00e9ve (Original)"},"content":{"rendered":"<p><strong>03:47<\/strong> | <strong><img loading=\"lazy\" decoding=\"async\" class=\"alignnone size-full wp-image-467\" src=\"https:\/\/www.sunkaraoke.hu\/wp-content\/uploads\/2022\/07\/choir_2-copy.webp\" alt=\"\" width=\"30\" height=\"30\" \/> <\/strong><\/p>\n","protected":false},"excerpt":{"rendered":"<h6><strong>Bits\u0171r\u0171s\u00e9g: 320<\/strong>kb\/s<strong><br \/>\n<\/strong><strong>Hossz: <\/strong>03:47<strong><br \/>\n<\/strong><strong style=\"font-size: 16px;\">Vok\u00e1lt tartalmaz: <\/strong>Nem <img loading=\"lazy\" decoding=\"async\" class=\"alignnone size-full wp-image-467\" src=\"http:\/\/www.sunkaraoke.hu\/wp-content\/uploads\/2022\/07\/choir_2-copy.png\" alt=\"\" width=\"30\" height=\"30\" \/><strong style=\"font-size: 16px;\"><br \/>\n<\/strong><\/h6>\n<p>Sunkaraoke mp3 st\u00fadi\u00f3 \/ www.sunkaraoke.hu \/ Inf: Tel: 06 20 4275001<\/p>\n<p>&#8212;Intro&#8212;<\/p>\n<p>Soha nem \u00e9reztem m\u00e9g ezt az \u00e9rz\u00e9st,<br \/>\nannyira felkavar.<br \/>\nSoha nem k\u00e9rdeztem hogy merre j\u00e1rsz,<br \/>\nha nem tudom nem zavar.<br \/>\n\u00c9n bearanyoztam a sz\u00edvedet,<br \/>\nde m\u00e9g is elhagyt\u00e1l,<br \/>\nAzt\u00e1n j\u00f6ttek az \u00e1lmatlan \u00e9jszak\u00e1k,<br \/>\nennek ezeregy \u00e9ve m\u00e1r.<\/p>\n<p>Ezeregy \u00e9ve hogy elment\u00e9l,<br \/>\naz\u00f3ta v\u00e1rom a v\u00e1laszod.<br \/>\nEzeregy \u00e9ve hallgatom a mel\u00f3di\u00e1t,<br \/>\nami egykor el\u00e1tkozott.<br \/>\nEzeregy \u00e9ve hogy elment\u00e9l,<br \/>\naz\u00f3ta v\u00e1rom a v\u00e1laszod.<br \/>\nEzeregy \u00e9ve hallgatom a mel\u00f3di\u00e1t,<br \/>\nami egykor el\u00e1tkozott.<\/p>\n<p>&#8212;Solo&#8212;<\/p>\n<p>Egyed\u00fcl fekszem az \u00e1gyamon,<br \/>\nhi\u00e1nyod f\u00e1j nagyon.<br \/>\nSz\u00edvembe has\u00edt a f\u00e1jdalom,<br \/>\nmi\u00e9rt van ez ha nem akarom.<br \/>\nCsak egy levelet hagyt\u00e1l az asztalon,<br \/>\nha olvasom nagyon f\u00e1j.<br \/>\nEszembe jutnak az eml\u00e9kek,<br \/>\nennek ezeregy \u00e9ve m\u00e1r.<\/p>\n<p>Ezeregy \u00e9ve hogy elment\u00e9l,<br \/>\naz\u00f3ta v\u00e1rom a v\u00e1laszod.<br \/>\nEzeregy \u00e9ve hallgatom a mel\u00f3di\u00e1t,<br \/>\nami egykor el\u00e1tkozott.<br \/>\nEzeregy \u00e9ve hogy elment\u00e9l,<br \/>\naz\u00f3ta v\u00e1rom a v\u00e1laszod.<br \/>\nEzeregy \u00e9ve hallgatom a mel\u00f3di\u00e1t,<br \/>\nami egykor el\u00e1tkozott.<br \/>\n&#8212;Solo&#8212;<\/p>\n<p>Visszaj\u00f6ssz majd egy sz\u00e9p napon,<br \/>\nsoha nem engedlek el.<br \/>\nTudom r\u00e1j\u00f6ssz majd hogy t\u00e9vedt\u00e9l,<br \/>\nde nem baj, felejts\u00fck el.<br \/>\n\u00c9n bearanyoztam a sz\u00edvedet,<br \/>\nde m\u00e9g is elhagyt\u00e1l,<br \/>\nAzt\u00e1n j\u00f6ttek az \u00e1lmatlan \u00e9jszak\u00e1k,<br \/>\nennek ezeregy \u00e9ve m\u00e1r.<\/p>\n<p>Ezeregy \u00e9ve hogy elment\u00e9l,<br \/>\naz\u00f3ta v\u00e1rom a v\u00e1laszod.<br \/>\nEzeregy \u00e9ve hallgatom a mel\u00f3di\u00e1t,<br \/>\nami egykor el\u00e1tkozott.<br \/>\nEzeregy \u00e9ve hogy elment\u00e9l,<br \/>\naz\u00f3ta v\u00e1rom a v\u00e1laszod.<br \/>\nEzeregy \u00e9ve hallgatom a mel\u00f3di\u00e1t,<br \/>\nami egykor el\u00e1tkozott.<\/p>\n","protected":false},"featured_media":8752,"template":"","meta":{"site-sidebar-layout":"default","site-content-layout":"default","ast-site-content-layout":"default","site-content-style":"default","site-sidebar-style":"default","ast-global-header-display":"","ast-banner-title-visibility":"","ast-main-header-display":"","ast-hfb-above-header-display":"","ast-hfb-below-header-display":"","ast-hfb-mobile-header-display":"","site-post-title":"","ast-breadcrumbs-content":"","ast-featured-img":"","footer-sml-layout":"","theme-transparent-header-meta":"default","adv-header-id-meta":"","stick-header-meta":"","header-above-stick-meta":"","header-main-stick-meta":"","header-below-stick-meta":"","astra-migrate-meta-layouts":"set","ast-page-background-enabled":"default","ast-page-background-meta":{"desktop":{"background-color":"var(--ast-global-color-4)","background-image":"","background-repeat":"repeat","background-position":"center center","background-size":"auto","background-attachment":"scroll","background-type":"","background-media":"","overlay-type":"","overlay-color":"","overlay-opacity":"","overlay-gradient":""},"tablet":{"background-color":"","background-image":"","background-repeat":"repeat","background-position":"center center","background-size":"auto","background-attachment":"scroll","background-type":"","background-media":"","overlay-type":"","overlay-color":"","overlay-opacity":"","overlay-gradient":""},"mobile":{"background-color":"","background-image":"","background-repeat":"repeat","background-position":"center center","background-size":"auto","background-attachment":"scroll","background-type":"","background-media":"","overlay-type":"","overlay-color":"","overlay-opacity":"","overlay-gradient":""}},"ast-content-background-meta":{"desktop":{"background-color":"var(--ast-global-color-5)","background-image":"","background-repeat":"repeat","background-position":"center center","background-size":"auto","background-attachment":"scroll","background-type":"","background-media":"","overlay-type":"","overlay-color":"","overlay-opacity":"","overlay-gradient":""},"tablet":{"background-color":"var(--ast-global-color-5)","background-image":"","background-repeat":"repeat","background-position":"center center","background-size":"auto","background-attachment":"scroll","background-type":"","background-media":"","overlay-type":"","overlay-color":"","overlay-opacity":"","overlay-gradient":""},"mobile":{"background-color":"var(--ast-global-color-5)","background-image":"","background-repeat":"repeat","background-position":"center center","background-size":"auto","background-attachment":"scroll","background-type":"","background-media":"","overlay-type":"","overlay-color":"","overlay-opacity":"","overlay-gradient":""}}},"product_cat":[46],"product_tag":[],"class_list":["post-4998","product","type-product","status-publish","has-post-thumbnail","hentry","product_cat-eredeti-karaoke-dalok","desktop-align-left","tablet-align-left","mobile-align-left"],"_links":{"self":[{"href":"https:\/\/www.sunkaraoke.hu\/index.php\/wp-json\/wp\/v2\/product\/4998","targetHints":{"allow":["GET"]}}],"collection":[{"href":"https:\/\/www.sunkaraoke.hu\/index.php\/wp-json\/wp\/v2\/product"}],"about":[{"href":"https:\/\/www.sunkaraoke.hu\/index.php\/wp-json\/wp\/v2\/types\/product"}],"wp:featuredmedia":[{"embeddable":true,"href":"https:\/\/www.sunkaraoke.hu\/index.php\/wp-json\/wp\/v2\/media\/8752"}],"wp:attachment":[{"href":"https:\/\/www.sunkaraoke.hu\/index.php\/wp-json\/wp\/v2\/media?parent=4998"}],"wp:term":[{"taxonomy":"product_cat","embeddable":true,"href":"https:\/\/www.sunkaraoke.hu\/index.php\/wp-json\/wp\/v2\/product_cat?post=4998"},{"taxonomy":"product_tag","embeddable":true,"href":"https:\/\/www.sunkaraoke.hu\/index.php\/wp-json\/wp\/v2\/product_tag?post=4998"}],"curies":[{"name":"wp","href":"https:\/\/api.w.org\/{rel}","templated":true}]}}