{"id":4991,"date":"2022-08-08T20:48:26","date_gmt":"2022-08-08T20:48:26","guid":{"rendered":"https:\/\/www.sunkaraoke.hu\/index.php\/termek\/marta-joco-angyalarcu-kiralylany\/"},"modified":"2025-04-11T14:40:46","modified_gmt":"2025-04-11T14:40:46","slug":"marta-joco-angyalarcu-kiralylany","status":"publish","type":"product","link":"https:\/\/www.sunkaraoke.hu\/index.php\/termek\/marta-joco-angyalarcu-kiralylany\/","title":{"rendered":"<div class=\"wcmp-player-container product-4991\"><audio controlslist=\"nodownload\" data-product=\"4991\"  volume=\"1\"  preload=\"none\" data-lazyloading=\"none\" class=\"wcmp-player track mejs-classic\" data-duration=\"0:34\" data-estimated_duration=\"4\"><source src=\"https:\/\/www.sunkaraoke.hu\/wp-content\/uploads\/2022\/08\/Angyalarcu-lany-vok-Joci-.-kdemooo.mp3\" type=\"audio\/mp3\" \/><\/audio><\/div>M\u00e1rta Joc\u00f3 &#8211; Angyalarc\u00fa kir\u00e1lyl\u00e1ny (Original)"},"content":{"rendered":"<p><strong>03:55<\/strong> |<\/p>\n","protected":false},"excerpt":{"rendered":"<h6><strong>Bits\u0171r\u0171s\u00e9g: 320<\/strong>kb\/s<strong><br \/>\n<\/strong><strong>Hossz: <\/strong>03:55<strong><br \/>\n<\/strong><strong style=\"font-size: 16px;\">Vok\u00e1lt tartalmaz: IGEN!<\/strong><strong style=\"font-size: 16px;\"><br \/>\n<\/strong><\/h6>\n<p>Sunkaraoke mp3 st\u00fadi\u00f3 \/ www.sunkaraoke.hu \/ Inf: Tel: 06 20 4275001<\/p>\n<p>&#8212;Intro&#8212;<\/p>\n<p>Ma j\u00f3l \u00e9rzem magam a bab\u00e1mmal,<br \/>\nJajj eg\u00e9sz \u00e9jjel h\u00fazatom a cig\u00e1nnyal.<br \/>\nT\u00e1ncolok, perd\u00fcl\u00f6k, picit meg is sz\u00e9d\u00fcl\u00f6k,<br \/>\nElh\u00fazatom a legszebbik n\u00f3t\u00e1mat.<\/p>\n<p>L\u00e1nyok-l\u00e1nyok \u00e9n nem f\u00e9lek,<br \/>\nMert az \u00e9n bab\u00e1m a legszebb a vid\u00e9ken.<br \/>\nHi\u00e1ba a felhajt\u00e1s, nem kell nekem soha m\u00e1s,<br \/>\nBoldog leszek vele \u00e9n amig \u00e9lek.<br \/>\nDe hi\u00e1ba a felhajt\u00e1s, nem kell nekem soha m\u00e1s,<br \/>\nBoldog leszek vele \u00e9n amig \u00e9lek.<\/p>\n<p>De angyalarc\u00fa kir\u00e1lyl\u00e1ny,<br \/>\nA szemed \u00fagy ragyog mint a sziv\u00e1rv\u00e1ny,<br \/>\nHa r\u00e1m n\u00e9zel \u00e9n elolvadok, v\u00e9gre boldog vagyok.<br \/>\nDe anygyalarc\u00fa gy\u00f6ny\u00f6r\u0171 l\u00e1ny,<br \/>\nA szemed \u00fagy ragyog mint a sziv\u00e1rv\u00e1ny,<br \/>\nHa r\u00e1m n\u00e9zel \u00e9n elolvadok, de v\u00e9gre boldog vagyok.<\/p>\n<p>&#8212;Solo&#8212;<\/p>\n<p>Elmulatom a p\u00e9nzemet,<br \/>\nNem l\u00e1ttak n\u00e1lunk m\u00e9g ennyi r\u00e9szeget.<br \/>\nT\u00e1ncolok, mulatok, azt se tudom hol vagyok,<br \/>\nDe amig szeret a bab\u00e1m \u00e9n vigadok.<\/p>\n<p>De l\u00e1nyok cs\u00f3kot \u00e9n nem k\u00e9rek,<br \/>\nMer az asszonyk\u00e1mmal boldogan \u00e9lek.<br \/>\nDe viszek neki vir\u00e1got, legszebbet a vil\u00e1gon,<br \/>\nJajj Istenem szeretem, \u00fagy im\u00e1dom.<br \/>\nDe viszek neki vir\u00e1got, legszebbet a vil\u00e1gon,<br \/>\nJajj Istenem szeretem, \u00fagy im\u00e1dom.<\/p>\n<p>De angyalarc\u00fa kir\u00e1lyl\u00e1ny,<br \/>\nA szemed \u00fagy ragyog mint a sziv\u00e1rv\u00e1ny,<br \/>\nHa r\u00e1m n\u00e9zel \u00e9n elolvadok, v\u00e9gre boldog vagyok.<br \/>\nDe anygyalarc\u00fa gy\u00f6ny\u00f6r\u0171 l\u00e1ny,<br \/>\nA szemed \u00fagy ragyog mint a sziv\u00e1rv\u00e1ny,<br \/>\nHa r\u00e1m n\u00e9zel \u00e9n elolvadok, de v\u00e9gre boldog vagyok.<\/p>\n<p>&#8212;Solo&#8212;<\/p>\n<p>Amig \u00e9lek \u00e9n zen\u00e9lek,<br \/>\nEl\u00e9g nagy a vil\u00e1g b\u0151ven elf\u00e9rek.<br \/>\nKih\u00fazom \u00e9n magamat, lev\u00e1gom a hajamat,<br \/>\nGyere r\u00f3zs\u00e1m, szomorkodni nem szabad.<\/p>\n<p>De l\u00e1nyok cs\u00f3kot \u00e9n nem k\u00e9rek,<br \/>\nMer az asszonyk\u00e1mmal boldogan \u00e9lek.<br \/>\nDe viszek neki vir\u00e1got, legszebbet a vil\u00e1gon,<br \/>\nJajj Istenem szeretem, \u00fagy im\u00e1dom.<br \/>\nDe viszek neki vir\u00e1got, legszebbet a vil\u00e1gon,<br \/>\nJajj Istenem szeretem, \u00fagy im\u00e1dom.<\/p>\n<p>De angyalarc\u00fa kir\u00e1lyl\u00e1ny,<br \/>\nA szemed \u00fagy ragyog mint a sziv\u00e1rv\u00e1ny,<br \/>\nHa r\u00e1m n\u00e9zel \u00e9n elolvadok, v\u00e9gre boldog vagyok.<br \/>\nDe anygyalarc\u00fa gy\u00f6ny\u00f6r\u0171 l\u00e1ny,<br \/>\nA szemed \u00fagy ragyog mint a sziv\u00e1rv\u00e1ny,<br \/>\nHa r\u00e1m n\u00e9zel \u00e9n elolvadok, de v\u00e9gre boldog vagyok.<\/p>\n<p>&#8212;Solo&#8212;<\/p>\n<p>De angyalarc\u00fa kir\u00e1lyl\u00e1ny,<br \/>\nA szemed \u00fagy ragyog mint a sziv\u00e1rv\u00e1ny,<br \/>\nHa r\u00e1m n\u00e9zel \u00e9n elolvadok, v\u00e9gre boldog vagyok.<br \/>\nDe anygyalarc\u00fa gy\u00f6ny\u00f6r\u0171 l\u00e1ny,<br \/>\nA szemed \u00fagy ragyog mint a sziv\u00e1rv\u00e1ny,<br \/>\nHa r\u00e1m n\u00e9zel \u00e9n elolvadok, de v\u00e9gre boldog vagyok.<br \/>\nDe v\u00e9gre boldog vagyok.<\/p>\n","protected":false},"featured_media":8752,"template":"","meta":{"site-sidebar-layout":"default","site-content-layout":"default","ast-site-content-layout":"default","site-content-style":"default","site-sidebar-style":"default","ast-global-header-display":"","ast-banner-title-visibility":"","ast-main-header-display":"","ast-hfb-above-header-display":"","ast-hfb-below-header-display":"","ast-hfb-mobile-header-display":"","site-post-title":"","ast-breadcrumbs-content":"","ast-featured-img":"","footer-sml-layout":"","theme-transparent-header-meta":"default","adv-header-id-meta":"","stick-header-meta":"","header-above-stick-meta":"","header-main-stick-meta":"","header-below-stick-meta":"","astra-migrate-meta-layouts":"set","ast-page-background-enabled":"default","ast-page-background-meta":{"desktop":{"background-color":"var(--ast-global-color-4)","background-image":"","background-repeat":"repeat","background-position":"center center","background-size":"auto","background-attachment":"scroll","background-type":"","background-media":"","overlay-type":"","overlay-color":"","overlay-opacity":"","overlay-gradient":""},"tablet":{"background-color":"","background-image":"","background-repeat":"repeat","background-position":"center center","background-size":"auto","background-attachment":"scroll","background-type":"","background-media":"","overlay-type":"","overlay-color":"","overlay-opacity":"","overlay-gradient":""},"mobile":{"background-color":"","background-image":"","background-repeat":"repeat","background-position":"center center","background-size":"auto","background-attachment":"scroll","background-type":"","background-media":"","overlay-type":"","overlay-color":"","overlay-opacity":"","overlay-gradient":""}},"ast-content-background-meta":{"desktop":{"background-color":"var(--ast-global-color-5)","background-image":"","background-repeat":"repeat","background-position":"center center","background-size":"auto","background-attachment":"scroll","background-type":"","background-media":"","overlay-type":"","overlay-color":"","overlay-opacity":"","overlay-gradient":""},"tablet":{"background-color":"var(--ast-global-color-5)","background-image":"","background-repeat":"repeat","background-position":"center center","background-size":"auto","background-attachment":"scroll","background-type":"","background-media":"","overlay-type":"","overlay-color":"","overlay-opacity":"","overlay-gradient":""},"mobile":{"background-color":"var(--ast-global-color-5)","background-image":"","background-repeat":"repeat","background-position":"center center","background-size":"auto","background-attachment":"scroll","background-type":"","background-media":"","overlay-type":"","overlay-color":"","overlay-opacity":"","overlay-gradient":""}}},"product_cat":[46],"product_tag":[],"class_list":["post-4991","product","type-product","status-publish","has-post-thumbnail","hentry","product_cat-eredeti-karaoke-dalok","desktop-align-left","tablet-align-left","mobile-align-left"],"_links":{"self":[{"href":"https:\/\/www.sunkaraoke.hu\/index.php\/wp-json\/wp\/v2\/product\/4991","targetHints":{"allow":["GET"]}}],"collection":[{"href":"https:\/\/www.sunkaraoke.hu\/index.php\/wp-json\/wp\/v2\/product"}],"about":[{"href":"https:\/\/www.sunkaraoke.hu\/index.php\/wp-json\/wp\/v2\/types\/product"}],"wp:featuredmedia":[{"embeddable":true,"href":"https:\/\/www.sunkaraoke.hu\/index.php\/wp-json\/wp\/v2\/media\/8752"}],"wp:attachment":[{"href":"https:\/\/www.sunkaraoke.hu\/index.php\/wp-json\/wp\/v2\/media?parent=4991"}],"wp:term":[{"taxonomy":"product_cat","embeddable":true,"href":"https:\/\/www.sunkaraoke.hu\/index.php\/wp-json\/wp\/v2\/product_cat?post=4991"},{"taxonomy":"product_tag","embeddable":true,"href":"https:\/\/www.sunkaraoke.hu\/index.php\/wp-json\/wp\/v2\/product_tag?post=4991"}],"curies":[{"name":"wp","href":"https:\/\/api.w.org\/{rel}","templated":true}]}}