{"id":4988,"date":"2022-08-08T20:48:25","date_gmt":"2022-08-08T20:48:25","guid":{"rendered":"https:\/\/www.sunkaraoke.hu\/index.php\/termek\/marta-joco-egyetlen-boldogsagom\/"},"modified":"2025-04-11T13:02:49","modified_gmt":"2025-04-11T13:02:49","slug":"marta-joco-egyetlen-boldogsagom","status":"publish","type":"product","link":"https:\/\/www.sunkaraoke.hu\/index.php\/termek\/marta-joco-egyetlen-boldogsagom\/","title":{"rendered":"<div class=\"wcmp-player-container product-4988\"><audio controlslist=\"nodownload\" data-product=\"4988\"  volume=\"1\"  preload=\"none\" data-lazyloading=\"none\" class=\"wcmp-player track mejs-classic\" data-duration=\"0:32\" data-estimated_duration=\"4\"><source src=\"https:\/\/www.sunkaraoke.hu\/wp-content\/uploads\/2022\/08\/Egyetlen-boldogsagom.M.kademooo.mp3\" type=\"audio\/mp3\" \/><\/audio><\/div>M\u00e1rta Joc\u00f3 &#8211; Egyetlen boldogs\u00e1gom (Original)"},"content":{"rendered":"<p><strong>03:40<\/strong> | <strong><img loading=\"lazy\" decoding=\"async\" class=\"alignnone size-full wp-image-467\" src=\"https:\/\/www.sunkaraoke.hu\/wp-content\/uploads\/2022\/07\/choir_2-copy.webp\" alt=\"\" width=\"30\" height=\"30\" \/> <\/strong><\/p>\n","protected":false},"excerpt":{"rendered":"<h6><strong>Bits\u0171r\u0171s\u00e9g: 320<\/strong>kb\/s<strong><br \/>\n<\/strong><strong>Hossz: <\/strong>03:40<strong><br \/>\n<\/strong><strong style=\"font-size: 16px;\">Vok\u00e1lt tartalmaz: <\/strong>Nem <img loading=\"lazy\" decoding=\"async\" class=\"alignnone size-full wp-image-467\" src=\"http:\/\/www.sunkaraoke.hu\/wp-content\/uploads\/2022\/07\/choir_2-copy.png\" alt=\"\" width=\"30\" height=\"30\" \/><strong style=\"font-size: 16px;\"><br \/>\n<\/strong><\/h6>\n<p>Sunkaraoke mp3 st\u00fadi\u00f3 \/ www.sunkaraoke.hu \/ Inf: Tel: 06 20 4275001<\/p>\n<p>&#8212;Intro&#8212;<\/p>\n<p>Fel kel a nap egy \u00fajjabb reggel, f\u00e1radtan \u00e9bredek fel.<br \/>\nMagam el\u0151tt l\u00e1tom, \u00e9des kis arcodat.<br \/>\nEgyetlen \u00e9letem, egy hal\u00e1lom, ezerszer is v\u00e9gig j\u00e1rom,<br \/>\nAz utat melyet a mes\u00e9kben annyit hallottam.<\/p>\n<p>Egyetlen boldogs\u00e1ga, te lenn\u00e9l az \u00e9n f\u00e1j\u00f3 sz\u00edvemnek.<br \/>\nEgyetlen \u00f6lel\u00e9sed, megoldan\u00e1 a vesz\u00e9lyt.<br \/>\nEgyetlen orvoss\u00e1ga, te lenn\u00e9l az \u00e9n f\u00e1j\u00f3 sz\u00edvemnek.<br \/>\nEgyetlen \u00f6lel\u00e9sed, megoldan\u00e1 a vesz\u00e9lyt.<\/p>\n<p>&#8212;Solo&#8212;<\/p>\n<p>F\u00e1jdalmas, keser\u0171 az \u00e9let, szenved\u00e9seim nem \u00e9rnek v\u00e9get.<br \/>\nSz\u00edvem m\u00e1r boldogs\u00e1got nem rem\u00e9l.<br \/>\nNem n\u00e9z m\u00e9r r\u00e1m az \u00e9gbolt, valamikor minden sz\u00e9p volt.<br \/>\nEl\u00e1tkozott sz\u00edvemnek adj egy \u00faj es\u00e9lyt.<\/p>\n<p>Egyetlen boldogs\u00e1ga, te lenn\u00e9l az \u00e9n f\u00e1j\u00f3 sz\u00edvemnek.<br \/>\nEgyetlen \u00f6lel\u00e9sed, megoldan\u00e1 a vesz\u00e9lyt.<br \/>\nEgyetlen orvoss\u00e1ga, te lenn\u00e9l az \u00e9n f\u00e1j\u00f3 sz\u00edvemnek.<br \/>\nEgyetlen \u00f6lel\u00e9sed, megoldan\u00e1 a vesz\u00e9lyt.<\/p>\n<p>&#8212;Solo&#8212;<\/p>\n<p>Gy\u00f6trelem amiben \u00e9n \u00e9lek, Te gy\u00f3gy\u00edtan\u00e1d a lelkem,<br \/>\nNem haragszom \u00e9n m\u00e1r r\u00e1d t\u00f6bb\u00e9 kedvesem.<br \/>\nNem tudni hogy mit hoz az \u00e9let, ink\u00e1bb \u00e9lj\u00e9l velem k\u00e9rlek,<br \/>\nArra k\u00e9rem \u00e9n, majd a j\u00f3 Istent!<\/p>\n<p>Egyetlen boldogs\u00e1ga, te lenn\u00e9l az \u00e9n f\u00e1j\u00f3 sz\u00edvemnek.<br \/>\nEgyetlen \u00f6lel\u00e9sed, megoldan\u00e1 a vesz\u00e9lyt.<br \/>\nEgyetlen boldogs\u00e1ga, te lenn\u00e9l az \u00e9n f\u00e1j\u00f3 sz\u00edvemnek.<br \/>\nEgyetlen \u00f6lel\u00e9sed, megoldan\u00e1 a vesz\u00e9lyt.<\/p>\n<p>Egyetlen orvoss\u00e1ga, te lenn\u00e9l az \u00e9n f\u00e1j\u00f3 sz\u00edvemnek.<br \/>\nEgyetlen \u00f6lel\u00e9sed, megoldan\u00e1 a vesz\u00e9lyt.<\/p>\n","protected":false},"featured_media":8752,"template":"","meta":{"site-sidebar-layout":"default","site-content-layout":"default","ast-site-content-layout":"default","site-content-style":"default","site-sidebar-style":"default","ast-global-header-display":"","ast-banner-title-visibility":"","ast-main-header-display":"","ast-hfb-above-header-display":"","ast-hfb-below-header-display":"","ast-hfb-mobile-header-display":"","site-post-title":"","ast-breadcrumbs-content":"","ast-featured-img":"","footer-sml-layout":"","theme-transparent-header-meta":"default","adv-header-id-meta":"","stick-header-meta":"","header-above-stick-meta":"","header-main-stick-meta":"","header-below-stick-meta":"","astra-migrate-meta-layouts":"set","ast-page-background-enabled":"default","ast-page-background-meta":{"desktop":{"background-color":"var(--ast-global-color-4)","background-image":"","background-repeat":"repeat","background-position":"center center","background-size":"auto","background-attachment":"scroll","background-type":"","background-media":"","overlay-type":"","overlay-color":"","overlay-opacity":"","overlay-gradient":""},"tablet":{"background-color":"","background-image":"","background-repeat":"repeat","background-position":"center center","background-size":"auto","background-attachment":"scroll","background-type":"","background-media":"","overlay-type":"","overlay-color":"","overlay-opacity":"","overlay-gradient":""},"mobile":{"background-color":"","background-image":"","background-repeat":"repeat","background-position":"center center","background-size":"auto","background-attachment":"scroll","background-type":"","background-media":"","overlay-type":"","overlay-color":"","overlay-opacity":"","overlay-gradient":""}},"ast-content-background-meta":{"desktop":{"background-color":"var(--ast-global-color-5)","background-image":"","background-repeat":"repeat","background-position":"center center","background-size":"auto","background-attachment":"scroll","background-type":"","background-media":"","overlay-type":"","overlay-color":"","overlay-opacity":"","overlay-gradient":""},"tablet":{"background-color":"var(--ast-global-color-5)","background-image":"","background-repeat":"repeat","background-position":"center center","background-size":"auto","background-attachment":"scroll","background-type":"","background-media":"","overlay-type":"","overlay-color":"","overlay-opacity":"","overlay-gradient":""},"mobile":{"background-color":"var(--ast-global-color-5)","background-image":"","background-repeat":"repeat","background-position":"center center","background-size":"auto","background-attachment":"scroll","background-type":"","background-media":"","overlay-type":"","overlay-color":"","overlay-opacity":"","overlay-gradient":""}}},"product_cat":[46],"product_tag":[],"class_list":["post-4988","product","type-product","status-publish","has-post-thumbnail","hentry","product_cat-eredeti-karaoke-dalok","desktop-align-left","tablet-align-left","mobile-align-left"],"_links":{"self":[{"href":"https:\/\/www.sunkaraoke.hu\/index.php\/wp-json\/wp\/v2\/product\/4988","targetHints":{"allow":["GET"]}}],"collection":[{"href":"https:\/\/www.sunkaraoke.hu\/index.php\/wp-json\/wp\/v2\/product"}],"about":[{"href":"https:\/\/www.sunkaraoke.hu\/index.php\/wp-json\/wp\/v2\/types\/product"}],"wp:featuredmedia":[{"embeddable":true,"href":"https:\/\/www.sunkaraoke.hu\/index.php\/wp-json\/wp\/v2\/media\/8752"}],"wp:attachment":[{"href":"https:\/\/www.sunkaraoke.hu\/index.php\/wp-json\/wp\/v2\/media?parent=4988"}],"wp:term":[{"taxonomy":"product_cat","embeddable":true,"href":"https:\/\/www.sunkaraoke.hu\/index.php\/wp-json\/wp\/v2\/product_cat?post=4988"},{"taxonomy":"product_tag","embeddable":true,"href":"https:\/\/www.sunkaraoke.hu\/index.php\/wp-json\/wp\/v2\/product_tag?post=4988"}],"curies":[{"name":"wp","href":"https:\/\/api.w.org\/{rel}","templated":true}]}}