{"id":4975,"date":"2025-04-11T10:48:24","date_gmt":"2025-04-11T10:48:24","guid":{"rendered":"https:\/\/www.sunkaraoke.hu\/index.php\/termek\/jessy-ha-majd-nem-leszek\/"},"modified":"2025-04-11T13:11:13","modified_gmt":"2025-04-11T13:11:13","slug":"jessy-ha-majd-nem-leszek","status":"publish","type":"product","link":"https:\/\/www.sunkaraoke.hu\/index.php\/termek\/jessy-ha-majd-nem-leszek\/","title":{"rendered":"<div class=\"wcmp-player-container product-4975\"><audio controlslist=\"nodownload\" data-product=\"4975\"  volume=\"1\"  preload=\"none\" data-lazyloading=\"none\" class=\"wcmp-player track mejs-classic\" data-duration=\"0:33\" data-estimated_duration=\"4\"><source src=\"https:\/\/www.sunkaraoke.hu\/wp-content\/uploads\/2022\/08\/Ha-majd-nem-leszek-Vok-transz-Jessy-Sdemooo.mp3\" type=\"audio\/mp3\" \/><\/audio><\/div>Jessy &#8211; Ha majd nem leszek (SB Edition)"},"content":{"rendered":"<p><strong>03:32<\/strong> | <strong><img loading=\"lazy\" decoding=\"async\" class=\"alignnone size-full wp-image-466\" src=\"https:\/\/www.sunkaraoke.hu\/wp-content\/uploads\/2022\/07\/choir_1-copy.webp\" alt=\"\" width=\"30\" height=\"30\" \/> <strong> | <img loading=\"lazy\" decoding=\"async\" class=\"alignnone size-full wp-image-613\" src=\"https:\/\/www.sunkaraoke.hu\/wp-content\/uploads\/2022\/07\/transzponalas.webp\" alt=\"\" width=\"30\" height=\"30\" \/> <\/strong><strong>-2<\/strong><\/strong><\/p>\n","protected":false},"excerpt":{"rendered":"<h6><strong>Bits\u0171r\u0171s\u00e9g: 320<\/strong>kb\/s<strong><br \/>\n<\/strong><strong>Hossz: <\/strong>03:32<strong><br \/>\n<\/strong><strong style=\"font-size: 16px;\">Vok\u00e1lt tartalmaz: <\/strong>Igen <img loading=\"lazy\" decoding=\"async\" class=\"alignnone size-full wp-image-466\" src=\"http:\/\/www.sunkaraoke.hu\/wp-content\/uploads\/2022\/07\/choir_1-copy.png\" alt=\"\" width=\"30\" height=\"30\" \/><strong style=\"font-size: 16px;\"><br \/>\n<\/strong><strong>Transzpon\u00e1l\u00e1s: <\/strong><img loading=\"lazy\" decoding=\"async\" class=\"alignnone size-full wp-image-613\" src=\"http:\/\/www.sunkaraoke.hu\/wp-content\/uploads\/2022\/07\/transzponalas.png\" alt=\"\" width=\"30\" height=\"30\" \/> -2<\/h6>\n<p>Sunkaraoke mp3 st\u00fadi\u00f3 \/ www.sunkaraoke.hu \/ Inf: Tel: 06 20 4275001<\/p>\n<p>&#8212;Intr\u00f3&#8212;<br \/>\n\u00c9l\u00fcnk viharban,de mindig veled,<br \/>\nvan \u00fagy, hogy nem megy\u00fcnk tov\u00e1bb,<br \/>\nmajd \u00e9lek n\u00e9lk\u00fcled.<br \/>\n\u00c9n \u00e9s a sz\u00edvem,ketten vagyunk,<br \/>\n\u0151rizve minden j\u00f3t neked,majd arr\u00f3l \u00e1lmodunk:<br \/>\nHa majd nem leszek melletted \u00e9n,<br \/>\nte csak menj tov\u00e1bb a szeretet\u00e9rt,<br \/>\nha majd nem leszek meg\u00e9rten\u00e9d,<br \/>\nami egyszer indult sz\u00e1zszor v\u00e9get \u00e9r.<br \/>\n&#8212;Sz\u00f3l\u00f3&#8212;<br \/>\n\u00c9n, \u00e9s a sz\u00edvem,ketten vagyunk,<br \/>\nb\u00e1r n\u00e9ha elfelejten\u00e9nk,<br \/>\nhogy merr\u0151l indultunk.<br \/>\n\u00c9l\u00fcnk viharban,m\u00edg egy\u00fctt vagyunk,<br \/>\nb\u00e1r n\u00e9ha az \u00e9gben j\u00e1r sz\u00edvem,s arr\u00f3l \u00e1lmodom.<br \/>\nHa majd nem leszek melletted \u00e9n,<br \/>\nte csak menj tov\u00e1bb a szeretet\u00e9rt,<br \/>\nha majd nem leszek meg\u00e9rten\u00e9d,<br \/>\nami egyszer indult sz\u00e1zszor v\u00e9get \u00e9r.<br \/>\n&#8212;Sz\u00f3l\u00f3&#8212;<br \/>\nHa majd nem leszek melletted \u00e9n,<br \/>\nte csak menj tov\u00e1bb a szeretet\u00e9rt,<br \/>\nha majd nem leszek meg\u00e9rten\u00e9d,<br \/>\nami egyszer indult sz\u00e1zszor v\u00e9get \u00e9r.<br \/>\nHa majd nem leszek melletted \u00e9n,<br \/>\nte csak menj tov\u00e1bb a szeretet\u00e9rt,<br \/>\nha majd nem leszek meg\u00e9rten\u00e9d,<br \/>\nami egyszer indult sz\u00e1zszor v\u00e9get \u00e9r.<br \/>\n&#8212;V\u00e9ge&#8212;<\/p>\n<p>&nbsp;<\/p>\n","protected":false},"featured_media":8745,"template":"","meta":{"site-sidebar-layout":"default","site-content-layout":"default","ast-site-content-layout":"default","site-content-style":"default","site-sidebar-style":"default","ast-global-header-display":"","ast-banner-title-visibility":"","ast-main-header-display":"","ast-hfb-above-header-display":"","ast-hfb-below-header-display":"","ast-hfb-mobile-header-display":"","site-post-title":"","ast-breadcrumbs-content":"","ast-featured-img":"","footer-sml-layout":"","theme-transparent-header-meta":"default","adv-header-id-meta":"","stick-header-meta":"","header-above-stick-meta":"","header-main-stick-meta":"","header-below-stick-meta":"","astra-migrate-meta-layouts":"set","ast-page-background-enabled":"default","ast-page-background-meta":{"desktop":{"background-color":"var(--ast-global-color-4)","background-image":"","background-repeat":"repeat","background-position":"center center","background-size":"auto","background-attachment":"scroll","background-type":"","background-media":"","overlay-type":"","overlay-color":"","overlay-opacity":"","overlay-gradient":""},"tablet":{"background-color":"","background-image":"","background-repeat":"repeat","background-position":"center center","background-size":"auto","background-attachment":"scroll","background-type":"","background-media":"","overlay-type":"","overlay-color":"","overlay-opacity":"","overlay-gradient":""},"mobile":{"background-color":"","background-image":"","background-repeat":"repeat","background-position":"center center","background-size":"auto","background-attachment":"scroll","background-type":"","background-media":"","overlay-type":"","overlay-color":"","overlay-opacity":"","overlay-gradient":""}},"ast-content-background-meta":{"desktop":{"background-color":"var(--ast-global-color-5)","background-image":"","background-repeat":"repeat","background-position":"center center","background-size":"auto","background-attachment":"scroll","background-type":"","background-media":"","overlay-type":"","overlay-color":"","overlay-opacity":"","overlay-gradient":""},"tablet":{"background-color":"var(--ast-global-color-5)","background-image":"","background-repeat":"repeat","background-position":"center center","background-size":"auto","background-attachment":"scroll","background-type":"","background-media":"","overlay-type":"","overlay-color":"","overlay-opacity":"","overlay-gradient":""},"mobile":{"background-color":"var(--ast-global-color-5)","background-image":"","background-repeat":"repeat","background-position":"center center","background-size":"auto","background-attachment":"scroll","background-type":"","background-media":"","overlay-type":"","overlay-color":"","overlay-opacity":"","overlay-gradient":""}}},"product_cat":[48],"product_tag":[],"class_list":["post-4975","product","type-product","status-publish","has-post-thumbnail","hentry","product_cat-sunkaraoke-dalok","desktop-align-left","tablet-align-left","mobile-align-left"],"_links":{"self":[{"href":"https:\/\/www.sunkaraoke.hu\/index.php\/wp-json\/wp\/v2\/product\/4975","targetHints":{"allow":["GET"]}}],"collection":[{"href":"https:\/\/www.sunkaraoke.hu\/index.php\/wp-json\/wp\/v2\/product"}],"about":[{"href":"https:\/\/www.sunkaraoke.hu\/index.php\/wp-json\/wp\/v2\/types\/product"}],"wp:featuredmedia":[{"embeddable":true,"href":"https:\/\/www.sunkaraoke.hu\/index.php\/wp-json\/wp\/v2\/media\/8745"}],"wp:attachment":[{"href":"https:\/\/www.sunkaraoke.hu\/index.php\/wp-json\/wp\/v2\/media?parent=4975"}],"wp:term":[{"taxonomy":"product_cat","embeddable":true,"href":"https:\/\/www.sunkaraoke.hu\/index.php\/wp-json\/wp\/v2\/product_cat?post=4975"},{"taxonomy":"product_tag","embeddable":true,"href":"https:\/\/www.sunkaraoke.hu\/index.php\/wp-json\/wp\/v2\/product_tag?post=4975"}],"curies":[{"name":"wp","href":"https:\/\/api.w.org\/{rel}","templated":true}]}}