{"id":4508,"date":"2022-08-08T20:47:42","date_gmt":"2022-08-08T20:47:42","guid":{"rendered":"https:\/\/www.sunkaraoke.hu\/index.php\/termek\/jolly-no-roxa-aj-2015\/"},"modified":"2025-03-26T18:06:19","modified_gmt":"2025-03-26T18:06:19","slug":"jolly-no-roxa-aj-2015","status":"publish","type":"product","link":"https:\/\/www.sunkaraoke.hu\/index.php\/termek\/jolly-no-roxa-aj-2015\/","title":{"rendered":"<div class=\"wcmp-player-container product-4508\"><audio controlslist=\"nodownload\" data-product=\"4508\"  volume=\"1\"  preload=\"none\" data-lazyloading=\"none\" class=\"wcmp-player track mejs-classic\" data-duration=\"0:31\" data-estimated_duration=\"4\"><source src=\"https:\/\/www.sunkaraoke.hu\/wp-content\/uploads\/2022\/08\/No-Roxa-2015.-Cs._demo.mp3\" type=\"audio\/mp3\" \/><\/audio><\/div>Jolly &#8211; No Roxa \u00c1j NEW ( Csabika Edit)"},"content":{"rendered":"<p><strong>04:12<\/strong> | <strong><img loading=\"lazy\" decoding=\"async\" class=\"alignnone size-full wp-image-467\" src=\"https:\/\/www.sunkaraoke.hu\/wp-content\/uploads\/2022\/07\/choir_2-copy.webp\" alt=\"\" width=\"30\" height=\"30\" \/> <\/strong><\/p>\n","protected":false},"excerpt":{"rendered":"<h6>Bits\u0171r\u0171s\u00e9g: 320 kb\/s<br \/>\nHossz: 04:12<br \/>\nVok\u00e1lt tartalmaz: Nem <img loading=\"lazy\" decoding=\"async\" class=\"alignnone size-full wp-image-467\" src=\"http:\/\/www.sunkaraoke.hu\/wp-content\/uploads\/2022\/07\/choir_2-copy.png\" alt=\"\" width=\"30\" height=\"30\" \/><strong style=\"font-size: 16px;\"><br \/>\n<\/strong><\/h6>\n<p>Sunkaraoke mp3 st\u00fadi\u00f3 \/ www.sunkaraoke.hu \/ Inf: Tel: 06 20 4275001<\/p>\n<p>&#8212;Intr\u00f3&#8212;<br \/>\nJ\u00f6n a Jolly hazafel\u00e9,<br \/>\nismerik \u0151t m\u00e1r mindenfel\u00e9,<br \/>\nminden sz\u00e9p l\u00e1ny csak r\u00f3la besz\u00e9l, Jolly \u00e1j devla lej!<br \/>\nBe\u00fcl a Jolly az A nyolcasba,<br \/>\nmi kell a n\u0151knek azt mindig \u0151 tudja,<br \/>\nWhyskit rendel liter sz\u00e1mra, mindenki vele mulat.<br \/>\nNo Roxa \u00e1llj, Jolly a kir\u00e1ly,<br \/>\na zen\u00e9szek csak neked h\u00fazz\u00e1k,<br \/>\nazt \u00e9neklik hogy te vagy a kir\u00e1ly,<br \/>\nno Roxa \u00e1llj, Jolly itt a nagy kir\u00e1ly.<br \/>\nJ\u00f6nnek hozz\u00e1d a sz\u00e9p l\u00e1nyok,<br \/>\nGrofo ez a te kis vil\u00e1god,<br \/>\nno Roxa \u00e1llj, te vagy a nagy kir\u00e1ly!<br \/>\nJollynak a, Jollyanak a , Jollyanak a p\u00e1, p\u00e1,&#8230;.<br \/>\nJollynak a, Jollyanak a , Jollyanak a p\u00e1&#8230;<br \/>\nA Kis Grofonak,Kis Grofonak, kis Grofonak, p\u00e1, p\u00e1&#8230;<br \/>\nGrofonak a, Grofonak a, Grofonak a, p\u00e1, p\u00e1&#8230;<br \/>\nA zen\u00e9szek neked h\u00fazz\u00e1k,<br \/>\nazt \u00e9neklik hogy te vagy a kir\u00e1ly.<br \/>\nNo Roxa \u00e1llj, csak vel\u00fcnk mulat a vil\u00e1g,<br \/>\nj\u00f6nnek hozz\u00e1d a sz\u00e9p l\u00e1nyok,<br \/>\nJolly ez a te kis vil\u00e1god,<br \/>\nno Roxa \u00e1llj, ti\u00e9d a nagyvil\u00e1g.<br \/>\nA zen\u00e9szek neked h\u00fazz\u00e1k,<br \/>\nazt \u00e9neklik hogy te vagy a kir\u00e1ly.<br \/>\nNo Roxa \u00e1llj, csak vel\u00fcnk mulat a vil\u00e1g,<br \/>\nj\u00f6nnek hozz\u00e1d a sz\u00e9p l\u00e1nyok,<br \/>\nJolly ez a te kis vil\u00e1god,<br \/>\nno Roxa \u00e1llj, ti\u00e9d a nagyvil\u00e1g.<br \/>\nA csajoknak, a csajoknak, a csajoknak a p\u00e1, p\u00e1,&#8230;.<br \/>\na csajoknak, a csajoknak, a csajoknak a p\u00e1, p\u00e1,&#8230;.<br \/>\na csajoknak, a csajoknak, a csajoknak a p\u00e1, p\u00e1,&#8230;.<br \/>\nk\u00fcldj\u00fck ezt a dalt!<br \/>\nA csajoknak, a csajoknak, a csajoknak a p\u00e1, p\u00e1,&#8230;.<br \/>\na csajoknak, a csajoknak, a csajoknak a p\u00e1, p\u00e1,&#8230;.<br \/>\na csajoknak, a csajoknak, a csajoknak a p\u00e1, p\u00e1,&#8230;.<br \/>\nk\u00fcldj\u00fck ezt a dalt!<\/p>\n<p>J\u00f6n a Grofo hazafel\u00e9, ismerik \u0151t mindenfel\u00e9,<br \/>\nminden sz\u00e9p l\u00e1ny r\u00f3la besz\u00e9l, Kis Grofo \u00e1j devla lej!<br \/>\nBe\u00fcl a Kis Grofo A nyolcasba,<br \/>\nmi kell a n\u0151knek azt mindig \u0151 tudja,<br \/>\nWhyskit rendel liter sz\u00e1mra, mindenki vele mulat.<br \/>\nNo Roxa \u00e1llj, Grofo itt kir\u00e1ly,<br \/>\na zen\u00e9szek csak neked h\u00fazz\u00e1k,<br \/>\nazt \u00e9neklik hogy te vagy a kir\u00e1ly,<br \/>\nno Roxa \u00e1llj, Grofo itt a kir\u00e1y.<br \/>\nJ\u00f6nnek hozz\u00e1d a sz\u00e9p l\u00e1nyok,<br \/>\nJolly ez a te kis vil\u00e1god,<br \/>\nno Roxa \u00e1llj, Jolly itt a kir\u00e1ly!<\/p>\n<p>A csajoknak, a csajoknak, a csajoknak a p\u00e1, p\u00e1,&#8230;.<br \/>\na csajoknak, a csajoknak, a csajoknak a p\u00e1, p\u00e1,&#8230;.<br \/>\na csajoknak, a csajoknak, a csajoknak a p\u00e1, p\u00e1,&#8230;.<br \/>\nk\u00fcldj\u00fck ezt a dalt!<br \/>\nA csajoknak, a csajoknak, a csajoknak a p\u00e1, p\u00e1,&#8230;.<br \/>\na csajoknak, a csajoknak, a csajoknak a p\u00e1, p\u00e1,&#8230;.<br \/>\na csajoknak, a csajoknak, a csajoknak a p\u00e1, p\u00e1,&#8230;.<br \/>\nk\u00fcldj\u00fck ezt a dalt!<br \/>\n&#8212;V\u00e9ge&#8212;<\/p>\n","protected":false},"featured_media":6147,"template":"","meta":{"site-sidebar-layout":"default","site-content-layout":"default","ast-site-content-layout":"default","site-content-style":"default","site-sidebar-style":"default","ast-global-header-display":"","ast-banner-title-visibility":"","ast-main-header-display":"","ast-hfb-above-header-display":"","ast-hfb-below-header-display":"","ast-hfb-mobile-header-display":"","site-post-title":"","ast-breadcrumbs-content":"","ast-featured-img":"","footer-sml-layout":"","theme-transparent-header-meta":"default","adv-header-id-meta":"","stick-header-meta":"","header-above-stick-meta":"","header-main-stick-meta":"","header-below-stick-meta":"","astra-migrate-meta-layouts":"set","ast-page-background-enabled":"default","ast-page-background-meta":{"desktop":{"background-color":"var(--ast-global-color-4)","background-image":"","background-repeat":"repeat","background-position":"center center","background-size":"auto","background-attachment":"scroll","background-type":"","background-media":"","overlay-type":"","overlay-color":"","overlay-opacity":"","overlay-gradient":""},"tablet":{"background-color":"","background-image":"","background-repeat":"repeat","background-position":"center center","background-size":"auto","background-attachment":"scroll","background-type":"","background-media":"","overlay-type":"","overlay-color":"","overlay-opacity":"","overlay-gradient":""},"mobile":{"background-color":"","background-image":"","background-repeat":"repeat","background-position":"center center","background-size":"auto","background-attachment":"scroll","background-type":"","background-media":"","overlay-type":"","overlay-color":"","overlay-opacity":"","overlay-gradient":""}},"ast-content-background-meta":{"desktop":{"background-color":"var(--ast-global-color-5)","background-image":"","background-repeat":"repeat","background-position":"center center","background-size":"auto","background-attachment":"scroll","background-type":"","background-media":"","overlay-type":"","overlay-color":"","overlay-opacity":"","overlay-gradient":""},"tablet":{"background-color":"var(--ast-global-color-5)","background-image":"","background-repeat":"repeat","background-position":"center center","background-size":"auto","background-attachment":"scroll","background-type":"","background-media":"","overlay-type":"","overlay-color":"","overlay-opacity":"","overlay-gradient":""},"mobile":{"background-color":"var(--ast-global-color-5)","background-image":"","background-repeat":"repeat","background-position":"center center","background-size":"auto","background-attachment":"scroll","background-type":"","background-media":"","overlay-type":"","overlay-color":"","overlay-opacity":"","overlay-gradient":""}}},"product_cat":[48],"product_tag":[],"class_list":["post-4508","product","type-product","status-publish","has-post-thumbnail","hentry","product_cat-sunkaraoke-dalok","desktop-align-left","tablet-align-left","mobile-align-left"],"_links":{"self":[{"href":"https:\/\/www.sunkaraoke.hu\/index.php\/wp-json\/wp\/v2\/product\/4508","targetHints":{"allow":["GET"]}}],"collection":[{"href":"https:\/\/www.sunkaraoke.hu\/index.php\/wp-json\/wp\/v2\/product"}],"about":[{"href":"https:\/\/www.sunkaraoke.hu\/index.php\/wp-json\/wp\/v2\/types\/product"}],"wp:featuredmedia":[{"embeddable":true,"href":"https:\/\/www.sunkaraoke.hu\/index.php\/wp-json\/wp\/v2\/media\/6147"}],"wp:attachment":[{"href":"https:\/\/www.sunkaraoke.hu\/index.php\/wp-json\/wp\/v2\/media?parent=4508"}],"wp:term":[{"taxonomy":"product_cat","embeddable":true,"href":"https:\/\/www.sunkaraoke.hu\/index.php\/wp-json\/wp\/v2\/product_cat?post=4508"},{"taxonomy":"product_tag","embeddable":true,"href":"https:\/\/www.sunkaraoke.hu\/index.php\/wp-json\/wp\/v2\/product_tag?post=4508"}],"curies":[{"name":"wp","href":"https:\/\/api.w.org\/{rel}","templated":true}]}}