{"id":4402,"date":"2022-08-08T20:47:33","date_gmt":"2022-08-08T20:47:33","guid":{"rendered":"https:\/\/www.sunkaraoke.hu\/index.php\/termek\/postas-jozsi-bocsassa-meg-nekem-a-vilag\/"},"modified":"2025-04-01T15:43:56","modified_gmt":"2025-04-01T15:43:56","slug":"postas-jozsi-bocsassa-meg-nekem-a-vilag","status":"publish","type":"product","link":"https:\/\/www.sunkaraoke.hu\/index.php\/termek\/postas-jozsi-bocsassa-meg-nekem-a-vilag\/","title":{"rendered":"<div class=\"wcmp-player-container product-4402\"><audio controlslist=\"nodownload\" data-product=\"4402\"  volume=\"1\"  preload=\"none\" data-lazyloading=\"none\" class=\"wcmp-player track mejs-classic\" data-duration=\"0:31\" data-estimated_duration=\"4\"><source src=\"https:\/\/www.sunkaraoke.hu\/wp-content\/uploads\/2022\/08\/Bocsassa-meg-Postas.-demoo.mp3\" type=\"audio\/mp3\" \/><\/audio><\/div>Post\u00e1s J\u00f3zsi &#8211; Bocs\u00e1ssa meg nekem a vil\u00e1g (Original)"},"content":{"rendered":"<p><strong>03:34<\/strong> | <strong><img loading=\"lazy\" decoding=\"async\" class=\"alignnone size-full wp-image-467\" src=\"https:\/\/www.sunkaraoke.hu\/wp-content\/uploads\/2022\/07\/choir_2-copy.webp\" alt=\"\" width=\"30\" height=\"30\" \/> <\/strong><\/p>\n","protected":false},"excerpt":{"rendered":"<h6><strong>Bits\u0171r\u0171s\u00e9g: 320<\/strong>kb\/s<strong><br \/>\n<\/strong><strong>Hossz: <\/strong>03:34<strong><br \/>\n<\/strong><strong style=\"font-size: 16px;\">Vok\u00e1lt tartalmaz: <\/strong>Nem <img loading=\"lazy\" decoding=\"async\" class=\"alignnone size-full wp-image-467\" src=\"http:\/\/www.sunkaraoke.hu\/wp-content\/uploads\/2022\/07\/choir_2-copy.png\" alt=\"\" width=\"30\" height=\"30\" \/><strong style=\"font-size: 16px;\"><br \/>\n<\/strong><\/h6>\n<p>Sunkaraoke mp3 st\u00fadi\u00f3 \/ www.sunkaraoke.hu \/ Inf: Tel: 06 20 4275001<\/p>\n<p>&#8212;Intr\u00f3&#8212;<br \/>\nBocs\u00e1ssa meg nekem a vil\u00e1g,<br \/>\nszeretem a cig\u00e1ny muzsik\u00e1t.<br \/>\nTiszteltetem, az elektronik\u00e1t,<br \/>\na m\u0171vir\u00e1g nem igazi vir\u00e1g.<br \/>\nH\u00fazzad h\u00e1t \u00f6reg cig\u00e1ny,<br \/>\na f\u00fclembe h\u00fazd.<br \/>\nMuzsik\u00e1ld el n\u00e9kem, hogy a sz\u00edvem m\u00e9g sem f\u00e1j.<br \/>\nVolt egy nagy-nagy szerelmem,<br \/>\n\u00fagy otthagyott,<br \/>\nerre m\u00e9gsem tal\u00e1lok, hasonlatot.<br \/>\nH\u00f3ban j\u00e1rtam bok\u00e1ig,<br \/>\nmost itt vagyok,<br \/>\nennyi sz\u00e9pet nem felejtek sok\u00e1ig,<br \/>\nf\u0151leg,hogyha nem is akarok!<br \/>\nBocs\u00e1ssa meg nekem a vil\u00e1g,<br \/>\nszeretem a cig\u00e1ny muzsik\u00e1t.<br \/>\nTiszteltetem, az elektronik\u00e1t,<br \/>\na m\u0171vir\u00e1g nem igazi vir\u00e1g.<br \/>\nH\u00fazzad h\u00e1t \u00f6reg cig\u00e1ny,<br \/>\nf\u00fclembe h\u00fazd.<br \/>\nMuzsik\u00e1ld el n\u00e9kem,<br \/>\nhogy a sz\u00edvem m\u00e9g sem f\u00e1j,<br \/>\ncsak az\u00e9rt is.<br \/>\nBocs\u00e1ssa meg nekem a vil\u00e1g,<br \/>\nmeg s\u00edratom a romantik\u00e1t.<br \/>\nTiszteltetem, az elektronik\u00e1t,<br \/>\na m\u0171vir\u00e1g nem igazi vir\u00e1g.<br \/>\nH\u00fazzad h\u00e1t \u00f6reg cig\u00e1ny,<br \/>\na f\u00fclembe h\u00fazd.<br \/>\nMuzsik\u00e1ld el n\u00e9kem,<br \/>\nhogy a sz\u00edvem m\u00e9g sem f\u00e1j.<br \/>\nVolt egy nagy-nagy szerelmem,<br \/>\n\u00fagy otthagyott,<br \/>\nerre m\u00e9gsem tal\u00e1lok, hasonlatot.<br \/>\nH\u00f3ban j\u00e1rtam bok\u00e1ig,<br \/>\nmost itt vagyok,<br \/>\nennyi sz\u00e9pet nem felejtek sok\u00e1ig,<br \/>\nf\u0151leg,hogyha nem is akarok!<br \/>\nBocs\u00e1ssa meg nekem a vil\u00e1g,<br \/>\nszeretem a cig\u00e1ny muzsik\u00e1t.<br \/>\nTiszteltetem, az elektronik\u00e1t,<br \/>\na m\u0171vir\u00e1g nem igazi vir\u00e1g.<br \/>\nH\u00fazzad h\u00e1t \u00f6reg cig\u00e1ny,<br \/>\na f\u00fclembe h\u00fazd.<br \/>\nMuzsik\u00e1ld el n\u00e9kem,<br \/>\nhogy a sz\u00edvem m\u00e9g sem f\u00e1j.<br \/>\nBocs\u00e1ssa meg nekem a vil\u00e1g,<br \/>\nszeretem a cig\u00e1ny muzsik\u00e1t.<br \/>\nTiszteltetem, az elektronik\u00e1t,<br \/>\na m\u0171vir\u00e1g nem igazi vir\u00e1g.<br \/>\nH\u00fazzad h\u00e1t \u00f6reg cig\u00e1ny,<br \/>\na f\u00fclembe h\u00fazd.<br \/>\nMuzsik\u00e1ld el n\u00e9kem,<br \/>\nhogy a sz\u00edvem m\u00e9g sem f\u00e1j.<br \/>\nH\u00fazzad h\u00e1t \u00f6reg cig\u00e1ny,<br \/>\na f\u00fclembe h\u00fazd.<br \/>\nMuzsik\u00e1ld el n\u00e9kem,<br \/>\nhogy a sz\u00edvem m\u00e9g sem f\u00e1j.<br \/>\n&#8212;V\u00e9ge&#8212;<\/p>\n","protected":false},"featured_media":9011,"template":"","meta":{"site-sidebar-layout":"default","site-content-layout":"default","ast-site-content-layout":"default","site-content-style":"default","site-sidebar-style":"default","ast-global-header-display":"","ast-banner-title-visibility":"","ast-main-header-display":"","ast-hfb-above-header-display":"","ast-hfb-below-header-display":"","ast-hfb-mobile-header-display":"","site-post-title":"","ast-breadcrumbs-content":"","ast-featured-img":"","footer-sml-layout":"","theme-transparent-header-meta":"default","adv-header-id-meta":"","stick-header-meta":"","header-above-stick-meta":"","header-main-stick-meta":"","header-below-stick-meta":"","astra-migrate-meta-layouts":"set","ast-page-background-enabled":"default","ast-page-background-meta":{"desktop":{"background-color":"var(--ast-global-color-4)","background-image":"","background-repeat":"repeat","background-position":"center center","background-size":"auto","background-attachment":"scroll","background-type":"","background-media":"","overlay-type":"","overlay-color":"","overlay-opacity":"","overlay-gradient":""},"tablet":{"background-color":"","background-image":"","background-repeat":"repeat","background-position":"center center","background-size":"auto","background-attachment":"scroll","background-type":"","background-media":"","overlay-type":"","overlay-color":"","overlay-opacity":"","overlay-gradient":""},"mobile":{"background-color":"","background-image":"","background-repeat":"repeat","background-position":"center center","background-size":"auto","background-attachment":"scroll","background-type":"","background-media":"","overlay-type":"","overlay-color":"","overlay-opacity":"","overlay-gradient":""}},"ast-content-background-meta":{"desktop":{"background-color":"var(--ast-global-color-5)","background-image":"","background-repeat":"repeat","background-position":"center center","background-size":"auto","background-attachment":"scroll","background-type":"","background-media":"","overlay-type":"","overlay-color":"","overlay-opacity":"","overlay-gradient":""},"tablet":{"background-color":"var(--ast-global-color-5)","background-image":"","background-repeat":"repeat","background-position":"center center","background-size":"auto","background-attachment":"scroll","background-type":"","background-media":"","overlay-type":"","overlay-color":"","overlay-opacity":"","overlay-gradient":""},"mobile":{"background-color":"var(--ast-global-color-5)","background-image":"","background-repeat":"repeat","background-position":"center center","background-size":"auto","background-attachment":"scroll","background-type":"","background-media":"","overlay-type":"","overlay-color":"","overlay-opacity":"","overlay-gradient":""}}},"product_cat":[46],"product_tag":[],"class_list":["post-4402","product","type-product","status-publish","has-post-thumbnail","hentry","product_cat-eredeti-karaoke-dalok","desktop-align-left","tablet-align-left","mobile-align-left"],"_links":{"self":[{"href":"https:\/\/www.sunkaraoke.hu\/index.php\/wp-json\/wp\/v2\/product\/4402","targetHints":{"allow":["GET"]}}],"collection":[{"href":"https:\/\/www.sunkaraoke.hu\/index.php\/wp-json\/wp\/v2\/product"}],"about":[{"href":"https:\/\/www.sunkaraoke.hu\/index.php\/wp-json\/wp\/v2\/types\/product"}],"wp:featuredmedia":[{"embeddable":true,"href":"https:\/\/www.sunkaraoke.hu\/index.php\/wp-json\/wp\/v2\/media\/9011"}],"wp:attachment":[{"href":"https:\/\/www.sunkaraoke.hu\/index.php\/wp-json\/wp\/v2\/media?parent=4402"}],"wp:term":[{"taxonomy":"product_cat","embeddable":true,"href":"https:\/\/www.sunkaraoke.hu\/index.php\/wp-json\/wp\/v2\/product_cat?post=4402"},{"taxonomy":"product_tag","embeddable":true,"href":"https:\/\/www.sunkaraoke.hu\/index.php\/wp-json\/wp\/v2\/product_tag?post=4402"}],"curies":[{"name":"wp","href":"https:\/\/api.w.org\/{rel}","templated":true}]}}